{"version":"1.0","provider_name":"Cheer-Dance","provider_url":"https:\/\/blogs.uninter.edu.mx\/CheerDance","author_name":"luzgalvez","author_url":"https:\/\/blogs.uninter.edu.mx\/CheerDance\/index.php\/author\/luzgalvez\/","title":"Porras c\u00f3mo deporte Ol\u00edmpico. - Cheer-Dance","type":"rich","width":600,"height":338,"html":"<blockquote class=\"wp-embedded-content\" data-secret=\"daXTmhLbZa\"><a href=\"https:\/\/blogs.uninter.edu.mx\/CheerDance\/index.php\/2021\/03\/04\/porras-como-deporte-olimpico\/\">Porras c\u00f3mo deporte Ol\u00edmpico.<\/a><\/blockquote><iframe sandbox=\"allow-scripts\" security=\"restricted\" src=\"https:\/\/blogs.uninter.edu.mx\/CheerDance\/index.php\/2021\/03\/04\/porras-como-deporte-olimpico\/embed\/#?secret=daXTmhLbZa\" width=\"600\" height=\"338\" title=\"&#8220;Porras c\u00f3mo deporte Ol\u00edmpico.&#8221; &#8212; Cheer-Dance\" data-secret=\"daXTmhLbZa\" frameborder=\"0\" marginwidth=\"0\" marginheight=\"0\" scrolling=\"no\" class=\"wp-embedded-content\"><\/iframe><script type=\"text\/javascript\">\n\/* <![CDATA[ *\/\n\/*! This file is auto-generated *\/\n!function(d,l){\"use strict\";l.querySelector&&d.addEventListener&&\"undefined\"!=typeof URL&&(d.wp=d.wp||{},d.wp.receiveEmbedMessage||(d.wp.receiveEmbedMessage=function(e){var t=e.data;if((t||t.secret||t.message||t.value)&&!\/[^a-zA-Z0-9]\/.test(t.secret)){for(var s,r,n,a=l.querySelectorAll('iframe[data-secret=\"'+t.secret+'\"]'),o=l.querySelectorAll('blockquote[data-secret=\"'+t.secret+'\"]'),c=new RegExp(\"^https?:$\",\"i\"),i=0;i<o.length;i++)o[i].style.display=\"none\";for(i=0;i<a.length;i++)s=a[i],e.source===s.contentWindow&&(s.removeAttribute(\"style\"),\"height\"===t.message?(1e3<(r=parseInt(t.value,10))?r=1e3:~~r<200&&(r=200),s.height=r):\"link\"===t.message&&(r=new URL(s.getAttribute(\"src\")),n=new URL(t.value),c.test(n.protocol))&&n.host===r.host&&l.activeElement===s&&(d.top.location.href=t.value))}},d.addEventListener(\"message\",d.wp.receiveEmbedMessage,!1),l.addEventListener(\"DOMContentLoaded\",function(){for(var e,t,s=l.querySelectorAll(\"iframe.wp-embedded-content\"),r=0;r<s.length;r++)(t=(e=s[r]).getAttribute(\"data-secret\"))||(t=Math.random().toString(36).substring(2,12),e.src+=\"#?secret=\"+t,e.setAttribute(\"data-secret\",t)),e.contentWindow.postMessage({message:\"ready\",secret:t},\"*\")},!1)))}(window,document);\n\/* ]]> *\/\n<\/script>\n","thumbnail_url":null,"thumbnail_width":null,"thumbnail_height":null,"description":"El&nbsp;Sindicato Internacional de Porras recibi\u00f3 el martes 02 de marzo el reconocimiento provisional de la junta ejecutiva del Comit\u00e9 Ol\u00edmpico Internacional (COI), primer paso de un largo camino para convertirse en un futuro deporte ol\u00edmpico. Las entidades estuvieron entre las 16 organizaciones deportivas que solicitaron reconocimiento del COI a principios de este a\u00f1o, y se&hellip;"}

Porras cómo deporte Olímpico. - Cheer-Dance

<blockquote class="wp-embedded-content" data-secret="daXTmhLbZa"><a href="https://blogs.uninter.edu.mx/CheerDance/index.php/2021/03/04/porras-como-deporte-olimpico/">Porras cómo deporte Olímpico.</a></blockquote><iframe sandbox="allow-scripts" security="restricted" src="https://blogs.uninter.edu.mx/CheerDance/index.php/2021/03/04/porras-como-deporte-olimpico/embed/#?secret=daXTmhLbZa" width="600" height="338" title="&#8220;Porras cómo deporte Olímpico.&#8221; &#8212; Cheer-Dance" data-secret="daXTmhLbZa" frameborder="0" marginwidth="0" marginheight="0" scrolling="no" class="wp-embedded-content"></iframe><script type="text/javascript">
/* <![CDATA[ */
/*! This file is auto-generated */
!function(d,l){"use strict";l.querySelector&&d.addEventListener&&"undefined"!=typeof URL&&(d.wp=d.wp||{},d.wp.receiveEmbedMessage||(d.wp.receiveEmbedMessage=function(e){var t=e.data;if((t||t.secret||t.message||t.value)&&!/[^a-zA-Z0-9]/.test(t.secret)){for(var s,r,n,a=l.querySelectorAll('iframe[data-secret="'+t.secret+'"]'),o=l.querySelectorAll('blockquote[data-secret="'+t.secret+'"]'),c=new RegExp("^https?:$","i"),i=0;i<o.length;i++)o[i].style.display="none";for(i=0;i<a.length;i++)s=a[i],e.source===s.contentWindow&&(s.removeAttribute("style"),"height"===t.message?(1e3<(r=parseInt(t.value,10))?r=1e3:~~r<200&&(r=200),s.height=r):"link"===t.message&&(r=new URL(s.getAttribute("src")),n=new URL(t.value),c.test(n.protocol))&&n.host===r.host&&l.activeElement===s&&(d.top.location.href=t.value))}},d.addEventListener("message",d.wp.receiveEmbedMessage,!1),l.addEventListener("DOMContentLoaded",function(){for(var e,t,s=l.querySelectorAll("iframe.wp-embedded-content"),r=0;r<s.length;r++)(t=(e=s[r]).getAttribute("data-secret"))||(t=Math.random().toString(36).substring(2,12),e.src+="#?secret="+t,e.setAttribute("data-secret",t)),e.contentWindow.postMessage({message:"ready",secret:t},"*")},!1)))}(window,document);
/* ]]> */
</script>

El&nbsp;Sindicato Internacional de Porras recibió el martes 02 de marzo el reconocimiento provisional de la junta ejecutiva del Comité Olímpico Internacional (COI), primer paso de un largo camino para convertirse en un futuro deporte olímpico. Las entidades estuvieron entre las 16 organizaciones deportivas que solicitaron reconocimiento del COI a principios de este año, y se&hellip;
