{"id":2955,"date":"2024-04-18T20:44:59","date_gmt":"2024-04-18T20:44:59","guid":{"rendered":"https:\/\/blogs.uninter.edu.mx\/DAEYA\/?page_id=2955"},"modified":"2024-04-18T22:20:11","modified_gmt":"2024-04-18T22:20:11","slug":"seguimiento-de-nuevo-ingreso","status":"publish","type":"page","link":"https:\/\/blogs.uninter.edu.mx\/DAEYA\/index.php\/seguimiento-de-nuevo-ingreso\/","title":{"rendered":"Seguimiento de Nuevo Ingreso"},"content":{"rendered":"\n<figure class=\"wp-block-image size-full\"><img loading=\"lazy\" decoding=\"async\" width=\"1080\" height=\"1080\" src=\"https:\/\/blogs.uninter.edu.mx\/DAEYA\/wp-content\/uploads\/2024\/04\/LICENCIATURA.png\" alt=\"\" class=\"wp-image-3025\"\/><\/figure>\n\n\n\n<p class=\"has-text-align-justify\">El departamento de Atenci\u00f3n a Estudiantes considera de suma importancia brindarte respaldo durante tu integraci\u00f3n a la universidad, con el anhelo de que tu experiencia en Uninter sea plenamente satisfactoria y culmines tu carrera sin contratiempos.&nbsp;<\/p>\n\n\n\n<p class=\"has-text-align-justify\">Es importante recordar que, desde el momento de tu inscripci\u00f3n, tendr\u00e1s la oportunidad de disfrutar de todas las actividades que Uninter ha preparado para ti, tales como:&nbsp;<\/p>\n\n\n\n<ul class=\"wp-block-list\">\n<li>Open School y fiestas de bienvenida&nbsp;<\/li>\n\n\n\n<li>Conferencias&nbsp;<\/li>\n\n\n\n<li>Talleres y deportes&nbsp;<\/li>\n\n\n\n<li>Idiomas extracurriculares&nbsp;<\/li>\n<\/ul>\n\n\n\n<p><\/p>\n\n\n\n<p class=\"has-text-align-justify\">Una vez recibas mi mensaje de bienvenida, te insto a agregarme a tus contactos para garantizar la recepci\u00f3n de noticias sobre eventos, deportes y talleres.&nbsp;<br>Adem\u00e1s, te proporcionaremos detalles para realizar tu examen de colocaci\u00f3n de ingl\u00e9s, por lo que es fundamental contar con tus datos actualizados. &nbsp;S\u00ed no te ha llegado alg\u00fan mensaje por favor escr\u00edbenos al siguiente WhatsApp.&nbsp;<\/p>\n\n\n\n<p class=\"has-text-align-justify\">Tu examen de colocaci\u00f3n de ingl\u00e9s tiene una gran relevancia, ya que la realizaci\u00f3n de este resulta fundamental para la correcta asignaci\u00f3n de tu clase en el nivel correspondiente.&nbsp;<\/p>\n\n\n\n<p class=\"has-text-align-justify\">Para llevar a cabo el examen de ingl\u00e9s, es imprescindible contar con tu correo institucional, el cual debi\u00f3 ser facilitado por tu promotor durante el proceso de inscripci\u00f3n. En caso de no haber recibido esta informaci\u00f3n, no dudes en contactarme en el n\u00famero mencionado anteriormente para que te brinde la asistencia necesaria en la obtenci\u00f3n de dichos datos.&nbsp;<\/p>\n\n\n\n<p>Es fundamental mantener una comunicaci\u00f3n constante con tu director de carrera. Si deseas conocer su nombre y sus datos de contacto, <a href=\"https:\/\/blogs.uninter.edu.mx\/DAEYA\/index.php\/conoce-a-director-de-carrera\/\">haz clic aqu\u00ed &gt;&gt;<\/a><\/p>\n\n\n\n<p class=\"has-text-align-justify\">Si tienes dudas respecto a la entrega de documentos debes ponerte en contacto con servicios escolares (777 317 1087 Ext. 101)&nbsp;<\/p>\n\n\n\n<p class=\"has-text-align-justify\">Si tienes dudas sobre pagos puedes comunicarte a caja (777 317 1087 Ext. 108)&nbsp;<\/p>\n\n\n\n<p class=\"has-text-align-justify\">Por \u00faltimo, pero muy importante, si cuentas con beca interna es necesario que te comuniques a la Coordinaci\u00f3n de Becas para que te den la informaci\u00f3n necesaria para la conservaci\u00f3n y renovaci\u00f3n de tu beca (777 317 1087 Ext. 136)&nbsp;<\/p>\n\n\n\n<p>Recuerda que puedas contactarnos por cualquier medio, aqu\u00ed te dejamos nuestros&nbsp;datos.&nbsp;<\/p>\n\n\n\n<p>Cualquier duda, estamos para apoyarte<\/p>\n\n\n\n<p><\/p>\n\n\n\n<figure class=\"wp-block-image size-full\"><img loading=\"lazy\" decoding=\"async\" width=\"941\" height=\"153\" src=\"https:\/\/blogs.uninter.edu.mx\/DAEYA\/wp-content\/uploads\/2024\/03\/Banner-Worpress-4.png\" alt=\"\" class=\"wp-image-2649\"\/><\/figure>\n","protected":false},"excerpt":{"rendered":"<p>El departamento de Atenci\u00f3n a Estudiantes considera de suma importancia brindarte respaldo durante tu integraci\u00f3n a la universidad, con el anhelo de que tu experiencia en Uninter sea plenamente satisfactoria y culmines tu carrera sin contratiempos.&nbsp; Es importante recordar que, desde el momento de tu inscripci\u00f3n, tendr\u00e1s la oportunidad de disfrutar de todas las actividades&hellip;<\/p>\n","protected":false},"author":9,"featured_media":0,"parent":0,"menu_order":0,"comment_status":"closed","ping_status":"closed","template":"","meta":{"footnotes":""},"class_list":["post-2955","page","type-page","status-publish","hentry"],"yoast_head":"<!-- This site is optimized with the Yoast SEO plugin v26.0 - https:\/\/yoast.com\/wordpress\/plugins\/seo\/ -->\r\n<title>Seguimiento de Nuevo Ingreso - Atenci\u00f3n a Estudiantes<\/title>\r\n<meta name=\"robots\" content=\"index, follow, max-snippet:-1, max-image-preview:large, max-video-preview:-1\" \/>\r\n<link rel=\"canonical\" href=\"https:\/\/blogs.uninter.edu.mx\/DAEYA\/index.php\/seguimiento-de-nuevo-ingreso\/\" \/>\r\n<meta property=\"og:locale\" content=\"es_MX\" \/>\r\n<meta property=\"og:type\" content=\"article\" \/>\r\n<meta property=\"og:title\" content=\"Seguimiento de Nuevo Ingreso - Atenci\u00f3n a Estudiantes\" \/>\r\n<meta property=\"og:description\" content=\"El departamento de Atenci\u00f3n a Estudiantes considera de suma importancia brindarte respaldo durante tu integraci\u00f3n a la universidad, con el anhelo de que tu experiencia en Uninter sea plenamente satisfactoria y culmines tu carrera sin contratiempos.&nbsp; Es importante recordar que, desde el momento de tu inscripci\u00f3n, tendr\u00e1s la oportunidad de disfrutar de todas las actividades&hellip;\" \/>\r\n<meta property=\"og:url\" content=\"https:\/\/blogs.uninter.edu.mx\/DAEYA\/index.php\/seguimiento-de-nuevo-ingreso\/\" \/>\r\n<meta property=\"og:site_name\" content=\"Atenci\u00f3n a Estudiantes\" \/>\r\n<meta property=\"article:modified_time\" content=\"2024-04-18T22:20:11+00:00\" \/>\r\n<meta property=\"og:image\" content=\"https:\/\/blogs.uninter.edu.mx\/DAEYA\/wp-content\/uploads\/2024\/04\/LICENCIATURA.png\" \/>\r\n<meta name=\"twitter:card\" content=\"summary_large_image\" \/>\r\n<meta name=\"twitter:label1\" content=\"Tiempo de lectura\" \/>\n\t<meta name=\"twitter:data1\" content=\"2 minutos\" \/>\r\n<script type=\"application\/ld+json\" class=\"yoast-schema-graph\">{\"@context\":\"https:\/\/schema.org\",\"@graph\":[{\"@type\":\"WebPage\",\"@id\":\"https:\/\/blogs.uninter.edu.mx\/DAEYA\/index.php\/seguimiento-de-nuevo-ingreso\/\",\"url\":\"https:\/\/blogs.uninter.edu.mx\/DAEYA\/index.php\/seguimiento-de-nuevo-ingreso\/\",\"name\":\"Seguimiento de Nuevo Ingreso - Atenci\u00f3n a Estudiantes\",\"isPartOf\":{\"@id\":\"https:\/\/blogs.uninter.edu.mx\/DAEYA\/#website\"},\"primaryImageOfPage\":{\"@id\":\"https:\/\/blogs.uninter.edu.mx\/DAEYA\/index.php\/seguimiento-de-nuevo-ingreso\/#primaryimage\"},\"image\":{\"@id\":\"https:\/\/blogs.uninter.edu.mx\/DAEYA\/index.php\/seguimiento-de-nuevo-ingreso\/#primaryimage\"},\"thumbnailUrl\":\"https:\/\/blogs.uninter.edu.mx\/DAEYA\/wp-content\/uploads\/2024\/04\/LICENCIATURA.png\",\"datePublished\":\"2024-04-18T20:44:59+00:00\",\"dateModified\":\"2024-04-18T22:20:11+00:00\",\"breadcrumb\":{\"@id\":\"https:\/\/blogs.uninter.edu.mx\/DAEYA\/index.php\/seguimiento-de-nuevo-ingreso\/#breadcrumb\"},\"inLanguage\":\"es\",\"potentialAction\":[{\"@type\":\"ReadAction\",\"target\":[\"https:\/\/blogs.uninter.edu.mx\/DAEYA\/index.php\/seguimiento-de-nuevo-ingreso\/\"]}]},{\"@type\":\"ImageObject\",\"inLanguage\":\"es\",\"@id\":\"https:\/\/blogs.uninter.edu.mx\/DAEYA\/index.php\/seguimiento-de-nuevo-ingreso\/#primaryimage\",\"url\":\"https:\/\/blogs.uninter.edu.mx\/DAEYA\/wp-content\/uploads\/2024\/04\/LICENCIATURA.png\",\"contentUrl\":\"https:\/\/blogs.uninter.edu.mx\/DAEYA\/wp-content\/uploads\/2024\/04\/LICENCIATURA.png\",\"width\":1080,\"height\":1080},{\"@type\":\"BreadcrumbList\",\"@id\":\"https:\/\/blogs.uninter.edu.mx\/DAEYA\/index.php\/seguimiento-de-nuevo-ingreso\/#breadcrumb\",\"itemListElement\":[{\"@type\":\"ListItem\",\"position\":1,\"name\":\"Inicio\",\"item\":\"https:\/\/blogs.uninter.edu.mx\/DAEYA\/\"},{\"@type\":\"ListItem\",\"position\":2,\"name\":\"Seguimiento de Nuevo Ingreso\"}]},{\"@type\":\"WebSite\",\"@id\":\"https:\/\/blogs.uninter.edu.mx\/DAEYA\/#website\",\"url\":\"https:\/\/blogs.uninter.edu.mx\/DAEYA\/\",\"name\":\"Atenci\u00f3n a Estudiantes\",\"description\":\"UNINTER\",\"potentialAction\":[{\"@type\":\"SearchAction\",\"target\":{\"@type\":\"EntryPoint\",\"urlTemplate\":\"https:\/\/blogs.uninter.edu.mx\/DAEYA\/?s={search_term_string}\"},\"query-input\":{\"@type\":\"PropertyValueSpecification\",\"valueRequired\":true,\"valueName\":\"search_term_string\"}}],\"inLanguage\":\"es\"}]}<\/script>\r\n<!-- \/ Yoast SEO plugin. -->","yoast_head_json":{"title":"Seguimiento de Nuevo Ingreso - Atenci\u00f3n a Estudiantes","robots":{"index":"index","follow":"follow","max-snippet":"max-snippet:-1","max-image-preview":"max-image-preview:large","max-video-preview":"max-video-preview:-1"},"canonical":"https:\/\/blogs.uninter.edu.mx\/DAEYA\/index.php\/seguimiento-de-nuevo-ingreso\/","og_locale":"es_MX","og_type":"article","og_title":"Seguimiento de Nuevo Ingreso - Atenci\u00f3n a Estudiantes","og_description":"El departamento de Atenci\u00f3n a Estudiantes considera de suma importancia brindarte respaldo durante tu integraci\u00f3n a la universidad, con el anhelo de que tu experiencia en Uninter sea plenamente satisfactoria y culmines tu carrera sin contratiempos.&nbsp; Es importante recordar que, desde el momento de tu inscripci\u00f3n, tendr\u00e1s la oportunidad de disfrutar de todas las actividades&hellip;","og_url":"https:\/\/blogs.uninter.edu.mx\/DAEYA\/index.php\/seguimiento-de-nuevo-ingreso\/","og_site_name":"Atenci\u00f3n a Estudiantes","article_modified_time":"2024-04-18T22:20:11+00:00","og_image":[{"url":"https:\/\/blogs.uninter.edu.mx\/DAEYA\/wp-content\/uploads\/2024\/04\/LICENCIATURA.png","type":"","width":"","height":""}],"twitter_card":"summary_large_image","twitter_misc":{"Tiempo de lectura":"2 minutos"},"schema":{"@context":"https:\/\/schema.org","@graph":[{"@type":"WebPage","@id":"https:\/\/blogs.uninter.edu.mx\/DAEYA\/index.php\/seguimiento-de-nuevo-ingreso\/","url":"https:\/\/blogs.uninter.edu.mx\/DAEYA\/index.php\/seguimiento-de-nuevo-ingreso\/","name":"Seguimiento de Nuevo Ingreso - Atenci\u00f3n a Estudiantes","isPartOf":{"@id":"https:\/\/blogs.uninter.edu.mx\/DAEYA\/#website"},"primaryImageOfPage":{"@id":"https:\/\/blogs.uninter.edu.mx\/DAEYA\/index.php\/seguimiento-de-nuevo-ingreso\/#primaryimage"},"image":{"@id":"https:\/\/blogs.uninter.edu.mx\/DAEYA\/index.php\/seguimiento-de-nuevo-ingreso\/#primaryimage"},"thumbnailUrl":"https:\/\/blogs.uninter.edu.mx\/DAEYA\/wp-content\/uploads\/2024\/04\/LICENCIATURA.png","datePublished":"2024-04-18T20:44:59+00:00","dateModified":"2024-04-18T22:20:11+00:00","breadcrumb":{"@id":"https:\/\/blogs.uninter.edu.mx\/DAEYA\/index.php\/seguimiento-de-nuevo-ingreso\/#breadcrumb"},"inLanguage":"es","potentialAction":[{"@type":"ReadAction","target":["https:\/\/blogs.uninter.edu.mx\/DAEYA\/index.php\/seguimiento-de-nuevo-ingreso\/"]}]},{"@type":"ImageObject","inLanguage":"es","@id":"https:\/\/blogs.uninter.edu.mx\/DAEYA\/index.php\/seguimiento-de-nuevo-ingreso\/#primaryimage","url":"https:\/\/blogs.uninter.edu.mx\/DAEYA\/wp-content\/uploads\/2024\/04\/LICENCIATURA.png","contentUrl":"https:\/\/blogs.uninter.edu.mx\/DAEYA\/wp-content\/uploads\/2024\/04\/LICENCIATURA.png","width":1080,"height":1080},{"@type":"BreadcrumbList","@id":"https:\/\/blogs.uninter.edu.mx\/DAEYA\/index.php\/seguimiento-de-nuevo-ingreso\/#breadcrumb","itemListElement":[{"@type":"ListItem","position":1,"name":"Inicio","item":"https:\/\/blogs.uninter.edu.mx\/DAEYA\/"},{"@type":"ListItem","position":2,"name":"Seguimiento de Nuevo Ingreso"}]},{"@type":"WebSite","@id":"https:\/\/blogs.uninter.edu.mx\/DAEYA\/#website","url":"https:\/\/blogs.uninter.edu.mx\/DAEYA\/","name":"Atenci\u00f3n a Estudiantes","description":"UNINTER","potentialAction":[{"@type":"SearchAction","target":{"@type":"EntryPoint","urlTemplate":"https:\/\/blogs.uninter.edu.mx\/DAEYA\/?s={search_term_string}"},"query-input":{"@type":"PropertyValueSpecification","valueRequired":true,"valueName":"search_term_string"}}],"inLanguage":"es"}]}},"jetpack_sharing_enabled":true,"_links":{"self":[{"href":"https:\/\/blogs.uninter.edu.mx\/DAEYA\/index.php\/wp-json\/wp\/v2\/pages\/2955","targetHints":{"allow":["GET"]}}],"collection":[{"href":"https:\/\/blogs.uninter.edu.mx\/DAEYA\/index.php\/wp-json\/wp\/v2\/pages"}],"about":[{"href":"https:\/\/blogs.uninter.edu.mx\/DAEYA\/index.php\/wp-json\/wp\/v2\/types\/page"}],"author":[{"embeddable":true,"href":"https:\/\/blogs.uninter.edu.mx\/DAEYA\/index.php\/wp-json\/wp\/v2\/users\/9"}],"replies":[{"embeddable":true,"href":"https:\/\/blogs.uninter.edu.mx\/DAEYA\/index.php\/wp-json\/wp\/v2\/comments?post=2955"}],"version-history":[{"count":10,"href":"https:\/\/blogs.uninter.edu.mx\/DAEYA\/index.php\/wp-json\/wp\/v2\/pages\/2955\/revisions"}],"predecessor-version":[{"id":3026,"href":"https:\/\/blogs.uninter.edu.mx\/DAEYA\/index.php\/wp-json\/wp\/v2\/pages\/2955\/revisions\/3026"}],"wp:attachment":[{"href":"https:\/\/blogs.uninter.edu.mx\/DAEYA\/index.php\/wp-json\/wp\/v2\/media?parent=2955"}],"curies":[{"name":"wp","href":"https:\/\/api.w.org\/{rel}","templated":true}]}}