{"id":2986,"date":"2024-04-18T21:10:35","date_gmt":"2024-04-18T21:10:35","guid":{"rendered":"https:\/\/blogs.uninter.edu.mx\/DAEYA\/?page_id=2986"},"modified":"2024-04-18T21:29:34","modified_gmt":"2024-04-18T21:29:34","slug":"quiero-ser-parte-de-uninter","status":"publish","type":"page","link":"https:\/\/blogs.uninter.edu.mx\/DAEYA\/index.php\/quiero-ser-parte-de-uninter\/","title":{"rendered":"Quiero ser parte de UNINTER"},"content":{"rendered":"\n<p class=\"has-text-align-justify\">En Uninter, es importante recordar que puedes iniciar tu experiencia internacional desde un nivel b\u00e1sico, ya que ofrecemos programas desde:<\/p>\n\n\n\n<ul class=\"wp-block-list\">\n<li><a href=\"https:\/\/siu.uninter.edu.mx\/\">Secundaria \ud83c\udf93<\/a><\/li>\n\n\n\n<li><a href=\"https:\/\/biu.uninter.edu.mx\/\">Bachillerato \ud83c\udf93<\/a><\/li>\n\n\n\n<li><a href=\"https:\/\/uninter.edu.mx\/prep-a\/\">Preparatoria Abierta \ud83c\udf93<\/a><\/li>\n\n\n\n<li><a href=\"https:\/\/universidad.uninter.edu.mx\/\">Licenciaturas e ingenier\u00edas \ud83c\udf93<\/a><\/li>\n\n\n\n<li><a href=\"https:\/\/diplomados.uninter.edu.mx\/\">Diplomados \ud83c\udf93<\/a><\/li>\n\n\n\n<li><a href=\"https:\/\/posgrados.uninter.edu.mx\/\">Especialidades, maestr\u00edas y doctorados \ud83c\udf93<\/a><\/li>\n<\/ul>\n\n\n\n<p class=\"has-text-align-justify\">Asimismo, si tu educaci\u00f3n media superior est\u00e1 incompleta, contamos con la modalidad de Prepa Abierta para que puedas finalizarla de manera eficiente.&nbsp;<\/p>\n\n\n\n<p class=\"has-text-align-justify\">Para aquellos que se encuentran trabajando, pero desean cursar una carrera universitaria, nuestras licenciaturas ejecutivas son una excelente opci\u00f3n.&nbsp;<\/p>\n\n\n\n<p class=\"has-text-align-justify\">Si est\u00e1s interesado en unirte a la comunidad de Uninter, por favor cont\u00e1ctame para recibir apoyo en tu proceso de admisi\u00f3n.<\/p>\n\n\n\n<p>Env\u00edame un mensaje:&nbsp;<\/p>\n\n\n\n<p><a href=\"https:\/\/wa.link\/hwbjmq\" target=\"_blank\" rel=\"noreferrer noopener\">wa.link\/hwbjmq<\/a>&nbsp;<\/p>\n\n\n\n<p><\/p>\n\n\n\n<figure class=\"wp-block-image size-full\"><img loading=\"lazy\" decoding=\"async\" width=\"941\" height=\"153\" src=\"https:\/\/blogs.uninter.edu.mx\/DAEYA\/wp-content\/uploads\/2024\/03\/Banner-Worpress-4.png\" alt=\"\" class=\"wp-image-2649\"\/><\/figure>\n","protected":false},"excerpt":{"rendered":"<p>En Uninter, es importante recordar que puedes iniciar tu experiencia internacional desde un nivel b\u00e1sico, ya que ofrecemos programas desde: Asimismo, si tu educaci\u00f3n media superior est\u00e1 incompleta, contamos con la modalidad de Prepa Abierta para que puedas finalizarla de manera eficiente.&nbsp; Para aquellos que se encuentran trabajando, pero desean cursar una carrera universitaria, nuestras&hellip;<\/p>\n","protected":false},"author":9,"featured_media":0,"parent":0,"menu_order":0,"comment_status":"closed","ping_status":"closed","template":"","meta":{"footnotes":""},"class_list":["post-2986","page","type-page","status-publish","hentry"],"yoast_head":"<!-- This site is optimized with the Yoast SEO plugin v26.0 - https:\/\/yoast.com\/wordpress\/plugins\/seo\/ -->\r\n<title>Quiero ser parte de UNINTER - Atenci\u00f3n a Estudiantes<\/title>\r\n<meta name=\"robots\" content=\"index, follow, max-snippet:-1, max-image-preview:large, max-video-preview:-1\" \/>\r\n<link rel=\"canonical\" href=\"https:\/\/blogs.uninter.edu.mx\/DAEYA\/index.php\/quiero-ser-parte-de-uninter\/\" \/>\r\n<meta property=\"og:locale\" content=\"es_MX\" \/>\r\n<meta property=\"og:type\" content=\"article\" \/>\r\n<meta property=\"og:title\" content=\"Quiero ser parte de UNINTER - Atenci\u00f3n a Estudiantes\" \/>\r\n<meta property=\"og:description\" content=\"En Uninter, es importante recordar que puedes iniciar tu experiencia internacional desde un nivel b\u00e1sico, ya que ofrecemos programas desde: Asimismo, si tu educaci\u00f3n media superior est\u00e1 incompleta, contamos con la modalidad de Prepa Abierta para que puedas finalizarla de manera eficiente.&nbsp; Para aquellos que se encuentran trabajando, pero desean cursar una carrera universitaria, nuestras&hellip;\" \/>\r\n<meta property=\"og:url\" content=\"https:\/\/blogs.uninter.edu.mx\/DAEYA\/index.php\/quiero-ser-parte-de-uninter\/\" \/>\r\n<meta property=\"og:site_name\" content=\"Atenci\u00f3n a Estudiantes\" \/>\r\n<meta property=\"article:modified_time\" content=\"2024-04-18T21:29:34+00:00\" \/>\r\n<meta property=\"og:image\" content=\"https:\/\/blogs.uninter.edu.mx\/DAEYA\/wp-content\/uploads\/2024\/03\/Banner-Worpress-4.png\" \/>\r\n<meta name=\"twitter:card\" content=\"summary_large_image\" \/>\r\n<meta name=\"twitter:label1\" content=\"Tiempo de lectura\" \/>\n\t<meta name=\"twitter:data1\" content=\"1 minuto\" \/>\r\n<script type=\"application\/ld+json\" class=\"yoast-schema-graph\">{\"@context\":\"https:\/\/schema.org\",\"@graph\":[{\"@type\":\"WebPage\",\"@id\":\"https:\/\/blogs.uninter.edu.mx\/DAEYA\/index.php\/quiero-ser-parte-de-uninter\/\",\"url\":\"https:\/\/blogs.uninter.edu.mx\/DAEYA\/index.php\/quiero-ser-parte-de-uninter\/\",\"name\":\"Quiero ser parte de UNINTER - Atenci\u00f3n a Estudiantes\",\"isPartOf\":{\"@id\":\"https:\/\/blogs.uninter.edu.mx\/DAEYA\/#website\"},\"primaryImageOfPage\":{\"@id\":\"https:\/\/blogs.uninter.edu.mx\/DAEYA\/index.php\/quiero-ser-parte-de-uninter\/#primaryimage\"},\"image\":{\"@id\":\"https:\/\/blogs.uninter.edu.mx\/DAEYA\/index.php\/quiero-ser-parte-de-uninter\/#primaryimage\"},\"thumbnailUrl\":\"https:\/\/blogs.uninter.edu.mx\/DAEYA\/wp-content\/uploads\/2024\/03\/Banner-Worpress-4.png\",\"datePublished\":\"2024-04-18T21:10:35+00:00\",\"dateModified\":\"2024-04-18T21:29:34+00:00\",\"breadcrumb\":{\"@id\":\"https:\/\/blogs.uninter.edu.mx\/DAEYA\/index.php\/quiero-ser-parte-de-uninter\/#breadcrumb\"},\"inLanguage\":\"es\",\"potentialAction\":[{\"@type\":\"ReadAction\",\"target\":[\"https:\/\/blogs.uninter.edu.mx\/DAEYA\/index.php\/quiero-ser-parte-de-uninter\/\"]}]},{\"@type\":\"ImageObject\",\"inLanguage\":\"es\",\"@id\":\"https:\/\/blogs.uninter.edu.mx\/DAEYA\/index.php\/quiero-ser-parte-de-uninter\/#primaryimage\",\"url\":\"https:\/\/blogs.uninter.edu.mx\/DAEYA\/wp-content\/uploads\/2024\/03\/Banner-Worpress-4.png\",\"contentUrl\":\"https:\/\/blogs.uninter.edu.mx\/DAEYA\/wp-content\/uploads\/2024\/03\/Banner-Worpress-4.png\",\"width\":941,\"height\":153},{\"@type\":\"BreadcrumbList\",\"@id\":\"https:\/\/blogs.uninter.edu.mx\/DAEYA\/index.php\/quiero-ser-parte-de-uninter\/#breadcrumb\",\"itemListElement\":[{\"@type\":\"ListItem\",\"position\":1,\"name\":\"Inicio\",\"item\":\"https:\/\/blogs.uninter.edu.mx\/DAEYA\/\"},{\"@type\":\"ListItem\",\"position\":2,\"name\":\"Quiero ser parte de UNINTER\"}]},{\"@type\":\"WebSite\",\"@id\":\"https:\/\/blogs.uninter.edu.mx\/DAEYA\/#website\",\"url\":\"https:\/\/blogs.uninter.edu.mx\/DAEYA\/\",\"name\":\"Atenci\u00f3n a Estudiantes\",\"description\":\"UNINTER\",\"potentialAction\":[{\"@type\":\"SearchAction\",\"target\":{\"@type\":\"EntryPoint\",\"urlTemplate\":\"https:\/\/blogs.uninter.edu.mx\/DAEYA\/?s={search_term_string}\"},\"query-input\":{\"@type\":\"PropertyValueSpecification\",\"valueRequired\":true,\"valueName\":\"search_term_string\"}}],\"inLanguage\":\"es\"}]}<\/script>\r\n<!-- \/ Yoast SEO plugin. -->","yoast_head_json":{"title":"Quiero ser parte de UNINTER - Atenci\u00f3n a Estudiantes","robots":{"index":"index","follow":"follow","max-snippet":"max-snippet:-1","max-image-preview":"max-image-preview:large","max-video-preview":"max-video-preview:-1"},"canonical":"https:\/\/blogs.uninter.edu.mx\/DAEYA\/index.php\/quiero-ser-parte-de-uninter\/","og_locale":"es_MX","og_type":"article","og_title":"Quiero ser parte de UNINTER - Atenci\u00f3n a Estudiantes","og_description":"En Uninter, es importante recordar que puedes iniciar tu experiencia internacional desde un nivel b\u00e1sico, ya que ofrecemos programas desde: Asimismo, si tu educaci\u00f3n media superior est\u00e1 incompleta, contamos con la modalidad de Prepa Abierta para que puedas finalizarla de manera eficiente.&nbsp; Para aquellos que se encuentran trabajando, pero desean cursar una carrera universitaria, nuestras&hellip;","og_url":"https:\/\/blogs.uninter.edu.mx\/DAEYA\/index.php\/quiero-ser-parte-de-uninter\/","og_site_name":"Atenci\u00f3n a Estudiantes","article_modified_time":"2024-04-18T21:29:34+00:00","og_image":[{"url":"https:\/\/blogs.uninter.edu.mx\/DAEYA\/wp-content\/uploads\/2024\/03\/Banner-Worpress-4.png","type":"","width":"","height":""}],"twitter_card":"summary_large_image","twitter_misc":{"Tiempo de lectura":"1 minuto"},"schema":{"@context":"https:\/\/schema.org","@graph":[{"@type":"WebPage","@id":"https:\/\/blogs.uninter.edu.mx\/DAEYA\/index.php\/quiero-ser-parte-de-uninter\/","url":"https:\/\/blogs.uninter.edu.mx\/DAEYA\/index.php\/quiero-ser-parte-de-uninter\/","name":"Quiero ser parte de UNINTER - Atenci\u00f3n a Estudiantes","isPartOf":{"@id":"https:\/\/blogs.uninter.edu.mx\/DAEYA\/#website"},"primaryImageOfPage":{"@id":"https:\/\/blogs.uninter.edu.mx\/DAEYA\/index.php\/quiero-ser-parte-de-uninter\/#primaryimage"},"image":{"@id":"https:\/\/blogs.uninter.edu.mx\/DAEYA\/index.php\/quiero-ser-parte-de-uninter\/#primaryimage"},"thumbnailUrl":"https:\/\/blogs.uninter.edu.mx\/DAEYA\/wp-content\/uploads\/2024\/03\/Banner-Worpress-4.png","datePublished":"2024-04-18T21:10:35+00:00","dateModified":"2024-04-18T21:29:34+00:00","breadcrumb":{"@id":"https:\/\/blogs.uninter.edu.mx\/DAEYA\/index.php\/quiero-ser-parte-de-uninter\/#breadcrumb"},"inLanguage":"es","potentialAction":[{"@type":"ReadAction","target":["https:\/\/blogs.uninter.edu.mx\/DAEYA\/index.php\/quiero-ser-parte-de-uninter\/"]}]},{"@type":"ImageObject","inLanguage":"es","@id":"https:\/\/blogs.uninter.edu.mx\/DAEYA\/index.php\/quiero-ser-parte-de-uninter\/#primaryimage","url":"https:\/\/blogs.uninter.edu.mx\/DAEYA\/wp-content\/uploads\/2024\/03\/Banner-Worpress-4.png","contentUrl":"https:\/\/blogs.uninter.edu.mx\/DAEYA\/wp-content\/uploads\/2024\/03\/Banner-Worpress-4.png","width":941,"height":153},{"@type":"BreadcrumbList","@id":"https:\/\/blogs.uninter.edu.mx\/DAEYA\/index.php\/quiero-ser-parte-de-uninter\/#breadcrumb","itemListElement":[{"@type":"ListItem","position":1,"name":"Inicio","item":"https:\/\/blogs.uninter.edu.mx\/DAEYA\/"},{"@type":"ListItem","position":2,"name":"Quiero ser parte de UNINTER"}]},{"@type":"WebSite","@id":"https:\/\/blogs.uninter.edu.mx\/DAEYA\/#website","url":"https:\/\/blogs.uninter.edu.mx\/DAEYA\/","name":"Atenci\u00f3n a Estudiantes","description":"UNINTER","potentialAction":[{"@type":"SearchAction","target":{"@type":"EntryPoint","urlTemplate":"https:\/\/blogs.uninter.edu.mx\/DAEYA\/?s={search_term_string}"},"query-input":{"@type":"PropertyValueSpecification","valueRequired":true,"valueName":"search_term_string"}}],"inLanguage":"es"}]}},"jetpack_sharing_enabled":true,"_links":{"self":[{"href":"https:\/\/blogs.uninter.edu.mx\/DAEYA\/index.php\/wp-json\/wp\/v2\/pages\/2986","targetHints":{"allow":["GET"]}}],"collection":[{"href":"https:\/\/blogs.uninter.edu.mx\/DAEYA\/index.php\/wp-json\/wp\/v2\/pages"}],"about":[{"href":"https:\/\/blogs.uninter.edu.mx\/DAEYA\/index.php\/wp-json\/wp\/v2\/types\/page"}],"author":[{"embeddable":true,"href":"https:\/\/blogs.uninter.edu.mx\/DAEYA\/index.php\/wp-json\/wp\/v2\/users\/9"}],"replies":[{"embeddable":true,"href":"https:\/\/blogs.uninter.edu.mx\/DAEYA\/index.php\/wp-json\/wp\/v2\/comments?post=2986"}],"version-history":[{"count":7,"href":"https:\/\/blogs.uninter.edu.mx\/DAEYA\/index.php\/wp-json\/wp\/v2\/pages\/2986\/revisions"}],"predecessor-version":[{"id":3001,"href":"https:\/\/blogs.uninter.edu.mx\/DAEYA\/index.php\/wp-json\/wp\/v2\/pages\/2986\/revisions\/3001"}],"wp:attachment":[{"href":"https:\/\/blogs.uninter.edu.mx\/DAEYA\/index.php\/wp-json\/wp\/v2\/media?parent=2986"}],"curies":[{"name":"wp","href":"https:\/\/api.w.org\/{rel}","templated":true}]}}