{"id":49,"date":"2019-10-03T21:06:20","date_gmt":"2019-10-03T21:06:20","guid":{"rendered":"https:\/\/blogs.uninter.edu.mx\/DAEYA\/?page_id=49"},"modified":"2024-04-18T21:36:26","modified_gmt":"2024-04-18T21:36:26","slug":"programa-de-alojamiento-uninter","status":"publish","type":"page","link":"https:\/\/blogs.uninter.edu.mx\/DAEYA\/index.php\/programa-de-alojamiento-uninter\/","title":{"rendered":"Programa de Alojamiento Uninter"},"content":{"rendered":"<div class=\"wp-block-image\">\n<figure class=\"aligncenter is-resized\"><img loading=\"lazy\" decoding=\"async\" src=\"https:\/\/blogs.uninter.edu.mx\/DAEYA\/wp-content\/uploads\/2019\/10\/logo-horizontal-a-una-tinta-1024x456.png\" alt=\"\" class=\"wp-image-143\" width=\"512\" height=\"228\" srcset=\"https:\/\/blogs.uninter.edu.mx\/DAEYA\/wp-content\/uploads\/2019\/10\/logo-horizontal-a-una-tinta-1024x456.png 1024w, https:\/\/blogs.uninter.edu.mx\/DAEYA\/wp-content\/uploads\/2019\/10\/logo-horizontal-a-una-tinta-300x133.png 300w, https:\/\/blogs.uninter.edu.mx\/DAEYA\/wp-content\/uploads\/2019\/10\/logo-horizontal-a-una-tinta-768x342.png 768w\" sizes=\"auto, (max-width: 512px) 100vw, 512px\" \/><\/figure><\/div>\n\n\n<p><\/p>\n\n\n\n<p class=\"has-text-align-justify\">Dentro del Departamento de Atenci\u00f3n a Estudiantes contamos con el programa de alojamiento con el fin de dar hospedaje a nuestros alumnos for\u00e1neos o locales que requieran rentar una habitaci\u00f3n cercana a la Universidad.<\/p>\n\n\n\n<p class=\"has-text-align-justify\">Las casas est\u00e1n ubicadas entre las siguientes colonias para que el alumno pueda transportarse a pie a mas o menos 10 minutos de distancia.<\/p>\n\n\n\n<ul class=\"wp-block-list\">\n<li>San Jeronimo<\/li>\n<\/ul>\n\n\n\n<ul class=\"wp-block-list\">\n<li>La Pradera<\/li>\n<\/ul>\n\n\n\n<ul class=\"wp-block-list\">\n<li>Tlaltenango<\/li>\n<\/ul>\n\n\n\n<p>Tambi\u00e9n contamos con casas de colonias cercanas a UNINTER, donde podr\u00e1n llegar entre 10 y 15 minutos en transporte publico.<\/p>\n\n\n\n<ul class=\"wp-block-list\">\n<li>Lomas de Ahuatlan<\/li>\n<\/ul>\n\n\n\n<ul class=\"wp-block-list\">\n<li>Carolina<\/li>\n<\/ul>\n\n\n\n<ul class=\"wp-block-list\">\n<li>San Anton<\/li>\n<\/ul>\n\n\n\n<ul class=\"wp-block-list\">\n<li>Buenavista<\/li>\n<\/ul>\n\n\n\n<ul class=\"wp-block-list\">\n<li>Centro de Cuernavaca<\/li>\n<\/ul>\n\n\n\n<p><\/p>\n\n\n\n<figure class=\"wp-block-image size-full\"><img loading=\"lazy\" decoding=\"async\" width=\"941\" height=\"153\" src=\"https:\/\/blogs.uninter.edu.mx\/DAEYA\/wp-content\/uploads\/2024\/03\/Banner-Worpress-4.png\" alt=\"\" class=\"wp-image-2649\"\/><\/figure>\n","protected":false},"excerpt":{"rendered":"<p>Dentro del Departamento de Atenci\u00f3n a Estudiantes contamos con el programa de alojamiento con el fin de dar hospedaje a nuestros alumnos for\u00e1neos o locales que requieran rentar una habitaci\u00f3n cercana a la Universidad. Las casas est\u00e1n ubicadas entre las siguientes colonias para que el alumno pueda transportarse a pie a mas o menos 10&hellip;<\/p>\n","protected":false},"author":3,"featured_media":0,"parent":0,"menu_order":0,"comment_status":"closed","ping_status":"closed","template":"","meta":{"footnotes":""},"class_list":["post-49","page","type-page","status-publish","hentry"],"yoast_head":"<!-- This site is optimized with the Yoast SEO plugin v26.0 - https:\/\/yoast.com\/wordpress\/plugins\/seo\/ -->\r\n<title>Programa de Alojamiento Uninter - Atenci\u00f3n a Estudiantes<\/title>\r\n<meta name=\"robots\" content=\"index, follow, max-snippet:-1, max-image-preview:large, max-video-preview:-1\" \/>\r\n<link rel=\"canonical\" href=\"https:\/\/blogs.uninter.edu.mx\/DAEYA\/index.php\/programa-de-alojamiento-uninter\/\" \/>\r\n<meta property=\"og:locale\" content=\"es_MX\" \/>\r\n<meta property=\"og:type\" content=\"article\" \/>\r\n<meta property=\"og:title\" content=\"Programa de Alojamiento Uninter - Atenci\u00f3n a Estudiantes\" \/>\r\n<meta property=\"og:description\" content=\"Dentro del Departamento de Atenci\u00f3n a Estudiantes contamos con el programa de alojamiento con el fin de dar hospedaje a nuestros alumnos for\u00e1neos o locales que requieran rentar una habitaci\u00f3n cercana a la Universidad. Las casas est\u00e1n ubicadas entre las siguientes colonias para que el alumno pueda transportarse a pie a mas o menos 10&hellip;\" \/>\r\n<meta property=\"og:url\" content=\"https:\/\/blogs.uninter.edu.mx\/DAEYA\/index.php\/programa-de-alojamiento-uninter\/\" \/>\r\n<meta property=\"og:site_name\" content=\"Atenci\u00f3n a Estudiantes\" \/>\r\n<meta property=\"article:modified_time\" content=\"2024-04-18T21:36:26+00:00\" \/>\r\n<meta property=\"og:image\" content=\"https:\/\/blogs.uninter.edu.mx\/DAEYA\/wp-content\/uploads\/2019\/10\/logo-horizontal-a-una-tinta-1024x456.png\" \/>\r\n<meta name=\"twitter:card\" content=\"summary_large_image\" \/>\r\n<meta name=\"twitter:label1\" content=\"Tiempo de lectura\" \/>\n\t<meta name=\"twitter:data1\" content=\"1 minuto\" \/>\r\n<script type=\"application\/ld+json\" class=\"yoast-schema-graph\">{\"@context\":\"https:\/\/schema.org\",\"@graph\":[{\"@type\":\"WebPage\",\"@id\":\"https:\/\/blogs.uninter.edu.mx\/DAEYA\/index.php\/programa-de-alojamiento-uninter\/\",\"url\":\"https:\/\/blogs.uninter.edu.mx\/DAEYA\/index.php\/programa-de-alojamiento-uninter\/\",\"name\":\"Programa de Alojamiento Uninter - Atenci\u00f3n a Estudiantes\",\"isPartOf\":{\"@id\":\"https:\/\/blogs.uninter.edu.mx\/DAEYA\/#website\"},\"primaryImageOfPage\":{\"@id\":\"https:\/\/blogs.uninter.edu.mx\/DAEYA\/index.php\/programa-de-alojamiento-uninter\/#primaryimage\"},\"image\":{\"@id\":\"https:\/\/blogs.uninter.edu.mx\/DAEYA\/index.php\/programa-de-alojamiento-uninter\/#primaryimage\"},\"thumbnailUrl\":\"https:\/\/blogs.uninter.edu.mx\/DAEYA\/wp-content\/uploads\/2019\/10\/logo-horizontal-a-una-tinta-1024x456.png\",\"datePublished\":\"2019-10-03T21:06:20+00:00\",\"dateModified\":\"2024-04-18T21:36:26+00:00\",\"breadcrumb\":{\"@id\":\"https:\/\/blogs.uninter.edu.mx\/DAEYA\/index.php\/programa-de-alojamiento-uninter\/#breadcrumb\"},\"inLanguage\":\"es\",\"potentialAction\":[{\"@type\":\"ReadAction\",\"target\":[\"https:\/\/blogs.uninter.edu.mx\/DAEYA\/index.php\/programa-de-alojamiento-uninter\/\"]}]},{\"@type\":\"ImageObject\",\"inLanguage\":\"es\",\"@id\":\"https:\/\/blogs.uninter.edu.mx\/DAEYA\/index.php\/programa-de-alojamiento-uninter\/#primaryimage\",\"url\":\"https:\/\/blogs.uninter.edu.mx\/DAEYA\/wp-content\/uploads\/2019\/10\/logo-horizontal-a-una-tinta.png\",\"contentUrl\":\"https:\/\/blogs.uninter.edu.mx\/DAEYA\/wp-content\/uploads\/2019\/10\/logo-horizontal-a-una-tinta.png\",\"width\":4442,\"height\":1976},{\"@type\":\"BreadcrumbList\",\"@id\":\"https:\/\/blogs.uninter.edu.mx\/DAEYA\/index.php\/programa-de-alojamiento-uninter\/#breadcrumb\",\"itemListElement\":[{\"@type\":\"ListItem\",\"position\":1,\"name\":\"Inicio\",\"item\":\"https:\/\/blogs.uninter.edu.mx\/DAEYA\/\"},{\"@type\":\"ListItem\",\"position\":2,\"name\":\"Programa de Alojamiento Uninter\"}]},{\"@type\":\"WebSite\",\"@id\":\"https:\/\/blogs.uninter.edu.mx\/DAEYA\/#website\",\"url\":\"https:\/\/blogs.uninter.edu.mx\/DAEYA\/\",\"name\":\"Atenci\u00f3n a Estudiantes\",\"description\":\"UNINTER\",\"potentialAction\":[{\"@type\":\"SearchAction\",\"target\":{\"@type\":\"EntryPoint\",\"urlTemplate\":\"https:\/\/blogs.uninter.edu.mx\/DAEYA\/?s={search_term_string}\"},\"query-input\":{\"@type\":\"PropertyValueSpecification\",\"valueRequired\":true,\"valueName\":\"search_term_string\"}}],\"inLanguage\":\"es\"}]}<\/script>\r\n<!-- \/ Yoast SEO plugin. -->","yoast_head_json":{"title":"Programa de Alojamiento Uninter - Atenci\u00f3n a Estudiantes","robots":{"index":"index","follow":"follow","max-snippet":"max-snippet:-1","max-image-preview":"max-image-preview:large","max-video-preview":"max-video-preview:-1"},"canonical":"https:\/\/blogs.uninter.edu.mx\/DAEYA\/index.php\/programa-de-alojamiento-uninter\/","og_locale":"es_MX","og_type":"article","og_title":"Programa de Alojamiento Uninter - Atenci\u00f3n a Estudiantes","og_description":"Dentro del Departamento de Atenci\u00f3n a Estudiantes contamos con el programa de alojamiento con el fin de dar hospedaje a nuestros alumnos for\u00e1neos o locales que requieran rentar una habitaci\u00f3n cercana a la Universidad. Las casas est\u00e1n ubicadas entre las siguientes colonias para que el alumno pueda transportarse a pie a mas o menos 10&hellip;","og_url":"https:\/\/blogs.uninter.edu.mx\/DAEYA\/index.php\/programa-de-alojamiento-uninter\/","og_site_name":"Atenci\u00f3n a Estudiantes","article_modified_time":"2024-04-18T21:36:26+00:00","og_image":[{"url":"https:\/\/blogs.uninter.edu.mx\/DAEYA\/wp-content\/uploads\/2019\/10\/logo-horizontal-a-una-tinta-1024x456.png","type":"","width":"","height":""}],"twitter_card":"summary_large_image","twitter_misc":{"Tiempo de lectura":"1 minuto"},"schema":{"@context":"https:\/\/schema.org","@graph":[{"@type":"WebPage","@id":"https:\/\/blogs.uninter.edu.mx\/DAEYA\/index.php\/programa-de-alojamiento-uninter\/","url":"https:\/\/blogs.uninter.edu.mx\/DAEYA\/index.php\/programa-de-alojamiento-uninter\/","name":"Programa de Alojamiento Uninter - Atenci\u00f3n a Estudiantes","isPartOf":{"@id":"https:\/\/blogs.uninter.edu.mx\/DAEYA\/#website"},"primaryImageOfPage":{"@id":"https:\/\/blogs.uninter.edu.mx\/DAEYA\/index.php\/programa-de-alojamiento-uninter\/#primaryimage"},"image":{"@id":"https:\/\/blogs.uninter.edu.mx\/DAEYA\/index.php\/programa-de-alojamiento-uninter\/#primaryimage"},"thumbnailUrl":"https:\/\/blogs.uninter.edu.mx\/DAEYA\/wp-content\/uploads\/2019\/10\/logo-horizontal-a-una-tinta-1024x456.png","datePublished":"2019-10-03T21:06:20+00:00","dateModified":"2024-04-18T21:36:26+00:00","breadcrumb":{"@id":"https:\/\/blogs.uninter.edu.mx\/DAEYA\/index.php\/programa-de-alojamiento-uninter\/#breadcrumb"},"inLanguage":"es","potentialAction":[{"@type":"ReadAction","target":["https:\/\/blogs.uninter.edu.mx\/DAEYA\/index.php\/programa-de-alojamiento-uninter\/"]}]},{"@type":"ImageObject","inLanguage":"es","@id":"https:\/\/blogs.uninter.edu.mx\/DAEYA\/index.php\/programa-de-alojamiento-uninter\/#primaryimage","url":"https:\/\/blogs.uninter.edu.mx\/DAEYA\/wp-content\/uploads\/2019\/10\/logo-horizontal-a-una-tinta.png","contentUrl":"https:\/\/blogs.uninter.edu.mx\/DAEYA\/wp-content\/uploads\/2019\/10\/logo-horizontal-a-una-tinta.png","width":4442,"height":1976},{"@type":"BreadcrumbList","@id":"https:\/\/blogs.uninter.edu.mx\/DAEYA\/index.php\/programa-de-alojamiento-uninter\/#breadcrumb","itemListElement":[{"@type":"ListItem","position":1,"name":"Inicio","item":"https:\/\/blogs.uninter.edu.mx\/DAEYA\/"},{"@type":"ListItem","position":2,"name":"Programa de Alojamiento Uninter"}]},{"@type":"WebSite","@id":"https:\/\/blogs.uninter.edu.mx\/DAEYA\/#website","url":"https:\/\/blogs.uninter.edu.mx\/DAEYA\/","name":"Atenci\u00f3n a Estudiantes","description":"UNINTER","potentialAction":[{"@type":"SearchAction","target":{"@type":"EntryPoint","urlTemplate":"https:\/\/blogs.uninter.edu.mx\/DAEYA\/?s={search_term_string}"},"query-input":{"@type":"PropertyValueSpecification","valueRequired":true,"valueName":"search_term_string"}}],"inLanguage":"es"}]}},"jetpack_sharing_enabled":true,"_links":{"self":[{"href":"https:\/\/blogs.uninter.edu.mx\/DAEYA\/index.php\/wp-json\/wp\/v2\/pages\/49","targetHints":{"allow":["GET"]}}],"collection":[{"href":"https:\/\/blogs.uninter.edu.mx\/DAEYA\/index.php\/wp-json\/wp\/v2\/pages"}],"about":[{"href":"https:\/\/blogs.uninter.edu.mx\/DAEYA\/index.php\/wp-json\/wp\/v2\/types\/page"}],"author":[{"embeddable":true,"href":"https:\/\/blogs.uninter.edu.mx\/DAEYA\/index.php\/wp-json\/wp\/v2\/users\/3"}],"replies":[{"embeddable":true,"href":"https:\/\/blogs.uninter.edu.mx\/DAEYA\/index.php\/wp-json\/wp\/v2\/comments?post=49"}],"version-history":[{"count":5,"href":"https:\/\/blogs.uninter.edu.mx\/DAEYA\/index.php\/wp-json\/wp\/v2\/pages\/49\/revisions"}],"predecessor-version":[{"id":3012,"href":"https:\/\/blogs.uninter.edu.mx\/DAEYA\/index.php\/wp-json\/wp\/v2\/pages\/49\/revisions\/3012"}],"wp:attachment":[{"href":"https:\/\/blogs.uninter.edu.mx\/DAEYA\/index.php\/wp-json\/wp\/v2\/media?parent=49"}],"curies":[{"name":"wp","href":"https:\/\/api.w.org\/{rel}","templated":true}]}}