{"id":554,"date":"2019-07-11T17:47:57","date_gmt":"2019-07-11T22:47:57","guid":{"rendered":"https:\/\/blogs.uninter.edu.mx\/ENDECS\/?page_id=554"},"modified":"2019-08-10T09:48:14","modified_gmt":"2019-08-10T14:48:14","slug":"posgrados","status":"publish","type":"page","link":"https:\/\/blogs.uninter.edu.mx\/ENDECS\/index.php\/posgrados\/","title":{"rendered":"Posgrados y Especialidades"},"content":{"rendered":"\n<div class=\"wp-block-image\"><figure class=\"aligncenter\"><a href=\"https:\/\/www.uninter.edu.mx\" target=\"_blank\" rel=\"noreferrer noopener\"><img loading=\"lazy\" decoding=\"async\" width=\"533\" height=\"86\" src=\"https:\/\/blogs.uninter.edu.mx\/ENDECS\/wp-content\/uploads\/2019\/07\/logo_con_sec.png\" alt=\"Posgrados y especialidades en UNINTER\" class=\"wp-image-447\" srcset=\"https:\/\/blogs.uninter.edu.mx\/ENDECS\/wp-content\/uploads\/2019\/07\/logo_con_sec.png 533w, https:\/\/blogs.uninter.edu.mx\/ENDECS\/wp-content\/uploads\/2019\/07\/logo_con_sec-300x48.png 300w\" sizes=\"auto, (max-width: 533px) 100vw, 533px\" \/><\/a><\/figure><\/div>\n\n\n\n<p style=\"text-align:justify\">En <a href=\"http:\/\/facebook.com\/dacsuninter1\/\">ENDECS<\/a> no solo contamos con <a href=\"https:\/\/blogs.uninter.edu.mx\/ENDECS\/index.php\/licenciaturas-endecs\/\">Licenciaturas<\/a>, tambi\u00e9n tenemos a los mejores Maestros y Doctores capacitando a nuestros <a href=\"https:\/\/posgrados.uninter.edu.mx\/\">alumnos en posgrados<\/a> y especialidades. Recuerda que <a href=\"http:\/\/facebook.com\/dacsuninter1\/\">ENDECS<\/a> es parte de la <a href=\"https:\/\/www.facebook.com\/uninteredu\/\">Universidad Internacional<\/a>.<\/p>\n\n\n\n<p style=\"text-align:justify\">A continuaci\u00f3n te mostramos una lista de los posgrados y especialidades que podr\u00e1s encontrar en <a href=\"http:\/\/facebook.com\/dacsuninter1\/\">ENDECS<\/a>.<\/p>\n\n\n\n<ul class=\"wp-block-list\"><li><a href=\"https:\/\/uninter.edu.mx\/folletos\/Posgrados\/Especialidades\/Derecho\/Especialidad%20en%20Criminalistica\/\">Especialidad en Criminal\u00edstica (EC)<\/a><\/li><li>Maestr\u00eda en Administraci\u00f3n y Direcci\u00f3n de Empresas con Especialidad en:<ul><li><a href=\"https:\/\/uninter.edu.mx\/folletos\/Posgrados\/Maestr%C3%ADas\/Maestria%20en%20Gestion%20del%20Factor%20y%20Capital%20Humano\/\">Gesti\u00f3n del Factor Humano<\/a><\/li><li><a href=\"https:\/\/uninter.edu.mx\/folletos\/Posgrados\/Maestr%C3%ADas\/Maestria%20en%20Finanzas%20Corporativas\/\">Finanzas Corporativas<\/a><\/li><li><a href=\"https:\/\/uninter.edu.mx\/folletos\/Posgrados\/Maestr%C3%ADas\/Maestria%20en%20Alta%20Direccion\/\">Alta Direcci\u00f3n<\/a><\/li><li><a href=\"https:\/\/uninter.edu.mx\/folletos\/Posgrados\/Maestr%C3%ADas\/Maestria%20en%20Mercadotecnia%20Global\/\">Mercadotecnia<\/a><\/li><li><a href=\"https:\/\/uninter.edu.mx\/folletos\/Posgrados\/Maestr%C3%ADas\/Maestria%20en%20Administracion%20con%20Especialidad%20en%20Negocios%20Internacionales\/\">Negocios Internacionales<\/a><\/li><li>Innovaci\u00f3n y Dise\u00f1o de Modelo de Negocios<\/li><\/ul><\/li><li><a href=\"https:\/\/uninter.edu.mx\/folletos\/Posgrados\/Maestr%C3%ADas\/Maestria%20en%20Impuestos\/\">Impuestos<\/a><\/li><\/ul>\n\n\n\n<p style=\"text-align:justify\">Si tienes m\u00e1s dudas puedes contactarnos rellenando el siguiente formulario.<\/p>\n\n\n<div class=\"wp-block-jetpack-contact-form\"><a href=\"https:\/\/blogs.uninter.edu.mx\/ENDECS\/index.php\/posgrados\/\" target=\"_blank\" rel=\"noopener noreferrer\">Env\u00eda un formulario.<\/a><\/div>\n\n\n<p>No lo olvides, \u00a1En <a href=\"https:\/\/www.uninter.edu.mx\">UNINTER <\/a>te brindamos las mejores herramientas para desarrollar tu vida profesional!<\/p>\n\n\n\n<div class=\"wp-block-image\"><figure class=\"alignright is-resized\"><a href=\"http:\/\/facebook.com\/dacsuninter1\/\" target=\"_blank\" rel=\"noreferrer noopener\"><img loading=\"lazy\" decoding=\"async\" src=\"https:\/\/blogs.uninter.edu.mx\/ENDECS\/wp-content\/uploads\/2019\/06\/Blog-ENDECS.jpg\" alt=\"Posgrados y especialidades ENDECS\" class=\"wp-image-6\" width=\"231\" height=\"72\" srcset=\"https:\/\/blogs.uninter.edu.mx\/ENDECS\/wp-content\/uploads\/2019\/06\/Blog-ENDECS.jpg 1020w, https:\/\/blogs.uninter.edu.mx\/ENDECS\/wp-content\/uploads\/2019\/06\/Blog-ENDECS-300x93.jpg 300w, https:\/\/blogs.uninter.edu.mx\/ENDECS\/wp-content\/uploads\/2019\/06\/Blog-ENDECS-768x239.jpg 768w\" sizes=\"auto, (max-width: 231px) 100vw, 231px\" \/><\/a><\/figure><\/div>\n\n\n\n<figure class=\"wp-block-image is-resized\"><a href=\"https:\/\/www.uninter.edu.mx\" target=\"_blank\" rel=\"noreferrer noopener\"><img loading=\"lazy\" decoding=\"async\" src=\"https:\/\/blogs.uninter.edu.mx\/ENDECS\/wp-content\/uploads\/2019\/07\/logo_con_sec.png\" alt=\"Uninter\" class=\"wp-image-447\" width=\"272\" height=\"44\" srcset=\"https:\/\/blogs.uninter.edu.mx\/ENDECS\/wp-content\/uploads\/2019\/07\/logo_con_sec.png 533w, https:\/\/blogs.uninter.edu.mx\/ENDECS\/wp-content\/uploads\/2019\/07\/logo_con_sec-300x48.png 300w\" sizes=\"auto, (max-width: 272px) 100vw, 272px\" \/><\/a><\/figure>\n","protected":false},"excerpt":{"rendered":"<p>En ENDECS no solo contamos con Licenciaturas, tambi\u00e9n tenemos a los mejores Maestros y Doctores capacitando a nuestros alumnos en posgrados y especialidades. Recuerda que ENDECS es parte de la Universidad Internacional. A continuaci\u00f3n te mostramos una lista de los posgrados y especialidades que podr\u00e1s encontrar en ENDECS. Especialidad en Criminal\u00edstica (EC) Maestr\u00eda en Administraci\u00f3n&hellip;<\/p>\n","protected":false},"author":17,"featured_media":0,"parent":0,"menu_order":0,"comment_status":"closed","ping_status":"closed","template":"","meta":{"footnotes":""},"class_list":["post-554","page","type-page","status-publish","hentry"],"yoast_head":"<!-- This site is optimized with the Yoast SEO plugin v26.0 - https:\/\/yoast.com\/wordpress\/plugins\/seo\/ -->\r\n<title>Posgrados Uninter - Los mejores maestros dan clases en UNINTER<\/title>\r\n<meta name=\"description\" content=\"En UNINTER tenemos una amplia variedad de posgrados para continuar tu vida profesional, \u00bfQu\u00e9 esperas para inscribirte con nosotros?\" \/>\r\n<meta name=\"robots\" content=\"index, follow, max-snippet:-1, max-image-preview:large, max-video-preview:-1\" \/>\r\n<link rel=\"canonical\" href=\"https:\/\/blogs.uninter.edu.mx\/ENDECS\/index.php\/posgrados\/\" \/>\r\n<meta property=\"og:locale\" content=\"es_MX\" \/>\r\n<meta property=\"og:type\" content=\"article\" \/>\r\n<meta property=\"og:title\" content=\"Posgrados Uninter - Los mejores maestros dan clases en UNINTER\" \/>\r\n<meta property=\"og:description\" content=\"En UNINTER tenemos una amplia variedad de posgrados para continuar tu vida profesional, \u00bfQu\u00e9 esperas para inscribirte con nosotros?\" \/>\r\n<meta property=\"og:url\" content=\"https:\/\/blogs.uninter.edu.mx\/ENDECS\/index.php\/posgrados\/\" \/>\r\n<meta property=\"og:site_name\" content=\"ENDECS\" \/>\r\n<meta property=\"article:modified_time\" content=\"2019-08-10T14:48:14+00:00\" \/>\r\n<meta property=\"og:image\" content=\"https:\/\/blogs.uninter.edu.mx\/ENDECS\/wp-content\/uploads\/2019\/07\/logo_con_sec.png\" \/>\r\n<meta name=\"twitter:card\" content=\"summary_large_image\" \/>\r\n<meta name=\"twitter:label1\" content=\"Tiempo de lectura\" \/>\n\t<meta name=\"twitter:data1\" content=\"1 minuto\" \/>\r\n<script type=\"application\/ld+json\" class=\"yoast-schema-graph\">{\"@context\":\"https:\/\/schema.org\",\"@graph\":[{\"@type\":\"WebPage\",\"@id\":\"https:\/\/blogs.uninter.edu.mx\/ENDECS\/index.php\/posgrados\/\",\"url\":\"https:\/\/blogs.uninter.edu.mx\/ENDECS\/index.php\/posgrados\/\",\"name\":\"Posgrados Uninter - Los mejores maestros dan clases en UNINTER\",\"isPartOf\":{\"@id\":\"https:\/\/blogs.uninter.edu.mx\/ENDECS\/#website\"},\"primaryImageOfPage\":{\"@id\":\"https:\/\/blogs.uninter.edu.mx\/ENDECS\/index.php\/posgrados\/#primaryimage\"},\"image\":{\"@id\":\"https:\/\/blogs.uninter.edu.mx\/ENDECS\/index.php\/posgrados\/#primaryimage\"},\"thumbnailUrl\":\"https:\/\/blogs.uninter.edu.mx\/ENDECS\/wp-content\/uploads\/2019\/07\/logo_con_sec.png\",\"datePublished\":\"2019-07-11T22:47:57+00:00\",\"dateModified\":\"2019-08-10T14:48:14+00:00\",\"description\":\"En UNINTER tenemos una amplia variedad de posgrados para continuar tu vida profesional, \u00bfQu\u00e9 esperas para inscribirte con nosotros?\",\"breadcrumb\":{\"@id\":\"https:\/\/blogs.uninter.edu.mx\/ENDECS\/index.php\/posgrados\/#breadcrumb\"},\"inLanguage\":\"es\",\"potentialAction\":[{\"@type\":\"ReadAction\",\"target\":[\"https:\/\/blogs.uninter.edu.mx\/ENDECS\/index.php\/posgrados\/\"]}]},{\"@type\":\"ImageObject\",\"inLanguage\":\"es\",\"@id\":\"https:\/\/blogs.uninter.edu.mx\/ENDECS\/index.php\/posgrados\/#primaryimage\",\"url\":\"https:\/\/blogs.uninter.edu.mx\/ENDECS\/wp-content\/uploads\/2019\/07\/logo_con_sec.png\",\"contentUrl\":\"https:\/\/blogs.uninter.edu.mx\/ENDECS\/wp-content\/uploads\/2019\/07\/logo_con_sec.png\",\"width\":533,\"height\":86,\"caption\":\"Logo Uninter transparente con descripci\u00f3n\"},{\"@type\":\"BreadcrumbList\",\"@id\":\"https:\/\/blogs.uninter.edu.mx\/ENDECS\/index.php\/posgrados\/#breadcrumb\",\"itemListElement\":[{\"@type\":\"ListItem\",\"position\":1,\"name\":\"Inicio\",\"item\":\"https:\/\/blogs.uninter.edu.mx\/ENDECS\/\"},{\"@type\":\"ListItem\",\"position\":2,\"name\":\"Posgrados y Especialidades\"}]},{\"@type\":\"WebSite\",\"@id\":\"https:\/\/blogs.uninter.edu.mx\/ENDECS\/#website\",\"url\":\"https:\/\/blogs.uninter.edu.mx\/ENDECS\/\",\"name\":\"ENDECS\",\"description\":\"Escuela de Negocios Derecho y Ciencias Sociales\",\"publisher\":{\"@id\":\"https:\/\/blogs.uninter.edu.mx\/ENDECS\/#organization\"},\"potentialAction\":[{\"@type\":\"SearchAction\",\"target\":{\"@type\":\"EntryPoint\",\"urlTemplate\":\"https:\/\/blogs.uninter.edu.mx\/ENDECS\/?s={search_term_string}\"},\"query-input\":{\"@type\":\"PropertyValueSpecification\",\"valueRequired\":true,\"valueName\":\"search_term_string\"}}],\"inLanguage\":\"es\"},{\"@type\":\"Organization\",\"@id\":\"https:\/\/blogs.uninter.edu.mx\/ENDECS\/#organization\",\"name\":\"ENDECS - UNINTER\",\"url\":\"https:\/\/blogs.uninter.edu.mx\/ENDECS\/\",\"logo\":{\"@type\":\"ImageObject\",\"inLanguage\":\"es\",\"@id\":\"https:\/\/blogs.uninter.edu.mx\/ENDECS\/#\/schema\/logo\/image\/\",\"url\":\"https:\/\/blogs.uninter.edu.mx\/ENDECS\/wp-content\/uploads\/2019\/06\/Blog-ENDECS.jpg\",\"contentUrl\":\"https:\/\/blogs.uninter.edu.mx\/ENDECS\/wp-content\/uploads\/2019\/06\/Blog-ENDECS.jpg\",\"width\":1020,\"height\":317,\"caption\":\"ENDECS - UNINTER\"},\"image\":{\"@id\":\"https:\/\/blogs.uninter.edu.mx\/ENDECS\/#\/schema\/logo\/image\/\"}}]}<\/script>\r\n<!-- \/ Yoast SEO plugin. -->","yoast_head_json":{"title":"Posgrados Uninter - Los mejores maestros dan clases en UNINTER","description":"En UNINTER tenemos una amplia variedad de posgrados para continuar tu vida profesional, \u00bfQu\u00e9 esperas para inscribirte con nosotros?","robots":{"index":"index","follow":"follow","max-snippet":"max-snippet:-1","max-image-preview":"max-image-preview:large","max-video-preview":"max-video-preview:-1"},"canonical":"https:\/\/blogs.uninter.edu.mx\/ENDECS\/index.php\/posgrados\/","og_locale":"es_MX","og_type":"article","og_title":"Posgrados Uninter - Los mejores maestros dan clases en UNINTER","og_description":"En UNINTER tenemos una amplia variedad de posgrados para continuar tu vida profesional, \u00bfQu\u00e9 esperas para inscribirte con nosotros?","og_url":"https:\/\/blogs.uninter.edu.mx\/ENDECS\/index.php\/posgrados\/","og_site_name":"ENDECS","article_modified_time":"2019-08-10T14:48:14+00:00","og_image":[{"url":"https:\/\/blogs.uninter.edu.mx\/ENDECS\/wp-content\/uploads\/2019\/07\/logo_con_sec.png","type":"","width":"","height":""}],"twitter_card":"summary_large_image","twitter_misc":{"Tiempo de lectura":"1 minuto"},"schema":{"@context":"https:\/\/schema.org","@graph":[{"@type":"WebPage","@id":"https:\/\/blogs.uninter.edu.mx\/ENDECS\/index.php\/posgrados\/","url":"https:\/\/blogs.uninter.edu.mx\/ENDECS\/index.php\/posgrados\/","name":"Posgrados Uninter - Los mejores maestros dan clases en UNINTER","isPartOf":{"@id":"https:\/\/blogs.uninter.edu.mx\/ENDECS\/#website"},"primaryImageOfPage":{"@id":"https:\/\/blogs.uninter.edu.mx\/ENDECS\/index.php\/posgrados\/#primaryimage"},"image":{"@id":"https:\/\/blogs.uninter.edu.mx\/ENDECS\/index.php\/posgrados\/#primaryimage"},"thumbnailUrl":"https:\/\/blogs.uninter.edu.mx\/ENDECS\/wp-content\/uploads\/2019\/07\/logo_con_sec.png","datePublished":"2019-07-11T22:47:57+00:00","dateModified":"2019-08-10T14:48:14+00:00","description":"En UNINTER tenemos una amplia variedad de posgrados para continuar tu vida profesional, \u00bfQu\u00e9 esperas para inscribirte con nosotros?","breadcrumb":{"@id":"https:\/\/blogs.uninter.edu.mx\/ENDECS\/index.php\/posgrados\/#breadcrumb"},"inLanguage":"es","potentialAction":[{"@type":"ReadAction","target":["https:\/\/blogs.uninter.edu.mx\/ENDECS\/index.php\/posgrados\/"]}]},{"@type":"ImageObject","inLanguage":"es","@id":"https:\/\/blogs.uninter.edu.mx\/ENDECS\/index.php\/posgrados\/#primaryimage","url":"https:\/\/blogs.uninter.edu.mx\/ENDECS\/wp-content\/uploads\/2019\/07\/logo_con_sec.png","contentUrl":"https:\/\/blogs.uninter.edu.mx\/ENDECS\/wp-content\/uploads\/2019\/07\/logo_con_sec.png","width":533,"height":86,"caption":"Logo Uninter transparente con descripci\u00f3n"},{"@type":"BreadcrumbList","@id":"https:\/\/blogs.uninter.edu.mx\/ENDECS\/index.php\/posgrados\/#breadcrumb","itemListElement":[{"@type":"ListItem","position":1,"name":"Inicio","item":"https:\/\/blogs.uninter.edu.mx\/ENDECS\/"},{"@type":"ListItem","position":2,"name":"Posgrados y Especialidades"}]},{"@type":"WebSite","@id":"https:\/\/blogs.uninter.edu.mx\/ENDECS\/#website","url":"https:\/\/blogs.uninter.edu.mx\/ENDECS\/","name":"ENDECS","description":"Escuela de Negocios Derecho y Ciencias Sociales","publisher":{"@id":"https:\/\/blogs.uninter.edu.mx\/ENDECS\/#organization"},"potentialAction":[{"@type":"SearchAction","target":{"@type":"EntryPoint","urlTemplate":"https:\/\/blogs.uninter.edu.mx\/ENDECS\/?s={search_term_string}"},"query-input":{"@type":"PropertyValueSpecification","valueRequired":true,"valueName":"search_term_string"}}],"inLanguage":"es"},{"@type":"Organization","@id":"https:\/\/blogs.uninter.edu.mx\/ENDECS\/#organization","name":"ENDECS - UNINTER","url":"https:\/\/blogs.uninter.edu.mx\/ENDECS\/","logo":{"@type":"ImageObject","inLanguage":"es","@id":"https:\/\/blogs.uninter.edu.mx\/ENDECS\/#\/schema\/logo\/image\/","url":"https:\/\/blogs.uninter.edu.mx\/ENDECS\/wp-content\/uploads\/2019\/06\/Blog-ENDECS.jpg","contentUrl":"https:\/\/blogs.uninter.edu.mx\/ENDECS\/wp-content\/uploads\/2019\/06\/Blog-ENDECS.jpg","width":1020,"height":317,"caption":"ENDECS - UNINTER"},"image":{"@id":"https:\/\/blogs.uninter.edu.mx\/ENDECS\/#\/schema\/logo\/image\/"}}]}},"jetpack_sharing_enabled":true,"_links":{"self":[{"href":"https:\/\/blogs.uninter.edu.mx\/ENDECS\/index.php\/wp-json\/wp\/v2\/pages\/554","targetHints":{"allow":["GET"]}}],"collection":[{"href":"https:\/\/blogs.uninter.edu.mx\/ENDECS\/index.php\/wp-json\/wp\/v2\/pages"}],"about":[{"href":"https:\/\/blogs.uninter.edu.mx\/ENDECS\/index.php\/wp-json\/wp\/v2\/types\/page"}],"author":[{"embeddable":true,"href":"https:\/\/blogs.uninter.edu.mx\/ENDECS\/index.php\/wp-json\/wp\/v2\/users\/17"}],"replies":[{"embeddable":true,"href":"https:\/\/blogs.uninter.edu.mx\/ENDECS\/index.php\/wp-json\/wp\/v2\/comments?post=554"}],"version-history":[{"count":8,"href":"https:\/\/blogs.uninter.edu.mx\/ENDECS\/index.php\/wp-json\/wp\/v2\/pages\/554\/revisions"}],"predecessor-version":[{"id":853,"href":"https:\/\/blogs.uninter.edu.mx\/ENDECS\/index.php\/wp-json\/wp\/v2\/pages\/554\/revisions\/853"}],"wp:attachment":[{"href":"https:\/\/blogs.uninter.edu.mx\/ENDECS\/index.php\/wp-json\/wp\/v2\/media?parent=554"}],"curies":[{"name":"wp","href":"https:\/\/api.w.org\/{rel}","templated":true}]}}