{"id":7073,"date":"2021-06-05T10:37:17","date_gmt":"2021-06-05T15:37:17","guid":{"rendered":"https:\/\/blogs.uninter.edu.mx\/ENDECS\/?page_id=7073"},"modified":"2024-11-04T12:22:02","modified_gmt":"2024-11-04T18:22:02","slug":"simposio","status":"publish","type":"page","link":"https:\/\/blogs.uninter.edu.mx\/ENDECS\/index.php\/simposio\/","title":{"rendered":"Simposio"},"content":{"rendered":"\n<p class=\"has-text-align-justify\">El Simposio de Posgrados en Negocios es un espacio de encuentro que promueve el di\u00e1logo e intercambio de ideas con respecto al mundo empresarial y tiene lugar en la Universidad Internacional. En \u00e9ste se re\u00fanen expertos y estudiantes de nivel superior para presentar trabajos de las diversas l\u00edneas de investigaci\u00f3n que competen a la administraci\u00f3n y los negocios. Las l\u00edneas de investigaci\u00f3n son: micro, peque\u00f1as y medianas empresas (MPyME), entorno econ\u00f3mico internacional, responsabilidad social empresarial, negocios Internacionales, organismos y organizaciones internacionales, evaluaci\u00f3n financiera internacional, dise\u00f1o y administraci\u00f3n de planes de negocios, desarrollo sustentable, competencias laborales, el conocimiento y las organizaciones, capital humano y recursos humanos, finanzas personales, alianzas Internacionales, gesti\u00f3n de la tecnolog\u00eda, marketing, marketing digital, branding digital y comercio electr\u00f3nico.<\/p>\n\n\n\n<p class=\"has-text-align-justify\">Se desarrolla a trav\u00e9s de diversas mesas de trabajo y en cada una de \u00e9stas se aborda una tem\u00e1tica espec\u00edfica y los expertos participan mediante una breve intervenci\u00f3n a manera de ponencia.<\/p>\n\n\n\n<p class=\"has-text-align-justify\">Las ponencias dentro de este recinto son de car\u00e1cter acad\u00e9mico y su prop\u00f3sito es difundir el conocimiento e informaci\u00f3n resultante de una investigaci\u00f3n emp\u00edrica o te\u00f3rica.<\/p>\n\n\n\n<p>Caracter\u00edsticas:<\/p>\n\n\n\n<p>\u00b7 Los panelistas que conforman cada mesa de trabajo disponen de 20 minutos para presentar su aporte.<\/p>\n\n\n\n<p>\u00b7 La ponencia tiene un componente de oralidad.<\/p>\n\n\n\n<p>\u00b7 Se utiliza material apoyo para mostrar datos cient\u00edficos o puntos relevantes.<\/p>\n\n\n\n<p>\u00b7 No genera pol\u00e9mica ya que la intenci\u00f3n es conocer los diversos \u00e1ngulos o enfoques acad\u00e9micos.<\/p>\n\n\n\n<p><style>.site-header .site-branding {background-color: transparent;background-image: url(https:\/\/blogs.uninter.edu.mx\/ENDECS\/wp-content\/uploads\/2021\/06\/Logo-Simposio-de-Negocios-02-scaled-e1622908809440-1024x238.jpg);background-position: 50% 0;background-repeat: no-repeat;height: 263px;}<\/style><\/p>\n\n\n\n<p><!-- Codigo personalizado --><\/p>\n<p><style>.site-header .site-branding {background-color: transparent;background-image: url(https:\/\/blogs.uninter.edu.mx\/ENDECS\/wp-content\/uploads\/2024\/11\/Captura-de-pantalla-2024-11-01-154027.png);background-position: 65% 0;background-repeat: no-repeat;height: 330px;}<\/style><\/p>\n<p><!-- Codigo personalizado --><\/p>\n","protected":false},"excerpt":{"rendered":"<p>El Simposio de Posgrados en Negocios es un espacio de encuentro que promueve el di\u00e1logo e intercambio de ideas con respecto al mundo empresarial y tiene lugar en la Universidad Internacional. En \u00e9ste se re\u00fanen expertos y estudiantes de nivel superior para presentar trabajos de las diversas l\u00edneas de investigaci\u00f3n que competen a la administraci\u00f3n&hellip;<\/p>\n","protected":false},"author":20,"featured_media":0,"parent":0,"menu_order":0,"comment_status":"closed","ping_status":"closed","template":"page-templates\/template-full-width.php","meta":{"footnotes":""},"class_list":["post-7073","page","type-page","status-publish","hentry"],"yoast_head":"<!-- This site is optimized with the Yoast SEO plugin v26.0 - https:\/\/yoast.com\/wordpress\/plugins\/seo\/ -->\r\n<title>Simposio - ENDECS<\/title>\r\n<meta name=\"robots\" content=\"index, follow, max-snippet:-1, max-image-preview:large, max-video-preview:-1\" \/>\r\n<link rel=\"canonical\" href=\"https:\/\/blogs.uninter.edu.mx\/ENDECS\/index.php\/simposio\/\" \/>\r\n<meta property=\"og:locale\" content=\"es_MX\" \/>\r\n<meta property=\"og:type\" content=\"article\" \/>\r\n<meta property=\"og:title\" content=\"Simposio - ENDECS\" \/>\r\n<meta property=\"og:description\" content=\"El Simposio de Posgrados en Negocios es un espacio de encuentro que promueve el di\u00e1logo e intercambio de ideas con respecto al mundo empresarial y tiene lugar en la Universidad Internacional. En \u00e9ste se re\u00fanen expertos y estudiantes de nivel superior para presentar trabajos de las diversas l\u00edneas de investigaci\u00f3n que competen a la administraci\u00f3n&hellip;\" \/>\r\n<meta property=\"og:url\" content=\"https:\/\/blogs.uninter.edu.mx\/ENDECS\/index.php\/simposio\/\" \/>\r\n<meta property=\"og:site_name\" content=\"ENDECS\" \/>\r\n<meta property=\"article:modified_time\" content=\"2024-11-04T18:22:02+00:00\" \/>\r\n<meta name=\"twitter:card\" content=\"summary_large_image\" \/>\r\n<meta name=\"twitter:label1\" content=\"Tiempo de lectura\" \/>\n\t<meta name=\"twitter:data1\" content=\"2 minutos\" \/>\r\n<script type=\"application\/ld+json\" class=\"yoast-schema-graph\">{\"@context\":\"https:\/\/schema.org\",\"@graph\":[{\"@type\":\"WebPage\",\"@id\":\"https:\/\/blogs.uninter.edu.mx\/ENDECS\/index.php\/simposio\/\",\"url\":\"https:\/\/blogs.uninter.edu.mx\/ENDECS\/index.php\/simposio\/\",\"name\":\"Simposio - ENDECS\",\"isPartOf\":{\"@id\":\"https:\/\/blogs.uninter.edu.mx\/ENDECS\/#website\"},\"datePublished\":\"2021-06-05T15:37:17+00:00\",\"dateModified\":\"2024-11-04T18:22:02+00:00\",\"breadcrumb\":{\"@id\":\"https:\/\/blogs.uninter.edu.mx\/ENDECS\/index.php\/simposio\/#breadcrumb\"},\"inLanguage\":\"es\",\"potentialAction\":[{\"@type\":\"ReadAction\",\"target\":[\"https:\/\/blogs.uninter.edu.mx\/ENDECS\/index.php\/simposio\/\"]}]},{\"@type\":\"BreadcrumbList\",\"@id\":\"https:\/\/blogs.uninter.edu.mx\/ENDECS\/index.php\/simposio\/#breadcrumb\",\"itemListElement\":[{\"@type\":\"ListItem\",\"position\":1,\"name\":\"Inicio\",\"item\":\"https:\/\/blogs.uninter.edu.mx\/ENDECS\/\"},{\"@type\":\"ListItem\",\"position\":2,\"name\":\"Simposio\"}]},{\"@type\":\"WebSite\",\"@id\":\"https:\/\/blogs.uninter.edu.mx\/ENDECS\/#website\",\"url\":\"https:\/\/blogs.uninter.edu.mx\/ENDECS\/\",\"name\":\"ENDECS\",\"description\":\"Escuela de Negocios Derecho y Ciencias Sociales\",\"publisher\":{\"@id\":\"https:\/\/blogs.uninter.edu.mx\/ENDECS\/#organization\"},\"potentialAction\":[{\"@type\":\"SearchAction\",\"target\":{\"@type\":\"EntryPoint\",\"urlTemplate\":\"https:\/\/blogs.uninter.edu.mx\/ENDECS\/?s={search_term_string}\"},\"query-input\":{\"@type\":\"PropertyValueSpecification\",\"valueRequired\":true,\"valueName\":\"search_term_string\"}}],\"inLanguage\":\"es\"},{\"@type\":\"Organization\",\"@id\":\"https:\/\/blogs.uninter.edu.mx\/ENDECS\/#organization\",\"name\":\"ENDECS - UNINTER\",\"url\":\"https:\/\/blogs.uninter.edu.mx\/ENDECS\/\",\"logo\":{\"@type\":\"ImageObject\",\"inLanguage\":\"es\",\"@id\":\"https:\/\/blogs.uninter.edu.mx\/ENDECS\/#\/schema\/logo\/image\/\",\"url\":\"https:\/\/blogs.uninter.edu.mx\/ENDECS\/wp-content\/uploads\/2019\/06\/Blog-ENDECS.jpg\",\"contentUrl\":\"https:\/\/blogs.uninter.edu.mx\/ENDECS\/wp-content\/uploads\/2019\/06\/Blog-ENDECS.jpg\",\"width\":1020,\"height\":317,\"caption\":\"ENDECS - UNINTER\"},\"image\":{\"@id\":\"https:\/\/blogs.uninter.edu.mx\/ENDECS\/#\/schema\/logo\/image\/\"}}]}<\/script>\r\n<!-- \/ Yoast SEO plugin. -->","yoast_head_json":{"title":"Simposio - ENDECS","robots":{"index":"index","follow":"follow","max-snippet":"max-snippet:-1","max-image-preview":"max-image-preview:large","max-video-preview":"max-video-preview:-1"},"canonical":"https:\/\/blogs.uninter.edu.mx\/ENDECS\/index.php\/simposio\/","og_locale":"es_MX","og_type":"article","og_title":"Simposio - ENDECS","og_description":"El Simposio de Posgrados en Negocios es un espacio de encuentro que promueve el di\u00e1logo e intercambio de ideas con respecto al mundo empresarial y tiene lugar en la Universidad Internacional. En \u00e9ste se re\u00fanen expertos y estudiantes de nivel superior para presentar trabajos de las diversas l\u00edneas de investigaci\u00f3n que competen a la administraci\u00f3n&hellip;","og_url":"https:\/\/blogs.uninter.edu.mx\/ENDECS\/index.php\/simposio\/","og_site_name":"ENDECS","article_modified_time":"2024-11-04T18:22:02+00:00","twitter_card":"summary_large_image","twitter_misc":{"Tiempo de lectura":"2 minutos"},"schema":{"@context":"https:\/\/schema.org","@graph":[{"@type":"WebPage","@id":"https:\/\/blogs.uninter.edu.mx\/ENDECS\/index.php\/simposio\/","url":"https:\/\/blogs.uninter.edu.mx\/ENDECS\/index.php\/simposio\/","name":"Simposio - ENDECS","isPartOf":{"@id":"https:\/\/blogs.uninter.edu.mx\/ENDECS\/#website"},"datePublished":"2021-06-05T15:37:17+00:00","dateModified":"2024-11-04T18:22:02+00:00","breadcrumb":{"@id":"https:\/\/blogs.uninter.edu.mx\/ENDECS\/index.php\/simposio\/#breadcrumb"},"inLanguage":"es","potentialAction":[{"@type":"ReadAction","target":["https:\/\/blogs.uninter.edu.mx\/ENDECS\/index.php\/simposio\/"]}]},{"@type":"BreadcrumbList","@id":"https:\/\/blogs.uninter.edu.mx\/ENDECS\/index.php\/simposio\/#breadcrumb","itemListElement":[{"@type":"ListItem","position":1,"name":"Inicio","item":"https:\/\/blogs.uninter.edu.mx\/ENDECS\/"},{"@type":"ListItem","position":2,"name":"Simposio"}]},{"@type":"WebSite","@id":"https:\/\/blogs.uninter.edu.mx\/ENDECS\/#website","url":"https:\/\/blogs.uninter.edu.mx\/ENDECS\/","name":"ENDECS","description":"Escuela de Negocios Derecho y Ciencias Sociales","publisher":{"@id":"https:\/\/blogs.uninter.edu.mx\/ENDECS\/#organization"},"potentialAction":[{"@type":"SearchAction","target":{"@type":"EntryPoint","urlTemplate":"https:\/\/blogs.uninter.edu.mx\/ENDECS\/?s={search_term_string}"},"query-input":{"@type":"PropertyValueSpecification","valueRequired":true,"valueName":"search_term_string"}}],"inLanguage":"es"},{"@type":"Organization","@id":"https:\/\/blogs.uninter.edu.mx\/ENDECS\/#organization","name":"ENDECS - UNINTER","url":"https:\/\/blogs.uninter.edu.mx\/ENDECS\/","logo":{"@type":"ImageObject","inLanguage":"es","@id":"https:\/\/blogs.uninter.edu.mx\/ENDECS\/#\/schema\/logo\/image\/","url":"https:\/\/blogs.uninter.edu.mx\/ENDECS\/wp-content\/uploads\/2019\/06\/Blog-ENDECS.jpg","contentUrl":"https:\/\/blogs.uninter.edu.mx\/ENDECS\/wp-content\/uploads\/2019\/06\/Blog-ENDECS.jpg","width":1020,"height":317,"caption":"ENDECS - UNINTER"},"image":{"@id":"https:\/\/blogs.uninter.edu.mx\/ENDECS\/#\/schema\/logo\/image\/"}}]}},"jetpack_sharing_enabled":true,"_links":{"self":[{"href":"https:\/\/blogs.uninter.edu.mx\/ENDECS\/index.php\/wp-json\/wp\/v2\/pages\/7073","targetHints":{"allow":["GET"]}}],"collection":[{"href":"https:\/\/blogs.uninter.edu.mx\/ENDECS\/index.php\/wp-json\/wp\/v2\/pages"}],"about":[{"href":"https:\/\/blogs.uninter.edu.mx\/ENDECS\/index.php\/wp-json\/wp\/v2\/types\/page"}],"author":[{"embeddable":true,"href":"https:\/\/blogs.uninter.edu.mx\/ENDECS\/index.php\/wp-json\/wp\/v2\/users\/20"}],"replies":[{"embeddable":true,"href":"https:\/\/blogs.uninter.edu.mx\/ENDECS\/index.php\/wp-json\/wp\/v2\/comments?post=7073"}],"version-history":[{"count":21,"href":"https:\/\/blogs.uninter.edu.mx\/ENDECS\/index.php\/wp-json\/wp\/v2\/pages\/7073\/revisions"}],"predecessor-version":[{"id":11248,"href":"https:\/\/blogs.uninter.edu.mx\/ENDECS\/index.php\/wp-json\/wp\/v2\/pages\/7073\/revisions\/11248"}],"wp:attachment":[{"href":"https:\/\/blogs.uninter.edu.mx\/ENDECS\/index.php\/wp-json\/wp\/v2\/media?parent=7073"}],"curies":[{"name":"wp","href":"https:\/\/api.w.org\/{rel}","templated":true}]}}