{"id":16662,"date":"2018-02-23T18:22:31","date_gmt":"2018-02-24T00:22:31","guid":{"rendered":"http:\/\/escatuninter.blog\/?page_id=16662"},"modified":"2026-03-18T19:44:17","modified_gmt":"2026-03-19T01:44:17","slug":"conocenos-escat","status":"publish","type":"page","link":"https:\/\/blogs.uninter.edu.mx\/ESCAT\/index.php\/conocenos-escat\/","title":{"rendered":"Con\u00f3cenos"},"content":{"rendered":"<h1 style=\"text-align: center;\">Conoce un poco m\u00e1s de los que conformamos a la<br \/><span style=\"color: #003366;\">Escuela de Ciencias, Artes y Tecnolog\u00eda<\/span><\/h1>\n\n\n<h1 class=\"wp-block-heading has-text-align-center\">Direcci\u00f3n ESCAT<\/h1>\n\n\n\n<figure class=\"wp-block-image size-full\"><img loading=\"lazy\" decoding=\"async\" width=\"4302\" height=\"3138\" src=\"https:\/\/blogs.uninter.edu.mx\/ESCAT\/wp-content\/uploads\/2024\/08\/Mary.jpg\" alt=\"\" class=\"wp-image-69891\"\/><\/figure>\n\n\n\n<p>Mtra. Mary Carmen Hern\u00e1ndez Gatica \/ Directora de ESCAT y DIDPE<\/p>\n\n\n\n<figure class=\"wp-block-image size-full\"><img loading=\"lazy\" decoding=\"async\" width=\"4302\" height=\"3138\" src=\"https:\/\/blogs.uninter.edu.mx\/ESCAT\/wp-content\/uploads\/2025\/02\/Diane.jpg\" alt=\"\" class=\"wp-image-71878\"\/><\/figure>\n\n\n\n<p>Diane Erandi Guti\u00e9rrez Herrera \/ Apoyo en Direcci\u00f3n<\/p>\n\n\n\n<figure class=\"wp-block-image size-full\"><img loading=\"lazy\" decoding=\"async\" width=\"4302\" height=\"3138\" src=\"https:\/\/blogs.uninter.edu.mx\/ESCAT\/wp-content\/uploads\/2025\/10\/2026-1-CV-Sofia-Partida-2.jpg\" alt=\"\" class=\"wp-image-77704\"\/><\/figure>\n\n\n\n<p>Sof\u00eda Partida Arias \/ Apoyo en Direcci\u00f3n<\/p>\n\n\n\n<figure class=\"wp-block-image size-full\"><img loading=\"lazy\" decoding=\"async\" width=\"1200\" height=\"875\" src=\"https:\/\/blogs.uninter.edu.mx\/ESCAT\/wp-content\/uploads\/2026\/03\/Diego-2.png\" alt=\"\" class=\"wp-image-79096\"\/><\/figure>\n\n\n\n<p>Diego Eduardo Gac\u00eda Mart\u00ednez \/ Apoyo en Direcci\u00f3n<\/p>\n\n\n\n<figure class=\"wp-block-image size-full\"><img loading=\"lazy\" decoding=\"async\" width=\"1200\" height=\"875\" src=\"https:\/\/blogs.uninter.edu.mx\/ESCAT\/wp-content\/uploads\/2026\/03\/Angel-2.png\" alt=\"\" class=\"wp-image-79099\"\/><\/figure>\n\n\n\n<p>Angel Fuentes Garc\u00eda \/ Apoyo en Direcci\u00f3n<\/p>\n\n\n\n<h1 class=\"wp-block-heading has-text-align-center\">Direcci\u00f3n de Innovaci\u00f3n y Desarrollo de Planes de Estudios (DIDPE)<\/h1>\n\n\n\n<figure class=\"wp-block-image size-full\"><img loading=\"lazy\" decoding=\"async\" width=\"1200\" height=\"875\" src=\"https:\/\/blogs.uninter.edu.mx\/ESCAT\/wp-content\/uploads\/2026\/03\/2026-1-CV-Nissi-Blanch.jpg\" alt=\"\" class=\"wp-image-79098\"\/><\/figure>\n\n\n\n<p>Nissi Merab Blanch Garc\u00eda \/ Coordinadora Administrativa de DIDPE<\/p>\n\n\n\n<figure class=\"wp-block-image size-full\"><img loading=\"lazy\" decoding=\"async\" width=\"4302\" height=\"3138\" src=\"https:\/\/blogs.uninter.edu.mx\/ESCAT\/wp-content\/uploads\/2025\/03\/Yaneth.jpg\" alt=\"\" class=\"wp-image-72680\"\/><\/figure>\n\n\n\n<p>Yanneth Yoshadara Ch\u00e1vez Corona \/ Investigaci\u00f3n de Planes de Estudios<\/p>\n\n\n\n<h1 class=\"wp-block-heading has-text-align-center\">Direcci\u00f3n de Ingenier\u00edas <br>Carreras IMI, IME, ISC, IISCA<br>Departamento IN-CN<\/h1>\n\n\n\n<figure class=\"wp-block-image size-full\"><img loading=\"lazy\" decoding=\"async\" width=\"4302\" height=\"3138\" src=\"https:\/\/blogs.uninter.edu.mx\/ESCAT\/wp-content\/uploads\/2024\/08\/Mariana.jpg\" alt=\"\" class=\"wp-image-69897\"\/><\/figure>\n\n\n\n<p>Mtra. Mariana Mart\u00ednez \/ Dir. Deptos. Acad\u00e9micos IN y CN \/ Dir. Carreras IME, IME, IISCA, ISC<\/p>\n\n\n\n<figure class=\"wp-block-image size-full\"><img loading=\"lazy\" decoding=\"async\" width=\"4302\" height=\"3138\" src=\"https:\/\/blogs.uninter.edu.mx\/ESCAT\/wp-content\/uploads\/2025\/10\/2026-1-CV-Rebeca-2.jpg\" alt=\"\" class=\"wp-image-77579\"\/><\/figure>\n\n\n\n<p>Rebeca Alejandra Cu\u00e9llar \u00c1ngel \/ Asistente en el \u00c1rea de CN e IN y Sistemas Computacionales<\/p>\n\n\n\n<h1 class=\"wp-block-heading has-text-align-center\"> Direcci\u00f3n de Dise\u00f1o de Modas<br>Carreras LDM, LDI<br>Departamento DM<\/h1>\n\n\n\n<figure class=\"wp-block-image size-full\"><img loading=\"lazy\" decoding=\"async\" width=\"4302\" height=\"3138\" src=\"https:\/\/blogs.uninter.edu.mx\/ESCAT\/wp-content\/uploads\/2025\/10\/2026-1-CV-Emely-2.jpg\" alt=\"\" class=\"wp-image-77580\"\/><\/figure>\n\n\n\n<p>Ing. Emely Guti\u00e9rrez Jim\u00e9nez \/ Directora de Departamento Acad\u00e9mico DS-Modas \/ Dir. Carrera LDM \/ Coordinador del Taller de Modas y Costura<\/p>\n\n\n\n<figure class=\"wp-block-image size-full\"><img loading=\"lazy\" decoding=\"async\" width=\"2151\" height=\"1569\" src=\"https:\/\/blogs.uninter.edu.mx\/ESCAT\/wp-content\/uploads\/2026\/03\/Loren-2.png\" alt=\"\" class=\"wp-image-79608\"\/><\/figure>\n\n\n\n<p>Loren Martinez Jim\u00e9nez \/ Asistente Direcci\u00f3n Dise\u00f1o DM<\/p>\n\n\n\n<h1 class=\"wp-block-heading has-text-align-center\">Coordinador de Talleres de Dise\u00f1o e Ingenier\u00eda<\/h1>\n\n\n\n<figure class=\"wp-block-image size-full\"><img loading=\"lazy\" decoding=\"async\" width=\"4302\" height=\"3138\" src=\"https:\/\/blogs.uninter.edu.mx\/ESCAT\/wp-content\/uploads\/2025\/10\/2026-1-CV-Violeta-Reyes-2-1.jpg\" alt=\"\" class=\"wp-image-77671\"\/><\/figure>\n\n\n\n<p>Ing. Violeta Reyes Romero \/ Coordinadora de talleres de Dise\u00f1o e Ingenier\u00eda<\/p>\n\n\n\n<h1 class=\"wp-block-heading has-text-align-center\">Direcci\u00f3n de Dise\u00f1os<br>Carrera LADD, LDG<br>Departamento DS<\/h1>\n\n\n\n<figure class=\"wp-block-image size-full\"><img loading=\"lazy\" decoding=\"async\" width=\"4302\" height=\"3138\" src=\"https:\/\/blogs.uninter.edu.mx\/ESCAT\/wp-content\/uploads\/2024\/11\/Gaby.jpg\" alt=\"\" class=\"wp-image-71370\"\/><\/figure>\n\n\n\n<p>Lic. Claudia Gabriela Vel\u00e1zquez D\u00edaz \/ Directora de Departamento Acad\u00e9mico DS \/ Dir. Carrera LDG y LADD<\/p>\n\n\n\n<figure class=\"wp-block-image size-full\"><img loading=\"lazy\" decoding=\"async\" width=\"2151\" height=\"1569\" src=\"https:\/\/blogs.uninter.edu.mx\/ESCAT\/wp-content\/uploads\/2026\/03\/Loren-2.png\" alt=\"\" class=\"wp-image-79608\"\/><\/figure>\n\n\n\n<p>Loren Martinez Jim\u00e9nez \/ Asistente Direcci\u00f3n Dise\u00f1o DS <\/p>\n\n\n\n<figure class=\"wp-block-image size-full\"><img loading=\"lazy\" decoding=\"async\" width=\"4302\" height=\"3138\" src=\"https:\/\/blogs.uninter.edu.mx\/ESCAT\/wp-content\/uploads\/2024\/08\/Ruben.jpg\" alt=\"\" class=\"wp-image-69996\"\/><\/figure>\n\n\n\n<p>Lic. Rub\u00e9n Erick Valdez Reza \/ Academia de Dise\u00f1o \/ PTC<\/p>\n\n\n\n<figure class=\"wp-block-image size-full\"><img loading=\"lazy\" decoding=\"async\" width=\"4302\" height=\"3138\" src=\"https:\/\/blogs.uninter.edu.mx\/ESCAT\/wp-content\/uploads\/2025\/10\/2026-1-CV-Alejandra-Cruz-2.jpg\" alt=\"\" class=\"wp-image-77706\"\/><\/figure>\n\n\n\n<p>Lic. Aurora Alejandra cruz Hern\u00e1ndez \/ Academia de Dise\u00f1o \/ PTC<\/p>\n\n\n\n<h1 class=\"wp-block-heading has-text-align-center\">Direcci\u00f3n de Programas de Posgrados <br>Programas EAPD, EATL, DDI<br>Departamento SC<\/h1>\n\n\n\n<figure class=\"wp-block-image size-full\"><img loading=\"lazy\" decoding=\"async\" width=\"4302\" height=\"3138\" src=\"https:\/\/blogs.uninter.edu.mx\/ESCAT\/wp-content\/uploads\/2025\/10\/2026-1-CV-Betsabe-Flores-2.jpg\" alt=\"\" class=\"wp-image-77707\"\/><\/figure>\n\n\n\n<p>Lic. Betsab\u00e9 A. Flores Vel\u00e1zquez \/ Dir. Programas de Posgrados en Tecnolog\u00eda y Animaci\u00f3n \/ Dir. Departamento Acad\u00e9mico SC<\/p>\n\n\n\n<figure class=\"wp-block-image size-full\"><img loading=\"lazy\" decoding=\"async\" width=\"4302\" height=\"3138\" src=\"https:\/\/blogs.uninter.edu.mx\/ESCAT\/wp-content\/uploads\/2025\/10\/2026-1-CV-Rebeca-2-1.jpg\" alt=\"\" class=\"wp-image-77584\"\/><\/figure>\n\n\n\n<p>Rebeca Alejandra Cu\u00e9llar \u00c1ngel \/ Asistente Dir. Programas de Posgrados en Tecnolog\u00eda y Animaci\u00f3n<\/p>\n\n\n<div class=\"wp-block-image\">\n<figure class=\"aligncenter is-resized\"><a href=\"https:\/\/uninter.edu.mx\/\"><img loading=\"lazy\" decoding=\"async\" width=\"3242\" height=\"489\" src=\"https:\/\/blogs.uninter.edu.mx\/ESCAT\/wp-content\/uploads\/2019\/05\/4-1024x154.png\" alt=\"\" class=\"wp-image-26962\" style=\"width:480px;height:72px\" srcset=\"https:\/\/blogs.uninter.edu.mx\/ESCAT\/wp-content\/uploads\/2019\/05\/4-1024x154.png 1024w, https:\/\/blogs.uninter.edu.mx\/ESCAT\/wp-content\/uploads\/2019\/05\/4-300x45.png 300w, https:\/\/blogs.uninter.edu.mx\/ESCAT\/wp-content\/uploads\/2019\/05\/4-768x116.png 768w\" sizes=\"auto, (max-width: 3242px) 100vw, 3242px\" \/><\/a><\/figure>\n<\/div>\n\n\n<p><\/p>\n","protected":false},"excerpt":{"rendered":"<p>Conoce un poco m\u00e1s de los que conformamos a laEscuela de Ciencias, Artes y Tecnolog\u00eda Direcci\u00f3n ESCAT Mtra. Mary Carmen Hern\u00e1ndez Gatica \/ Directora de ESCAT y DIDPE Diane Erandi Guti\u00e9rrez Herrera \/ Apoyo en Direcci\u00f3n Sof\u00eda Partida Arias \/ Apoyo en Direcci\u00f3n Diego Eduardo Gac\u00eda Mart\u00ednez \/ Apoyo en Direcci\u00f3n Angel Fuentes Garc\u00eda \/&hellip;<\/p>\n","protected":false},"author":22,"featured_media":0,"parent":0,"menu_order":0,"comment_status":"closed","ping_status":"closed","template":"page-templates\/template-full-width.php","meta":{"footnotes":""},"class_list":["post-16662","page","type-page","status-publish","hentry"],"yoast_head":"<!-- This site is optimized with the Yoast SEO plugin v26.8 - https:\/\/yoast.com\/product\/yoast-seo-wordpress\/ -->\r\n<title>Con\u00f3cenos \u00bfQui\u00e9nes forman la ESCAT? - Escuela de Ciencias, Artes y Tecnolog\u00eda<\/title>\r\n<meta name=\"description\" content=\"Con\u00f3cenos \u00bfqui\u00e9nes forman parte de la ESCAT?... Revisa el perfil de los directores de la Escuela de Ciencias, Artes y Tecnolog\u00eda\" \/>\r\n<meta name=\"robots\" content=\"index, follow, max-snippet:-1, max-image-preview:large, max-video-preview:-1\" \/>\r\n<link rel=\"canonical\" href=\"https:\/\/blogs.uninter.edu.mx\/ESCAT\/index.php\/conocenos-escat\/\" \/>\r\n<meta property=\"og:locale\" content=\"es_MX\" \/>\r\n<meta property=\"og:type\" content=\"article\" \/>\r\n<meta property=\"og:title\" content=\"Con\u00f3cenos \u00bfQui\u00e9nes forman la ESCAT? - Escuela de Ciencias, Artes y Tecnolog\u00eda\" \/>\r\n<meta property=\"og:description\" content=\"Con\u00f3cenos \u00bfqui\u00e9nes forman parte de la ESCAT?... Revisa el perfil de los directores de la Escuela de Ciencias, Artes y Tecnolog\u00eda\" \/>\r\n<meta property=\"og:url\" content=\"https:\/\/blogs.uninter.edu.mx\/ESCAT\/index.php\/conocenos-escat\/\" \/>\r\n<meta property=\"og:site_name\" content=\"Escuela de Ciencias, Artes y Tecnolog\u00eda\" \/>\r\n<meta property=\"article:publisher\" content=\"https:\/\/www.facebook.com\/EscatUninter\/\" \/>\r\n<meta property=\"article:modified_time\" content=\"2026-03-19T01:44:17+00:00\" \/>\r\n<meta property=\"og:image\" content=\"https:\/\/blogs.uninter.edu.mx\/ESCAT\/wp-content\/uploads\/2024\/08\/Mary.jpg\" \/>\r\n\t<meta property=\"og:image:width\" content=\"700\" \/>\r\n\t<meta property=\"og:image:height\" content=\"511\" \/>\r\n\t<meta property=\"og:image:type\" content=\"image\/jpeg\" \/>\r\n<meta name=\"twitter:card\" content=\"summary_large_image\" \/>\r\n<meta name=\"twitter:site\" content=\"@EscatUninter\" \/>\r\n<meta name=\"twitter:label1\" content=\"Tiempo de lectura\" \/>\n\t<meta name=\"twitter:data1\" content=\"6 minutos\" \/>\r\n<script type=\"application\/ld+json\" class=\"yoast-schema-graph\">{\"@context\":\"https:\/\/schema.org\",\"@graph\":[{\"@type\":\"WebPage\",\"@id\":\"https:\/\/blogs.uninter.edu.mx\/ESCAT\/index.php\/conocenos-escat\/\",\"url\":\"https:\/\/blogs.uninter.edu.mx\/ESCAT\/index.php\/conocenos-escat\/\",\"name\":\"Con\u00f3cenos \u00bfQui\u00e9nes forman la ESCAT? - Escuela de Ciencias, Artes y Tecnolog\u00eda\",\"isPartOf\":{\"@id\":\"https:\/\/blogs.uninter.edu.mx\/ESCAT\/#website\"},\"primaryImageOfPage\":{\"@id\":\"https:\/\/blogs.uninter.edu.mx\/ESCAT\/index.php\/conocenos-escat\/#primaryimage\"},\"image\":{\"@id\":\"https:\/\/blogs.uninter.edu.mx\/ESCAT\/index.php\/conocenos-escat\/#primaryimage\"},\"thumbnailUrl\":\"https:\/\/blogs.uninter.edu.mx\/ESCAT\/wp-content\/uploads\/2024\/08\/Mary.jpg\",\"datePublished\":\"2018-02-24T00:22:31+00:00\",\"dateModified\":\"2026-03-19T01:44:17+00:00\",\"description\":\"Con\u00f3cenos \u00bfqui\u00e9nes forman parte de la ESCAT?... Revisa el perfil de los directores de la Escuela de Ciencias, Artes y Tecnolog\u00eda\",\"breadcrumb\":{\"@id\":\"https:\/\/blogs.uninter.edu.mx\/ESCAT\/index.php\/conocenos-escat\/#breadcrumb\"},\"inLanguage\":\"es\",\"potentialAction\":[{\"@type\":\"ReadAction\",\"target\":[\"https:\/\/blogs.uninter.edu.mx\/ESCAT\/index.php\/conocenos-escat\/\"]}]},{\"@type\":\"ImageObject\",\"inLanguage\":\"es\",\"@id\":\"https:\/\/blogs.uninter.edu.mx\/ESCAT\/index.php\/conocenos-escat\/#primaryimage\",\"url\":\"https:\/\/blogs.uninter.edu.mx\/ESCAT\/wp-content\/uploads\/2024\/08\/Mary.jpg\",\"contentUrl\":\"https:\/\/blogs.uninter.edu.mx\/ESCAT\/wp-content\/uploads\/2024\/08\/Mary.jpg\",\"width\":4302,\"height\":3138},{\"@type\":\"BreadcrumbList\",\"@id\":\"https:\/\/blogs.uninter.edu.mx\/ESCAT\/index.php\/conocenos-escat\/#breadcrumb\",\"itemListElement\":[{\"@type\":\"ListItem\",\"position\":1,\"name\":\"Inicio\",\"item\":\"https:\/\/blogs.uninter.edu.mx\/ESCAT\/\"},{\"@type\":\"ListItem\",\"position\":2,\"name\":\"Con\u00f3cenos\"}]},{\"@type\":\"WebSite\",\"@id\":\"https:\/\/blogs.uninter.edu.mx\/ESCAT\/#website\",\"url\":\"https:\/\/blogs.uninter.edu.mx\/ESCAT\/\",\"name\":\"Escuela de Ciencias, Artes y Tecnolog\u00eda UNINTER\",\"description\":\"ESCAT\",\"potentialAction\":[{\"@type\":\"SearchAction\",\"target\":{\"@type\":\"EntryPoint\",\"urlTemplate\":\"https:\/\/blogs.uninter.edu.mx\/ESCAT\/?s={search_term_string}\"},\"query-input\":{\"@type\":\"PropertyValueSpecification\",\"valueRequired\":true,\"valueName\":\"search_term_string\"}}],\"inLanguage\":\"es\"}]}<\/script>\r\n<!-- \/ Yoast SEO plugin. -->","yoast_head_json":{"title":"Con\u00f3cenos \u00bfQui\u00e9nes forman la ESCAT? - Escuela de Ciencias, Artes y Tecnolog\u00eda","description":"Con\u00f3cenos \u00bfqui\u00e9nes forman parte de la ESCAT?... Revisa el perfil de los directores de la Escuela de Ciencias, Artes y Tecnolog\u00eda","robots":{"index":"index","follow":"follow","max-snippet":"max-snippet:-1","max-image-preview":"max-image-preview:large","max-video-preview":"max-video-preview:-1"},"canonical":"https:\/\/blogs.uninter.edu.mx\/ESCAT\/index.php\/conocenos-escat\/","og_locale":"es_MX","og_type":"article","og_title":"Con\u00f3cenos \u00bfQui\u00e9nes forman la ESCAT? - Escuela de Ciencias, Artes y Tecnolog\u00eda","og_description":"Con\u00f3cenos \u00bfqui\u00e9nes forman parte de la ESCAT?... Revisa el perfil de los directores de la Escuela de Ciencias, Artes y Tecnolog\u00eda","og_url":"https:\/\/blogs.uninter.edu.mx\/ESCAT\/index.php\/conocenos-escat\/","og_site_name":"Escuela de Ciencias, Artes y Tecnolog\u00eda","article_publisher":"https:\/\/www.facebook.com\/EscatUninter\/","article_modified_time":"2026-03-19T01:44:17+00:00","og_image":[{"url":"https:\/\/blogs.uninter.edu.mx\/ESCAT\/wp-content\/uploads\/2024\/08\/Mary.jpg","width":700,"height":511,"type":"image\/jpeg"}],"twitter_card":"summary_large_image","twitter_site":"@EscatUninter","twitter_misc":{"Tiempo de lectura":"6 minutos"},"schema":{"@context":"https:\/\/schema.org","@graph":[{"@type":"WebPage","@id":"https:\/\/blogs.uninter.edu.mx\/ESCAT\/index.php\/conocenos-escat\/","url":"https:\/\/blogs.uninter.edu.mx\/ESCAT\/index.php\/conocenos-escat\/","name":"Con\u00f3cenos \u00bfQui\u00e9nes forman la ESCAT? - Escuela de Ciencias, Artes y Tecnolog\u00eda","isPartOf":{"@id":"https:\/\/blogs.uninter.edu.mx\/ESCAT\/#website"},"primaryImageOfPage":{"@id":"https:\/\/blogs.uninter.edu.mx\/ESCAT\/index.php\/conocenos-escat\/#primaryimage"},"image":{"@id":"https:\/\/blogs.uninter.edu.mx\/ESCAT\/index.php\/conocenos-escat\/#primaryimage"},"thumbnailUrl":"https:\/\/blogs.uninter.edu.mx\/ESCAT\/wp-content\/uploads\/2024\/08\/Mary.jpg","datePublished":"2018-02-24T00:22:31+00:00","dateModified":"2026-03-19T01:44:17+00:00","description":"Con\u00f3cenos \u00bfqui\u00e9nes forman parte de la ESCAT?... Revisa el perfil de los directores de la Escuela de Ciencias, Artes y Tecnolog\u00eda","breadcrumb":{"@id":"https:\/\/blogs.uninter.edu.mx\/ESCAT\/index.php\/conocenos-escat\/#breadcrumb"},"inLanguage":"es","potentialAction":[{"@type":"ReadAction","target":["https:\/\/blogs.uninter.edu.mx\/ESCAT\/index.php\/conocenos-escat\/"]}]},{"@type":"ImageObject","inLanguage":"es","@id":"https:\/\/blogs.uninter.edu.mx\/ESCAT\/index.php\/conocenos-escat\/#primaryimage","url":"https:\/\/blogs.uninter.edu.mx\/ESCAT\/wp-content\/uploads\/2024\/08\/Mary.jpg","contentUrl":"https:\/\/blogs.uninter.edu.mx\/ESCAT\/wp-content\/uploads\/2024\/08\/Mary.jpg","width":4302,"height":3138},{"@type":"BreadcrumbList","@id":"https:\/\/blogs.uninter.edu.mx\/ESCAT\/index.php\/conocenos-escat\/#breadcrumb","itemListElement":[{"@type":"ListItem","position":1,"name":"Inicio","item":"https:\/\/blogs.uninter.edu.mx\/ESCAT\/"},{"@type":"ListItem","position":2,"name":"Con\u00f3cenos"}]},{"@type":"WebSite","@id":"https:\/\/blogs.uninter.edu.mx\/ESCAT\/#website","url":"https:\/\/blogs.uninter.edu.mx\/ESCAT\/","name":"Escuela de Ciencias, Artes y Tecnolog\u00eda UNINTER","description":"ESCAT","potentialAction":[{"@type":"SearchAction","target":{"@type":"EntryPoint","urlTemplate":"https:\/\/blogs.uninter.edu.mx\/ESCAT\/?s={search_term_string}"},"query-input":{"@type":"PropertyValueSpecification","valueRequired":true,"valueName":"search_term_string"}}],"inLanguage":"es"}]}},"jetpack_sharing_enabled":true,"_links":{"self":[{"href":"https:\/\/blogs.uninter.edu.mx\/ESCAT\/index.php\/wp-json\/wp\/v2\/pages\/16662","targetHints":{"allow":["GET"]}}],"collection":[{"href":"https:\/\/blogs.uninter.edu.mx\/ESCAT\/index.php\/wp-json\/wp\/v2\/pages"}],"about":[{"href":"https:\/\/blogs.uninter.edu.mx\/ESCAT\/index.php\/wp-json\/wp\/v2\/types\/page"}],"author":[{"embeddable":true,"href":"https:\/\/blogs.uninter.edu.mx\/ESCAT\/index.php\/wp-json\/wp\/v2\/users\/22"}],"replies":[{"embeddable":true,"href":"https:\/\/blogs.uninter.edu.mx\/ESCAT\/index.php\/wp-json\/wp\/v2\/comments?post=16662"}],"version-history":[{"count":145,"href":"https:\/\/blogs.uninter.edu.mx\/ESCAT\/index.php\/wp-json\/wp\/v2\/pages\/16662\/revisions"}],"predecessor-version":[{"id":79609,"href":"https:\/\/blogs.uninter.edu.mx\/ESCAT\/index.php\/wp-json\/wp\/v2\/pages\/16662\/revisions\/79609"}],"wp:attachment":[{"href":"https:\/\/blogs.uninter.edu.mx\/ESCAT\/index.php\/wp-json\/wp\/v2\/media?parent=16662"}],"curies":[{"name":"wp","href":"https:\/\/api.w.org\/{rel}","templated":true}]}}