{"id":34078,"date":"2019-11-13T23:01:00","date_gmt":"2019-11-14T05:01:00","guid":{"rendered":"https:\/\/blogs.uninter.edu.mx\/ESCAT\/?page_id=34078"},"modified":"2019-11-28T10:04:40","modified_gmt":"2019-11-28T16:04:40","slug":"feriadi19-talleres","status":"publish","type":"page","link":"https:\/\/blogs.uninter.edu.mx\/ESCAT\/index.php\/feriadi19-talleres\/","title":{"rendered":"#FeriaDI19 Talleres"},"content":{"rendered":"\n<div class=\"wp-block-image\"><figure class=\"aligncenter is-resized\"><img loading=\"lazy\" decoding=\"async\" src=\"https:\/\/blogs.uninter.edu.mx\/ESCAT\/wp-content\/uploads\/2019\/11\/encabezado-publicaciones-9-1024x341.png\" alt=\"#FeriaDI19 Logo Escat-Feria\" class=\"wp-image-34605\" width=\"524\" height=\"174\" srcset=\"https:\/\/blogs.uninter.edu.mx\/ESCAT\/wp-content\/uploads\/2019\/11\/encabezado-publicaciones-9-1024x341.png 1024w, https:\/\/blogs.uninter.edu.mx\/ESCAT\/wp-content\/uploads\/2019\/11\/encabezado-publicaciones-9-300x100.png 300w, https:\/\/blogs.uninter.edu.mx\/ESCAT\/wp-content\/uploads\/2019\/11\/encabezado-publicaciones-9-768x256.png 768w, https:\/\/blogs.uninter.edu.mx\/ESCAT\/wp-content\/uploads\/2019\/11\/encabezado-publicaciones-9.png 1200w\" sizes=\"auto, (max-width: 524px) 100vw, 524px\" \/><\/figure><\/div>\n\n\n\n<p style=\"font-size:18px\">La Escuela de Ciencias Artes y Tecnolog\u00eda ESCAT, tendr\u00e1 para ti  talleres en los que podr\u00e1s complementar tus conocimientos adquiridos en clase.<\/p>\n\n\n\n<h3 class=\"wp-block-heading\" style=\"text-align:center\">Taller 1  martes 3 de diciembre de <br>14:00 a 17:00 hrs.<\/h3>\n\n\n\n<figure class=\"wp-block-image\"><img loading=\"lazy\" decoding=\"async\" width=\"1000\" height=\"1000\" src=\"https:\/\/blogs.uninter.edu.mx\/ESCAT\/wp-content\/uploads\/2019\/11\/FeriaDI19-Martes-Taller-Interf\u00e1z-USB.jpg\" alt=\"#FeriaDI19 Interfaz USB HID\" class=\"wp-image-34606\" srcset=\"https:\/\/blogs.uninter.edu.mx\/ESCAT\/wp-content\/uploads\/2019\/11\/FeriaDI19-Martes-Taller-Interf\u00e1z-USB.jpg 1000w, https:\/\/blogs.uninter.edu.mx\/ESCAT\/wp-content\/uploads\/2019\/11\/FeriaDI19-Martes-Taller-Interf\u00e1z-USB-150x150.jpg 150w, https:\/\/blogs.uninter.edu.mx\/ESCAT\/wp-content\/uploads\/2019\/11\/FeriaDI19-Martes-Taller-Interf\u00e1z-USB-300x300.jpg 300w, https:\/\/blogs.uninter.edu.mx\/ESCAT\/wp-content\/uploads\/2019\/11\/FeriaDI19-Martes-Taller-Interf\u00e1z-USB-768x768.jpg 768w, https:\/\/blogs.uninter.edu.mx\/ESCAT\/wp-content\/uploads\/2019\/11\/FeriaDI19-Martes-Taller-Interf\u00e1z-USB-50x50.jpg 50w\" sizes=\"auto, (max-width: 1000px) 100vw, 1000px\" \/><\/figure>\n\n\n\n<h3 class=\"wp-block-heading\" style=\"text-align:center\">Taller 2  martes 3 de diciembre de <br>14:00 a 18:00 hrs. <\/h3>\n\n\n\n<figure class=\"wp-block-image\"><img loading=\"lazy\" decoding=\"async\" width=\"1000\" height=\"1000\" src=\"https:\/\/blogs.uninter.edu.mx\/ESCAT\/wp-content\/uploads\/2019\/11\/FeriaDI19-Martes-Taller-Pensamiento-Computacional.jpg\" alt=\"#FeriaDI19 Pensamiento Computacional\" class=\"wp-image-34608\" srcset=\"https:\/\/blogs.uninter.edu.mx\/ESCAT\/wp-content\/uploads\/2019\/11\/FeriaDI19-Martes-Taller-Pensamiento-Computacional.jpg 1000w, https:\/\/blogs.uninter.edu.mx\/ESCAT\/wp-content\/uploads\/2019\/11\/FeriaDI19-Martes-Taller-Pensamiento-Computacional-150x150.jpg 150w, https:\/\/blogs.uninter.edu.mx\/ESCAT\/wp-content\/uploads\/2019\/11\/FeriaDI19-Martes-Taller-Pensamiento-Computacional-300x300.jpg 300w, https:\/\/blogs.uninter.edu.mx\/ESCAT\/wp-content\/uploads\/2019\/11\/FeriaDI19-Martes-Taller-Pensamiento-Computacional-768x768.jpg 768w, https:\/\/blogs.uninter.edu.mx\/ESCAT\/wp-content\/uploads\/2019\/11\/FeriaDI19-Martes-Taller-Pensamiento-Computacional-50x50.jpg 50w\" sizes=\"auto, (max-width: 1000px) 100vw, 1000px\" \/><\/figure>\n\n\n\n<h3 class=\"wp-block-heading\" style=\"text-align:center\">Taller 3  martes 3 de diciembre de <br>14:00 a 16:00 hrs.  <\/h3>\n\n\n\n<figure class=\"wp-block-image\"><img loading=\"lazy\" decoding=\"async\" width=\"1000\" height=\"1000\" src=\"https:\/\/blogs.uninter.edu.mx\/ESCAT\/wp-content\/uploads\/2019\/11\/FeriaDI19-Martes-Taller-Six-Sigma-2.jpg\" alt=\"#FeriaDI19 El Poder del Sesis Sigma\" class=\"wp-image-34616\" srcset=\"https:\/\/blogs.uninter.edu.mx\/ESCAT\/wp-content\/uploads\/2019\/11\/FeriaDI19-Martes-Taller-Six-Sigma-2.jpg 1000w, https:\/\/blogs.uninter.edu.mx\/ESCAT\/wp-content\/uploads\/2019\/11\/FeriaDI19-Martes-Taller-Six-Sigma-2-150x150.jpg 150w, https:\/\/blogs.uninter.edu.mx\/ESCAT\/wp-content\/uploads\/2019\/11\/FeriaDI19-Martes-Taller-Six-Sigma-2-300x300.jpg 300w, https:\/\/blogs.uninter.edu.mx\/ESCAT\/wp-content\/uploads\/2019\/11\/FeriaDI19-Martes-Taller-Six-Sigma-2-768x768.jpg 768w, https:\/\/blogs.uninter.edu.mx\/ESCAT\/wp-content\/uploads\/2019\/11\/FeriaDI19-Martes-Taller-Six-Sigma-2-50x50.jpg 50w\" sizes=\"auto, (max-width: 1000px) 100vw, 1000px\" \/><\/figure>\n\n\n\n<h3 class=\"wp-block-heading\" style=\"text-align:center\">Taller 4  mi\u00e9rcoles 4 de diciembre de <br>16:00 a 17:30 hrs. <\/h3>\n\n\n\n<figure class=\"wp-block-image\"><img loading=\"lazy\" decoding=\"async\" width=\"1000\" height=\"1000\" src=\"https:\/\/blogs.uninter.edu.mx\/ESCAT\/wp-content\/uploads\/2019\/11\/FeriaDI19-Mi\u00e9rcoles-Taller-Introducci\u00f3n-Lettering.jpg\" alt=\"#FeriaDI19 Introducci\u00f3n al Lettering\" class=\"wp-image-34617\" srcset=\"https:\/\/blogs.uninter.edu.mx\/ESCAT\/wp-content\/uploads\/2019\/11\/FeriaDI19-Mi\u00e9rcoles-Taller-Introducci\u00f3n-Lettering.jpg 1000w, https:\/\/blogs.uninter.edu.mx\/ESCAT\/wp-content\/uploads\/2019\/11\/FeriaDI19-Mi\u00e9rcoles-Taller-Introducci\u00f3n-Lettering-150x150.jpg 150w, https:\/\/blogs.uninter.edu.mx\/ESCAT\/wp-content\/uploads\/2019\/11\/FeriaDI19-Mi\u00e9rcoles-Taller-Introducci\u00f3n-Lettering-300x300.jpg 300w, https:\/\/blogs.uninter.edu.mx\/ESCAT\/wp-content\/uploads\/2019\/11\/FeriaDI19-Mi\u00e9rcoles-Taller-Introducci\u00f3n-Lettering-768x768.jpg 768w, https:\/\/blogs.uninter.edu.mx\/ESCAT\/wp-content\/uploads\/2019\/11\/FeriaDI19-Mi\u00e9rcoles-Taller-Introducci\u00f3n-Lettering-50x50.jpg 50w\" sizes=\"auto, (max-width: 1000px) 100vw, 1000px\" \/><\/figure>\n\n\n\n<h3 class=\"wp-block-heading\" style=\"text-align:center\">Taller 5  mi\u00e9rcoles 4 de diciembre de <br>16:00 a 17:00 hrs.  <\/h3>\n\n\n\n<figure class=\"wp-block-image\"><img loading=\"lazy\" decoding=\"async\" width=\"1000\" height=\"1000\" src=\"https:\/\/blogs.uninter.edu.mx\/ESCAT\/wp-content\/uploads\/2019\/11\/FeriaDI19-Mi\u00e9rcoles-Taller-Cobro-Dise\u00f1o.jpg\" alt=\"#FeriaDI19 Luis Sotelo\" class=\"wp-image-34618\" srcset=\"https:\/\/blogs.uninter.edu.mx\/ESCAT\/wp-content\/uploads\/2019\/11\/FeriaDI19-Mi\u00e9rcoles-Taller-Cobro-Dise\u00f1o.jpg 1000w, https:\/\/blogs.uninter.edu.mx\/ESCAT\/wp-content\/uploads\/2019\/11\/FeriaDI19-Mi\u00e9rcoles-Taller-Cobro-Dise\u00f1o-150x150.jpg 150w, https:\/\/blogs.uninter.edu.mx\/ESCAT\/wp-content\/uploads\/2019\/11\/FeriaDI19-Mi\u00e9rcoles-Taller-Cobro-Dise\u00f1o-300x300.jpg 300w, https:\/\/blogs.uninter.edu.mx\/ESCAT\/wp-content\/uploads\/2019\/11\/FeriaDI19-Mi\u00e9rcoles-Taller-Cobro-Dise\u00f1o-768x768.jpg 768w, https:\/\/blogs.uninter.edu.mx\/ESCAT\/wp-content\/uploads\/2019\/11\/FeriaDI19-Mi\u00e9rcoles-Taller-Cobro-Dise\u00f1o-50x50.jpg 50w\" sizes=\"auto, (max-width: 1000px) 100vw, 1000px\" \/><\/figure>\n\n\n\n<p style=\"text-align:right\"><a href=\"https:\/\/www.facebook.com\/events\/3412858122072936\/\">M\u00e1s informaci\u00f3n sobre la Feria de Dise\u00f1o e Ingenier\u00eda 2019&#8230;<\/a><\/p>\n\n\n\n<p style=\"color:#4db751;text-align:right\" class=\"has-text-color\"><a href=\"https:\/\/blogs.uninter.edu.mx\/ESCAT\/\">M\u00e1s sobre la ESCAT&#8230;<\/a><\/p>\n\n\n\n<div class=\"wp-block-image\"><figure class=\"aligncenter is-resized\"><a href=\"https:\/\/uninter.edu.mx\/\"><img loading=\"lazy\" decoding=\"async\" src=\"https:\/\/blogs.uninter.edu.mx\/ESCAT\/wp-content\/uploads\/2019\/10\/4-1024x154-1-1024x154-1024x154.png\" alt=\"Universidad Internacional\" class=\"wp-image-33610\" width=\"500\" height=\"78\"\/><\/a><\/figure><\/div>\n","protected":false},"excerpt":{"rendered":"<p>La Escuela de Ciencias Artes y Tecnolog\u00eda ESCAT, tendr\u00e1 para ti talleres en los que podr\u00e1s complementar tus conocimientos adquiridos en clase. Taller 1 martes 3 de diciembre de 14:00 a 17:00 hrs. Taller 2 martes 3 de diciembre de 14:00 a 18:00 hrs. Taller 3 martes 3 de diciembre de 14:00 a 16:00 hrs.&hellip;<\/p>\n","protected":false},"author":22,"featured_media":0,"parent":0,"menu_order":0,"comment_status":"closed","ping_status":"closed","template":"","meta":{"footnotes":""},"class_list":["post-34078","page","type-page","status-publish","hentry"],"yoast_head":"<!-- This site is optimized with the Yoast SEO plugin v26.8 - https:\/\/yoast.com\/product\/yoast-seo-wordpress\/ -->\r\n<title>#FeriaDI19 Talleres - Escuela de Ciencias, Artes y Tecnolog\u00eda<\/title>\r\n<meta name=\"robots\" content=\"index, follow, max-snippet:-1, max-image-preview:large, max-video-preview:-1\" \/>\r\n<link rel=\"canonical\" href=\"https:\/\/blogs.uninter.edu.mx\/ESCAT\/index.php\/feriadi19-talleres\/\" \/>\r\n<meta property=\"og:locale\" content=\"es_MX\" \/>\r\n<meta property=\"og:type\" content=\"article\" \/>\r\n<meta property=\"og:title\" content=\"#FeriaDI19 Talleres - Escuela de Ciencias, Artes y Tecnolog\u00eda\" \/>\r\n<meta property=\"og:description\" content=\"La Escuela de Ciencias Artes y Tecnolog\u00eda ESCAT, tendr\u00e1 para ti talleres en los que podr\u00e1s complementar tus conocimientos adquiridos en clase. Taller 1 martes 3 de diciembre de 14:00 a 17:00 hrs. Taller 2 martes 3 de diciembre de 14:00 a 18:00 hrs. Taller 3 martes 3 de diciembre de 14:00 a 16:00 hrs.&hellip;\" \/>\r\n<meta property=\"og:url\" content=\"https:\/\/blogs.uninter.edu.mx\/ESCAT\/index.php\/feriadi19-talleres\/\" \/>\r\n<meta property=\"og:site_name\" content=\"Escuela de Ciencias, Artes y Tecnolog\u00eda\" \/>\r\n<meta property=\"article:publisher\" content=\"https:\/\/www.facebook.com\/EscatUninter\/\" \/>\r\n<meta property=\"article:modified_time\" content=\"2019-11-28T16:04:40+00:00\" \/>\r\n<meta property=\"og:image\" content=\"https:\/\/blogs.uninter.edu.mx\/ESCAT\/wp-content\/uploads\/2019\/11\/encabezado-publicaciones-9-1024x341.png\" \/>\r\n<meta name=\"twitter:card\" content=\"summary_large_image\" \/>\r\n<meta name=\"twitter:site\" content=\"@EscatUninter\" \/>\r\n<script type=\"application\/ld+json\" class=\"yoast-schema-graph\">{\"@context\":\"https:\/\/schema.org\",\"@graph\":[{\"@type\":\"WebPage\",\"@id\":\"https:\/\/blogs.uninter.edu.mx\/ESCAT\/index.php\/feriadi19-talleres\/\",\"url\":\"https:\/\/blogs.uninter.edu.mx\/ESCAT\/index.php\/feriadi19-talleres\/\",\"name\":\"#FeriaDI19 Talleres - Escuela de Ciencias, Artes y Tecnolog\u00eda\",\"isPartOf\":{\"@id\":\"https:\/\/blogs.uninter.edu.mx\/ESCAT\/#website\"},\"primaryImageOfPage\":{\"@id\":\"https:\/\/blogs.uninter.edu.mx\/ESCAT\/index.php\/feriadi19-talleres\/#primaryimage\"},\"image\":{\"@id\":\"https:\/\/blogs.uninter.edu.mx\/ESCAT\/index.php\/feriadi19-talleres\/#primaryimage\"},\"thumbnailUrl\":\"https:\/\/blogs.uninter.edu.mx\/ESCAT\/wp-content\/uploads\/2019\/11\/encabezado-publicaciones-9-1024x341.png\",\"datePublished\":\"2019-11-14T05:01:00+00:00\",\"dateModified\":\"2019-11-28T16:04:40+00:00\",\"breadcrumb\":{\"@id\":\"https:\/\/blogs.uninter.edu.mx\/ESCAT\/index.php\/feriadi19-talleres\/#breadcrumb\"},\"inLanguage\":\"es\",\"potentialAction\":[{\"@type\":\"ReadAction\",\"target\":[\"https:\/\/blogs.uninter.edu.mx\/ESCAT\/index.php\/feriadi19-talleres\/\"]}]},{\"@type\":\"ImageObject\",\"inLanguage\":\"es\",\"@id\":\"https:\/\/blogs.uninter.edu.mx\/ESCAT\/index.php\/feriadi19-talleres\/#primaryimage\",\"url\":\"https:\/\/blogs.uninter.edu.mx\/ESCAT\/wp-content\/uploads\/2019\/11\/encabezado-publicaciones-9.png\",\"contentUrl\":\"https:\/\/blogs.uninter.edu.mx\/ESCAT\/wp-content\/uploads\/2019\/11\/encabezado-publicaciones-9.png\",\"width\":1200,\"height\":400},{\"@type\":\"BreadcrumbList\",\"@id\":\"https:\/\/blogs.uninter.edu.mx\/ESCAT\/index.php\/feriadi19-talleres\/#breadcrumb\",\"itemListElement\":[{\"@type\":\"ListItem\",\"position\":1,\"name\":\"Inicio\",\"item\":\"https:\/\/blogs.uninter.edu.mx\/ESCAT\/\"},{\"@type\":\"ListItem\",\"position\":2,\"name\":\"#FeriaDI19 Talleres\"}]},{\"@type\":\"WebSite\",\"@id\":\"https:\/\/blogs.uninter.edu.mx\/ESCAT\/#website\",\"url\":\"https:\/\/blogs.uninter.edu.mx\/ESCAT\/\",\"name\":\"Escuela de Ciencias, Artes y Tecnolog\u00eda UNINTER\",\"description\":\"ESCAT\",\"potentialAction\":[{\"@type\":\"SearchAction\",\"target\":{\"@type\":\"EntryPoint\",\"urlTemplate\":\"https:\/\/blogs.uninter.edu.mx\/ESCAT\/?s={search_term_string}\"},\"query-input\":{\"@type\":\"PropertyValueSpecification\",\"valueRequired\":true,\"valueName\":\"search_term_string\"}}],\"inLanguage\":\"es\"}]}<\/script>\r\n<!-- \/ Yoast SEO plugin. -->","yoast_head_json":{"title":"#FeriaDI19 Talleres - Escuela de Ciencias, Artes y Tecnolog\u00eda","robots":{"index":"index","follow":"follow","max-snippet":"max-snippet:-1","max-image-preview":"max-image-preview:large","max-video-preview":"max-video-preview:-1"},"canonical":"https:\/\/blogs.uninter.edu.mx\/ESCAT\/index.php\/feriadi19-talleres\/","og_locale":"es_MX","og_type":"article","og_title":"#FeriaDI19 Talleres - Escuela de Ciencias, Artes y Tecnolog\u00eda","og_description":"La Escuela de Ciencias Artes y Tecnolog\u00eda ESCAT, tendr\u00e1 para ti talleres en los que podr\u00e1s complementar tus conocimientos adquiridos en clase. Taller 1 martes 3 de diciembre de 14:00 a 17:00 hrs. Taller 2 martes 3 de diciembre de 14:00 a 18:00 hrs. Taller 3 martes 3 de diciembre de 14:00 a 16:00 hrs.&hellip;","og_url":"https:\/\/blogs.uninter.edu.mx\/ESCAT\/index.php\/feriadi19-talleres\/","og_site_name":"Escuela de Ciencias, Artes y Tecnolog\u00eda","article_publisher":"https:\/\/www.facebook.com\/EscatUninter\/","article_modified_time":"2019-11-28T16:04:40+00:00","og_image":[{"url":"https:\/\/blogs.uninter.edu.mx\/ESCAT\/wp-content\/uploads\/2019\/11\/encabezado-publicaciones-9-1024x341.png","type":"","width":"","height":""}],"twitter_card":"summary_large_image","twitter_site":"@EscatUninter","schema":{"@context":"https:\/\/schema.org","@graph":[{"@type":"WebPage","@id":"https:\/\/blogs.uninter.edu.mx\/ESCAT\/index.php\/feriadi19-talleres\/","url":"https:\/\/blogs.uninter.edu.mx\/ESCAT\/index.php\/feriadi19-talleres\/","name":"#FeriaDI19 Talleres - Escuela de Ciencias, Artes y Tecnolog\u00eda","isPartOf":{"@id":"https:\/\/blogs.uninter.edu.mx\/ESCAT\/#website"},"primaryImageOfPage":{"@id":"https:\/\/blogs.uninter.edu.mx\/ESCAT\/index.php\/feriadi19-talleres\/#primaryimage"},"image":{"@id":"https:\/\/blogs.uninter.edu.mx\/ESCAT\/index.php\/feriadi19-talleres\/#primaryimage"},"thumbnailUrl":"https:\/\/blogs.uninter.edu.mx\/ESCAT\/wp-content\/uploads\/2019\/11\/encabezado-publicaciones-9-1024x341.png","datePublished":"2019-11-14T05:01:00+00:00","dateModified":"2019-11-28T16:04:40+00:00","breadcrumb":{"@id":"https:\/\/blogs.uninter.edu.mx\/ESCAT\/index.php\/feriadi19-talleres\/#breadcrumb"},"inLanguage":"es","potentialAction":[{"@type":"ReadAction","target":["https:\/\/blogs.uninter.edu.mx\/ESCAT\/index.php\/feriadi19-talleres\/"]}]},{"@type":"ImageObject","inLanguage":"es","@id":"https:\/\/blogs.uninter.edu.mx\/ESCAT\/index.php\/feriadi19-talleres\/#primaryimage","url":"https:\/\/blogs.uninter.edu.mx\/ESCAT\/wp-content\/uploads\/2019\/11\/encabezado-publicaciones-9.png","contentUrl":"https:\/\/blogs.uninter.edu.mx\/ESCAT\/wp-content\/uploads\/2019\/11\/encabezado-publicaciones-9.png","width":1200,"height":400},{"@type":"BreadcrumbList","@id":"https:\/\/blogs.uninter.edu.mx\/ESCAT\/index.php\/feriadi19-talleres\/#breadcrumb","itemListElement":[{"@type":"ListItem","position":1,"name":"Inicio","item":"https:\/\/blogs.uninter.edu.mx\/ESCAT\/"},{"@type":"ListItem","position":2,"name":"#FeriaDI19 Talleres"}]},{"@type":"WebSite","@id":"https:\/\/blogs.uninter.edu.mx\/ESCAT\/#website","url":"https:\/\/blogs.uninter.edu.mx\/ESCAT\/","name":"Escuela de Ciencias, Artes y Tecnolog\u00eda UNINTER","description":"ESCAT","potentialAction":[{"@type":"SearchAction","target":{"@type":"EntryPoint","urlTemplate":"https:\/\/blogs.uninter.edu.mx\/ESCAT\/?s={search_term_string}"},"query-input":{"@type":"PropertyValueSpecification","valueRequired":true,"valueName":"search_term_string"}}],"inLanguage":"es"}]}},"jetpack_sharing_enabled":true,"_links":{"self":[{"href":"https:\/\/blogs.uninter.edu.mx\/ESCAT\/index.php\/wp-json\/wp\/v2\/pages\/34078","targetHints":{"allow":["GET"]}}],"collection":[{"href":"https:\/\/blogs.uninter.edu.mx\/ESCAT\/index.php\/wp-json\/wp\/v2\/pages"}],"about":[{"href":"https:\/\/blogs.uninter.edu.mx\/ESCAT\/index.php\/wp-json\/wp\/v2\/types\/page"}],"author":[{"embeddable":true,"href":"https:\/\/blogs.uninter.edu.mx\/ESCAT\/index.php\/wp-json\/wp\/v2\/users\/22"}],"replies":[{"embeddable":true,"href":"https:\/\/blogs.uninter.edu.mx\/ESCAT\/index.php\/wp-json\/wp\/v2\/comments?post=34078"}],"version-history":[{"count":11,"href":"https:\/\/blogs.uninter.edu.mx\/ESCAT\/index.php\/wp-json\/wp\/v2\/pages\/34078\/revisions"}],"predecessor-version":[{"id":34662,"href":"https:\/\/blogs.uninter.edu.mx\/ESCAT\/index.php\/wp-json\/wp\/v2\/pages\/34078\/revisions\/34662"}],"wp:attachment":[{"href":"https:\/\/blogs.uninter.edu.mx\/ESCAT\/index.php\/wp-json\/wp\/v2\/media?parent=34078"}],"curies":[{"name":"wp","href":"https:\/\/api.w.org\/{rel}","templated":true}]}}