{"id":34094,"date":"2019-11-13T23:08:41","date_gmt":"2019-11-14T05:08:41","guid":{"rendered":"https:\/\/blogs.uninter.edu.mx\/ESCAT\/?page_id=34094"},"modified":"2019-11-27T23:12:36","modified_gmt":"2019-11-28T05:12:36","slug":"feriadi19-que-es","status":"publish","type":"page","link":"https:\/\/blogs.uninter.edu.mx\/ESCAT\/index.php\/feriadi19-que-es\/","title":{"rendered":"#FeriaDI19 \u00bfQu\u00e9 es?"},"content":{"rendered":"\n<div class=\"wp-block-image\"><figure class=\"aligncenter is-resized\"><img loading=\"lazy\" decoding=\"async\" src=\"https:\/\/blogs.uninter.edu.mx\/ESCAT\/wp-content\/uploads\/2019\/11\/encabezado-publicaciones-1024x341.png\" alt=\"#FeriaDI19 Logo Escat-Feria\" class=\"wp-image-34561\" width=\"544\" height=\"181\" srcset=\"https:\/\/blogs.uninter.edu.mx\/ESCAT\/wp-content\/uploads\/2019\/11\/encabezado-publicaciones-1024x341.png 1024w, https:\/\/blogs.uninter.edu.mx\/ESCAT\/wp-content\/uploads\/2019\/11\/encabezado-publicaciones-300x100.png 300w, https:\/\/blogs.uninter.edu.mx\/ESCAT\/wp-content\/uploads\/2019\/11\/encabezado-publicaciones-768x256.png 768w, https:\/\/blogs.uninter.edu.mx\/ESCAT\/wp-content\/uploads\/2019\/11\/encabezado-publicaciones.png 1200w\" sizes=\"auto, (max-width: 544px) 100vw, 544px\" \/><\/figure><\/div>\n\n\n\n<p style=\"font-size:18px\">La Feria Uninter de Dise\u00f1o e Ingenier\u00eda 2019 es un evento institucional de l Universidad Internacional que se realiza anualmente y en \u00e9l se llevan a cabo conferencias, talleres, pasarela de modas, exposiciones de dise\u00f1o, presentaciones de proyectos de ingenier\u00eda y en este a\u00f1o una salida al  parque de diversiones Six Flags.<\/p>\n\n\n\n<p style=\"font-size:18px\">Dichas actividades est\u00e1n dirigidas a estudiantes de las carreras:   <\/p>\n\n\n\n<ul class=\"wp-block-list\"><li> <a href=\"https:\/\/universidad.uninter.edu.mx\/carreras\/IME\">Ingenier\u00eda Mecatr\u00f3nica <\/a><\/li><li><a href=\"https:\/\/universidad.uninter.edu.mx\/carreras\/IMI\"> Ingenier\u00eda Mec\u00e1nica Industrial<\/a><\/li><li><a href=\"https:\/\/universidad.uninter.edu.mx\/carreras\/IISCA\">Ingenier\u00eda Industrial y de Sistemas de Calidad<\/a><\/li><li><a href=\"https:\/\/universidad.uninter.edu.mx\/carreras\/ISC\">Ingenier\u00eda en Sistemas Computacionales<\/a><\/li><li><a href=\"https:\/\/universidad.uninter.edu.mx\/carreras\/IAM\">Ingenier\u00eda Ambiental<\/a><\/li><li><a href=\"https:\/\/universidad.uninter.edu.mx\/carreras\/LDM\">Dise\u00f1o de Modas y Tendencias Internacionales<\/a><\/li><li><a href=\"https:\/\/universidad.uninter.edu.mx\/carreras\/LDI\">Dise\u00f1o Industrial<\/a><\/li><li><a href=\"https:\/\/universidad.uninter.edu.mx\/carreras\/LDG\">Dise\u00f1o Gr\u00e1fico<\/a><\/li><li><a href=\"https:\/\/universidad.uninter.edu.mx\/carreras\/LADD\">Animaci\u00f3n y Dise\u00f1o Digital<\/a><\/li><\/ul>\n\n\n\n<p style=\"font-size:18px\">La FeriaDI19 tiene como objetivo el motivar y ampliar temas de inter\u00e9s de los estudiantes y docentes, logrando orientar el papel de los universitarios en esta profunda transformaci\u00f3n en los empleos, productos, servicios, industria y educaci\u00f3n.<\/p>\n\n\n\n<p style=\"font-size:18px\">\u00a1\u00a1No te la pierdas!! <a rel=\"noreferrer noopener\" target=\"_blank\" href=\"https:\/\/www.facebook.com\/hashtag\/feriadi19\">#FeriaDI19<\/a>  fortalece tu aprendizaje <\/p>\n\n\n\n<figure class=\"wp-block-embed-youtube wp-block-embed is-type-video is-provider-youtube wp-embed-aspect-16-9 wp-has-aspect-ratio\"><div class=\"wp-block-embed__wrapper\">\n<iframe loading=\"lazy\" width=\"700\" height=\"394\" src=\"https:\/\/www.youtube.com\/embed\/Kzs_p5SEyp8?feature=oembed\" frameborder=\"0\" allow=\"accelerometer; autoplay; encrypted-media; gyroscope; picture-in-picture\" allowfullscreen><\/iframe>\n<\/div><\/figure>\n\n\n\n<p style=\"text-align:right\"><a href=\"https:\/\/www.facebook.com\/events\/3412858122072936\/\">M\u00e1s informaci\u00f3n sobre la Feria de Dise\u00f1o e Ingenier\u00eda 2019&#8230;<\/a><\/p>\n\n\n\n<p style=\"color:#4db751;text-align:right\" class=\"has-text-color\"><a href=\"https:\/\/blogs.uninter.edu.mx\/ESCAT\/\">M\u00e1s sobre la ESCAT&#8230;<\/a><\/p>\n\n\n\n<div class=\"wp-block-image\"><figure class=\"aligncenter is-resized\"><a href=\"https:\/\/uninter.edu.mx\/\"><img loading=\"lazy\" decoding=\"async\" src=\"https:\/\/blogs.uninter.edu.mx\/ESCAT\/wp-content\/uploads\/2019\/10\/4-1024x154-1-1024x154-1024x154.png\" alt=\"Universidad Internacional\" class=\"wp-image-33610\" width=\"500\" height=\"78\"\/><\/a><\/figure><\/div>\n","protected":false},"excerpt":{"rendered":"<p>La Feria Uninter de Dise\u00f1o e Ingenier\u00eda 2019 es un evento institucional de l Universidad Internacional que se realiza anualmente y en \u00e9l se llevan a cabo conferencias, talleres, pasarela de modas, exposiciones de dise\u00f1o, presentaciones de proyectos de ingenier\u00eda y en este a\u00f1o una salida al parque de diversiones Six Flags. Dichas actividades est\u00e1n&hellip;<\/p>\n","protected":false},"author":22,"featured_media":34120,"parent":0,"menu_order":0,"comment_status":"closed","ping_status":"closed","template":"","meta":{"footnotes":""},"class_list":["post-34094","page","type-page","status-publish","has-post-thumbnail","hentry"],"yoast_head":"<!-- This site is optimized with the Yoast SEO plugin v26.8 - https:\/\/yoast.com\/product\/yoast-seo-wordpress\/ -->\r\n<title>#FeriaDI19 \u00bfQu\u00e9 es? - Escuela de Ciencias, Artes y Tecnolog\u00eda<\/title>\r\n<meta name=\"robots\" content=\"index, follow, max-snippet:-1, max-image-preview:large, max-video-preview:-1\" \/>\r\n<link rel=\"canonical\" href=\"https:\/\/blogs.uninter.edu.mx\/ESCAT\/index.php\/feriadi19-que-es\/\" \/>\r\n<meta property=\"og:locale\" content=\"es_MX\" \/>\r\n<meta property=\"og:type\" content=\"article\" \/>\r\n<meta property=\"og:title\" content=\"#FeriaDI19 \u00bfQu\u00e9 es? - Escuela de Ciencias, Artes y Tecnolog\u00eda\" \/>\r\n<meta property=\"og:description\" content=\"La Feria Uninter de Dise\u00f1o e Ingenier\u00eda 2019 es un evento institucional de l Universidad Internacional que se realiza anualmente y en \u00e9l se llevan a cabo conferencias, talleres, pasarela de modas, exposiciones de dise\u00f1o, presentaciones de proyectos de ingenier\u00eda y en este a\u00f1o una salida al parque de diversiones Six Flags. Dichas actividades est\u00e1n&hellip;\" \/>\r\n<meta property=\"og:url\" content=\"https:\/\/blogs.uninter.edu.mx\/ESCAT\/index.php\/feriadi19-que-es\/\" \/>\r\n<meta property=\"og:site_name\" content=\"Escuela de Ciencias, Artes y Tecnolog\u00eda\" \/>\r\n<meta property=\"article:publisher\" content=\"https:\/\/www.facebook.com\/EscatUninter\/\" \/>\r\n<meta property=\"article:modified_time\" content=\"2019-11-28T05:12:36+00:00\" \/>\r\n<meta property=\"og:image\" content=\"https:\/\/blogs.uninter.edu.mx\/ESCAT\/wp-content\/uploads\/2019\/11\/feria-1.png\" \/>\r\n\t<meta property=\"og:image:width\" content=\"491\" \/>\r\n\t<meta property=\"og:image:height\" content=\"257\" \/>\r\n\t<meta property=\"og:image:type\" content=\"image\/png\" \/>\r\n<meta name=\"twitter:card\" content=\"summary_large_image\" \/>\r\n<meta name=\"twitter:site\" content=\"@EscatUninter\" \/>\r\n<meta name=\"twitter:label1\" content=\"Tiempo de lectura\" \/>\n\t<meta name=\"twitter:data1\" content=\"1 minuto\" \/>\r\n<script type=\"application\/ld+json\" class=\"yoast-schema-graph\">{\"@context\":\"https:\/\/schema.org\",\"@graph\":[{\"@type\":\"WebPage\",\"@id\":\"https:\/\/blogs.uninter.edu.mx\/ESCAT\/index.php\/feriadi19-que-es\/\",\"url\":\"https:\/\/blogs.uninter.edu.mx\/ESCAT\/index.php\/feriadi19-que-es\/\",\"name\":\"#FeriaDI19 \u00bfQu\u00e9 es? - Escuela de Ciencias, Artes y Tecnolog\u00eda\",\"isPartOf\":{\"@id\":\"https:\/\/blogs.uninter.edu.mx\/ESCAT\/#website\"},\"primaryImageOfPage\":{\"@id\":\"https:\/\/blogs.uninter.edu.mx\/ESCAT\/index.php\/feriadi19-que-es\/#primaryimage\"},\"image\":{\"@id\":\"https:\/\/blogs.uninter.edu.mx\/ESCAT\/index.php\/feriadi19-que-es\/#primaryimage\"},\"thumbnailUrl\":\"https:\/\/blogs.uninter.edu.mx\/ESCAT\/wp-content\/uploads\/2019\/11\/feria-1.png\",\"datePublished\":\"2019-11-14T05:08:41+00:00\",\"dateModified\":\"2019-11-28T05:12:36+00:00\",\"breadcrumb\":{\"@id\":\"https:\/\/blogs.uninter.edu.mx\/ESCAT\/index.php\/feriadi19-que-es\/#breadcrumb\"},\"inLanguage\":\"es\",\"potentialAction\":[{\"@type\":\"ReadAction\",\"target\":[\"https:\/\/blogs.uninter.edu.mx\/ESCAT\/index.php\/feriadi19-que-es\/\"]}]},{\"@type\":\"ImageObject\",\"inLanguage\":\"es\",\"@id\":\"https:\/\/blogs.uninter.edu.mx\/ESCAT\/index.php\/feriadi19-que-es\/#primaryimage\",\"url\":\"https:\/\/blogs.uninter.edu.mx\/ESCAT\/wp-content\/uploads\/2019\/11\/feria-1.png\",\"contentUrl\":\"https:\/\/blogs.uninter.edu.mx\/ESCAT\/wp-content\/uploads\/2019\/11\/feria-1.png\",\"width\":491,\"height\":257},{\"@type\":\"BreadcrumbList\",\"@id\":\"https:\/\/blogs.uninter.edu.mx\/ESCAT\/index.php\/feriadi19-que-es\/#breadcrumb\",\"itemListElement\":[{\"@type\":\"ListItem\",\"position\":1,\"name\":\"Inicio\",\"item\":\"https:\/\/blogs.uninter.edu.mx\/ESCAT\/\"},{\"@type\":\"ListItem\",\"position\":2,\"name\":\"#FeriaDI19 \u00bfQu\u00e9 es?\"}]},{\"@type\":\"WebSite\",\"@id\":\"https:\/\/blogs.uninter.edu.mx\/ESCAT\/#website\",\"url\":\"https:\/\/blogs.uninter.edu.mx\/ESCAT\/\",\"name\":\"Escuela de Ciencias, Artes y Tecnolog\u00eda UNINTER\",\"description\":\"ESCAT\",\"potentialAction\":[{\"@type\":\"SearchAction\",\"target\":{\"@type\":\"EntryPoint\",\"urlTemplate\":\"https:\/\/blogs.uninter.edu.mx\/ESCAT\/?s={search_term_string}\"},\"query-input\":{\"@type\":\"PropertyValueSpecification\",\"valueRequired\":true,\"valueName\":\"search_term_string\"}}],\"inLanguage\":\"es\"}]}<\/script>\r\n<!-- \/ Yoast SEO plugin. -->","yoast_head_json":{"title":"#FeriaDI19 \u00bfQu\u00e9 es? - Escuela de Ciencias, Artes y Tecnolog\u00eda","robots":{"index":"index","follow":"follow","max-snippet":"max-snippet:-1","max-image-preview":"max-image-preview:large","max-video-preview":"max-video-preview:-1"},"canonical":"https:\/\/blogs.uninter.edu.mx\/ESCAT\/index.php\/feriadi19-que-es\/","og_locale":"es_MX","og_type":"article","og_title":"#FeriaDI19 \u00bfQu\u00e9 es? - Escuela de Ciencias, Artes y Tecnolog\u00eda","og_description":"La Feria Uninter de Dise\u00f1o e Ingenier\u00eda 2019 es un evento institucional de l Universidad Internacional que se realiza anualmente y en \u00e9l se llevan a cabo conferencias, talleres, pasarela de modas, exposiciones de dise\u00f1o, presentaciones de proyectos de ingenier\u00eda y en este a\u00f1o una salida al parque de diversiones Six Flags. Dichas actividades est\u00e1n&hellip;","og_url":"https:\/\/blogs.uninter.edu.mx\/ESCAT\/index.php\/feriadi19-que-es\/","og_site_name":"Escuela de Ciencias, Artes y Tecnolog\u00eda","article_publisher":"https:\/\/www.facebook.com\/EscatUninter\/","article_modified_time":"2019-11-28T05:12:36+00:00","og_image":[{"width":491,"height":257,"url":"https:\/\/blogs.uninter.edu.mx\/ESCAT\/wp-content\/uploads\/2019\/11\/feria-1.png","type":"image\/png"}],"twitter_card":"summary_large_image","twitter_site":"@EscatUninter","twitter_misc":{"Tiempo de lectura":"1 minuto"},"schema":{"@context":"https:\/\/schema.org","@graph":[{"@type":"WebPage","@id":"https:\/\/blogs.uninter.edu.mx\/ESCAT\/index.php\/feriadi19-que-es\/","url":"https:\/\/blogs.uninter.edu.mx\/ESCAT\/index.php\/feriadi19-que-es\/","name":"#FeriaDI19 \u00bfQu\u00e9 es? - Escuela de Ciencias, Artes y Tecnolog\u00eda","isPartOf":{"@id":"https:\/\/blogs.uninter.edu.mx\/ESCAT\/#website"},"primaryImageOfPage":{"@id":"https:\/\/blogs.uninter.edu.mx\/ESCAT\/index.php\/feriadi19-que-es\/#primaryimage"},"image":{"@id":"https:\/\/blogs.uninter.edu.mx\/ESCAT\/index.php\/feriadi19-que-es\/#primaryimage"},"thumbnailUrl":"https:\/\/blogs.uninter.edu.mx\/ESCAT\/wp-content\/uploads\/2019\/11\/feria-1.png","datePublished":"2019-11-14T05:08:41+00:00","dateModified":"2019-11-28T05:12:36+00:00","breadcrumb":{"@id":"https:\/\/blogs.uninter.edu.mx\/ESCAT\/index.php\/feriadi19-que-es\/#breadcrumb"},"inLanguage":"es","potentialAction":[{"@type":"ReadAction","target":["https:\/\/blogs.uninter.edu.mx\/ESCAT\/index.php\/feriadi19-que-es\/"]}]},{"@type":"ImageObject","inLanguage":"es","@id":"https:\/\/blogs.uninter.edu.mx\/ESCAT\/index.php\/feriadi19-que-es\/#primaryimage","url":"https:\/\/blogs.uninter.edu.mx\/ESCAT\/wp-content\/uploads\/2019\/11\/feria-1.png","contentUrl":"https:\/\/blogs.uninter.edu.mx\/ESCAT\/wp-content\/uploads\/2019\/11\/feria-1.png","width":491,"height":257},{"@type":"BreadcrumbList","@id":"https:\/\/blogs.uninter.edu.mx\/ESCAT\/index.php\/feriadi19-que-es\/#breadcrumb","itemListElement":[{"@type":"ListItem","position":1,"name":"Inicio","item":"https:\/\/blogs.uninter.edu.mx\/ESCAT\/"},{"@type":"ListItem","position":2,"name":"#FeriaDI19 \u00bfQu\u00e9 es?"}]},{"@type":"WebSite","@id":"https:\/\/blogs.uninter.edu.mx\/ESCAT\/#website","url":"https:\/\/blogs.uninter.edu.mx\/ESCAT\/","name":"Escuela de Ciencias, Artes y Tecnolog\u00eda UNINTER","description":"ESCAT","potentialAction":[{"@type":"SearchAction","target":{"@type":"EntryPoint","urlTemplate":"https:\/\/blogs.uninter.edu.mx\/ESCAT\/?s={search_term_string}"},"query-input":{"@type":"PropertyValueSpecification","valueRequired":true,"valueName":"search_term_string"}}],"inLanguage":"es"}]}},"jetpack_sharing_enabled":true,"_links":{"self":[{"href":"https:\/\/blogs.uninter.edu.mx\/ESCAT\/index.php\/wp-json\/wp\/v2\/pages\/34094","targetHints":{"allow":["GET"]}}],"collection":[{"href":"https:\/\/blogs.uninter.edu.mx\/ESCAT\/index.php\/wp-json\/wp\/v2\/pages"}],"about":[{"href":"https:\/\/blogs.uninter.edu.mx\/ESCAT\/index.php\/wp-json\/wp\/v2\/types\/page"}],"author":[{"embeddable":true,"href":"https:\/\/blogs.uninter.edu.mx\/ESCAT\/index.php\/wp-json\/wp\/v2\/users\/22"}],"replies":[{"embeddable":true,"href":"https:\/\/blogs.uninter.edu.mx\/ESCAT\/index.php\/wp-json\/wp\/v2\/comments?post=34094"}],"version-history":[{"count":23,"href":"https:\/\/blogs.uninter.edu.mx\/ESCAT\/index.php\/wp-json\/wp\/v2\/pages\/34094\/revisions"}],"predecessor-version":[{"id":34562,"href":"https:\/\/blogs.uninter.edu.mx\/ESCAT\/index.php\/wp-json\/wp\/v2\/pages\/34094\/revisions\/34562"}],"wp:featuredmedia":[{"embeddable":true,"href":"https:\/\/blogs.uninter.edu.mx\/ESCAT\/index.php\/wp-json\/wp\/v2\/media\/34120"}],"wp:attachment":[{"href":"https:\/\/blogs.uninter.edu.mx\/ESCAT\/index.php\/wp-json\/wp\/v2\/media?parent=34094"}],"curies":[{"name":"wp","href":"https:\/\/api.w.org\/{rel}","templated":true}]}}