{"id":40840,"date":"2020-11-05T16:21:37","date_gmt":"2020-11-05T22:21:37","guid":{"rendered":"https:\/\/blogs.uninter.edu.mx\/ESCAT\/?page_id=40840"},"modified":"2025-10-20T13:22:01","modified_gmt":"2025-10-20T19:22:01","slug":"diseno","status":"publish","type":"page","link":"https:\/\/blogs.uninter.edu.mx\/ESCAT\/index.php\/diseno\/","title":{"rendered":"Dise\u00f1o"},"content":{"rendered":"\n<h3 class=\"wp-block-heading\">Conoce un poco m\u00e1s a los profesores que conforman la Academia de <mark style=\"background-color:rgba(0, 0, 0, 0);color:#021762\" class=\"has-inline-color\">Dise\u00f1o<\/mark>:<\/h3>\n\n\n\n<figure class=\"wp-block-image size-full\"><img loading=\"lazy\" decoding=\"async\" width=\"4302\" height=\"3138\" src=\"https:\/\/blogs.uninter.edu.mx\/ESCAT\/wp-content\/uploads\/2025\/08\/2026-1-CV-Alejandra-Cruz.jpg\" alt=\"\" class=\"wp-image-76537\"\/><figcaption class=\"wp-element-caption\">Lic. Alejandra Cruz Hern\u00e1ndez <\/figcaption><\/figure>\n\n\n\n<figure class=\"wp-block-image size-full\"><img loading=\"lazy\" decoding=\"async\" width=\"4302\" height=\"3138\" src=\"https:\/\/blogs.uninter.edu.mx\/ESCAT\/wp-content\/uploads\/2025\/08\/2026-1-CV-Alfredo-Garcia-1.jpg\" alt=\"\" class=\"wp-image-76569\"\/><figcaption class=\"wp-element-caption\">Ing. Alfredo Garc\u00eda S\u00e1nchez<\/figcaption><\/figure>\n\n\n\n<figure class=\"wp-block-image size-full\"><img loading=\"lazy\" decoding=\"async\" width=\"4302\" height=\"3138\" src=\"https:\/\/blogs.uninter.edu.mx\/ESCAT\/wp-content\/uploads\/2025\/08\/2026-1-CV-Gabriela-Velazquez.jpg\" alt=\"\" class=\"wp-image-76538\"\/><figcaption class=\"wp-element-caption\">Lic. Claudia Gabriela Vel\u00e1zquez D\u00edaz<\/figcaption><\/figure>\n\n\n\n<figure class=\"wp-block-image size-full\"><img loading=\"lazy\" decoding=\"async\" width=\"4302\" height=\"3138\" src=\"https:\/\/blogs.uninter.edu.mx\/ESCAT\/wp-content\/uploads\/2025\/08\/2026-1-CV-Esteban-Martinez.jpg\" alt=\"\" class=\"wp-image-76548\"\/><figcaption class=\"wp-element-caption\">Mtro. Esteban Mart\u00ednez Preciado<\/figcaption><\/figure>\n\n\n\n<figure class=\"wp-block-image size-full\"><img loading=\"lazy\" decoding=\"async\" width=\"4302\" height=\"3138\" src=\"https:\/\/blogs.uninter.edu.mx\/ESCAT\/wp-content\/uploads\/2025\/08\/2026-1-CV-Gabriela-de-la-Hoz.jpg\" alt=\"\" class=\"wp-image-76540\"\/><figcaption class=\"wp-element-caption\">Dra. Gabriela De la Hoz Abdo<\/figcaption><\/figure>\n\n\n\n<figure class=\"wp-block-image size-full\"><img loading=\"lazy\" decoding=\"async\" width=\"4302\" height=\"3138\" src=\"https:\/\/blogs.uninter.edu.mx\/ESCAT\/wp-content\/uploads\/2025\/08\/2026-1-CV-Gabriela-Hinojosa.jpg\" alt=\"\" class=\"wp-image-76539\"\/><figcaption class=\"wp-element-caption\">Lic. Gabriela Hinojosa S\u00e1nchez <\/figcaption><\/figure>\n\n\n\n<figure class=\"wp-block-image size-full\"><img loading=\"lazy\" decoding=\"async\" width=\"4302\" height=\"3138\" src=\"https:\/\/blogs.uninter.edu.mx\/ESCAT\/wp-content\/uploads\/2025\/08\/2026-1-CV-Gerardo-Serrano.jpg\" alt=\"\" class=\"wp-image-76541\"\/><figcaption class=\"wp-element-caption\">Mtro. Gerardo de Jes\u00fas Serrano Sotelo<\/figcaption><\/figure>\n\n\n\n<figure class=\"wp-block-image size-full\"><img loading=\"lazy\" decoding=\"async\" width=\"4302\" height=\"3138\" src=\"https:\/\/blogs.uninter.edu.mx\/ESCAT\/wp-content\/uploads\/2025\/08\/2026-1-CV-Jose-Luis-Chavez.jpg\" alt=\"\" class=\"wp-image-76543\"\/><figcaption class=\"wp-element-caption\">Lic. Jos\u00e9 Luis Cabrera Ch\u00e1vez<\/figcaption><\/figure>\n\n\n\n<figure class=\"wp-block-image size-full\"><img loading=\"lazy\" decoding=\"async\" width=\"4302\" height=\"3138\" src=\"https:\/\/blogs.uninter.edu.mx\/ESCAT\/wp-content\/uploads\/2025\/08\/2026-1-Cv-Jose-de-Jesus-Gonzalez.png\" alt=\"\" class=\"wp-image-76570\"\/><figcaption class=\"wp-element-caption\">Lic. Jos\u00e9 de Jes\u00fas Gonz\u00e1lez Torres<\/figcaption><\/figure>\n\n\n\n<figure class=\"wp-block-image size-full\"><img loading=\"lazy\" decoding=\"async\" width=\"4302\" height=\"3138\" src=\"https:\/\/blogs.uninter.edu.mx\/ESCAT\/wp-content\/uploads\/2025\/08\/2026-1-CV-Luz-Maria-Sanchez.jpg\" alt=\"\" class=\"wp-image-76544\"\/><figcaption class=\"wp-element-caption\">Dra. Luz Mar\u00eda S\u00e1nchez Rivera<\/figcaption><\/figure>\n\n\n\n<figure class=\"wp-block-image size-full\"><img loading=\"lazy\" decoding=\"async\" width=\"4302\" height=\"3138\" src=\"https:\/\/blogs.uninter.edu.mx\/ESCAT\/wp-content\/uploads\/2025\/08\/2026-1-CV-Michelle-Albarran.jpg\" alt=\"\" class=\"wp-image-76545\"\/><figcaption class=\"wp-element-caption\">Mtra. Michelle Albarr\u00e1n Salazar<\/figcaption><\/figure>\n\n\n\n<figure class=\"wp-block-image size-full\"><img loading=\"lazy\" decoding=\"async\" width=\"4302\" height=\"3138\" src=\"https:\/\/blogs.uninter.edu.mx\/ESCAT\/wp-content\/uploads\/2025\/08\/2026-1-CV-Ruben-Valdez.jpg\" alt=\"\" class=\"wp-image-76546\"\/><figcaption class=\"wp-element-caption\">Lic. Rub\u00e9n Erick Valdez Reza<\/figcaption><\/figure>\n\n\n\n<figure class=\"wp-block-image size-full\"><img loading=\"lazy\" decoding=\"async\" width=\"4302\" height=\"3138\" src=\"https:\/\/blogs.uninter.edu.mx\/ESCAT\/wp-content\/uploads\/2025\/08\/2026-1-CV-Valeria-Salazar.jpg\" alt=\"\" class=\"wp-image-76572\"\/><figcaption class=\"wp-element-caption\">Lic. Valeria Salazar Bustamante<\/figcaption><\/figure>\n\n\n\n<figure class=\"wp-block-image size-full\"><img loading=\"lazy\" decoding=\"async\" width=\"4302\" height=\"3138\" src=\"https:\/\/blogs.uninter.edu.mx\/ESCAT\/wp-content\/uploads\/2025\/08\/2026-1-CV-Xochizuatl-Santana.jpg\" alt=\"\" class=\"wp-image-76549\"\/><figcaption class=\"wp-element-caption\">Lic. Xochizuatl Santana Ovando<\/figcaption><\/figure>\n","protected":false},"excerpt":{"rendered":"<p>Conoce un poco m\u00e1s a los profesores que conforman la Academia de Dise\u00f1o:<\/p>\n","protected":false},"author":22,"featured_media":0,"parent":0,"menu_order":0,"comment_status":"closed","ping_status":"closed","template":"","meta":{"footnotes":""},"class_list":["post-40840","page","type-page","status-publish","hentry"],"yoast_head":"<!-- This site is optimized with the Yoast SEO plugin v26.8 - https:\/\/yoast.com\/product\/yoast-seo-wordpress\/ -->\r\n<title>Dise\u00f1o - Escuela de Ciencias, Artes y Tecnolog\u00eda<\/title>\r\n<meta name=\"robots\" content=\"index, follow, max-snippet:-1, max-image-preview:large, max-video-preview:-1\" \/>\r\n<link rel=\"canonical\" href=\"https:\/\/blogs.uninter.edu.mx\/ESCAT\/index.php\/diseno\/\" \/>\r\n<meta property=\"og:locale\" content=\"es_MX\" \/>\r\n<meta property=\"og:type\" content=\"article\" \/>\r\n<meta property=\"og:title\" content=\"Dise\u00f1o - Escuela de Ciencias, Artes y Tecnolog\u00eda\" \/>\r\n<meta property=\"og:description\" content=\"Conoce un poco m\u00e1s a los profesores que conforman la Academia de Dise\u00f1o:\" \/>\r\n<meta property=\"og:url\" content=\"https:\/\/blogs.uninter.edu.mx\/ESCAT\/index.php\/diseno\/\" \/>\r\n<meta property=\"og:site_name\" content=\"Escuela de Ciencias, Artes y Tecnolog\u00eda\" \/>\r\n<meta property=\"article:publisher\" content=\"https:\/\/www.facebook.com\/EscatUninter\/\" \/>\r\n<meta property=\"article:modified_time\" content=\"2025-10-20T19:22:01+00:00\" \/>\r\n<meta property=\"og:image\" content=\"https:\/\/blogs.uninter.edu.mx\/ESCAT\/wp-content\/uploads\/2025\/08\/2026-1-CV-Alejandra-Cruz.jpg\" \/>\r\n\t<meta property=\"og:image:width\" content=\"700\" \/>\r\n\t<meta property=\"og:image:height\" content=\"511\" \/>\r\n\t<meta property=\"og:image:type\" content=\"image\/jpeg\" \/>\r\n<meta name=\"twitter:card\" content=\"summary_large_image\" \/>\r\n<meta name=\"twitter:site\" content=\"@EscatUninter\" \/>\r\n<meta name=\"twitter:label1\" content=\"Tiempo de lectura\" \/>\n\t<meta name=\"twitter:data1\" content=\"4 minutos\" \/>\r\n<script type=\"application\/ld+json\" class=\"yoast-schema-graph\">{\"@context\":\"https:\/\/schema.org\",\"@graph\":[{\"@type\":\"WebPage\",\"@id\":\"https:\/\/blogs.uninter.edu.mx\/ESCAT\/index.php\/diseno\/\",\"url\":\"https:\/\/blogs.uninter.edu.mx\/ESCAT\/index.php\/diseno\/\",\"name\":\"Dise\u00f1o - Escuela de Ciencias, Artes y Tecnolog\u00eda\",\"isPartOf\":{\"@id\":\"https:\/\/blogs.uninter.edu.mx\/ESCAT\/#website\"},\"primaryImageOfPage\":{\"@id\":\"https:\/\/blogs.uninter.edu.mx\/ESCAT\/index.php\/diseno\/#primaryimage\"},\"image\":{\"@id\":\"https:\/\/blogs.uninter.edu.mx\/ESCAT\/index.php\/diseno\/#primaryimage\"},\"thumbnailUrl\":\"https:\/\/blogs.uninter.edu.mx\/ESCAT\/wp-content\/uploads\/2025\/08\/2026-1-CV-Alejandra-Cruz.jpg\",\"datePublished\":\"2020-11-05T22:21:37+00:00\",\"dateModified\":\"2025-10-20T19:22:01+00:00\",\"breadcrumb\":{\"@id\":\"https:\/\/blogs.uninter.edu.mx\/ESCAT\/index.php\/diseno\/#breadcrumb\"},\"inLanguage\":\"es\",\"potentialAction\":[{\"@type\":\"ReadAction\",\"target\":[\"https:\/\/blogs.uninter.edu.mx\/ESCAT\/index.php\/diseno\/\"]}]},{\"@type\":\"ImageObject\",\"inLanguage\":\"es\",\"@id\":\"https:\/\/blogs.uninter.edu.mx\/ESCAT\/index.php\/diseno\/#primaryimage\",\"url\":\"https:\/\/blogs.uninter.edu.mx\/ESCAT\/wp-content\/uploads\/2025\/08\/2026-1-CV-Alejandra-Cruz.jpg\",\"contentUrl\":\"https:\/\/blogs.uninter.edu.mx\/ESCAT\/wp-content\/uploads\/2025\/08\/2026-1-CV-Alejandra-Cruz.jpg\",\"width\":4302,\"height\":3138},{\"@type\":\"BreadcrumbList\",\"@id\":\"https:\/\/blogs.uninter.edu.mx\/ESCAT\/index.php\/diseno\/#breadcrumb\",\"itemListElement\":[{\"@type\":\"ListItem\",\"position\":1,\"name\":\"Inicio\",\"item\":\"https:\/\/blogs.uninter.edu.mx\/ESCAT\/\"},{\"@type\":\"ListItem\",\"position\":2,\"name\":\"Dise\u00f1o\"}]},{\"@type\":\"WebSite\",\"@id\":\"https:\/\/blogs.uninter.edu.mx\/ESCAT\/#website\",\"url\":\"https:\/\/blogs.uninter.edu.mx\/ESCAT\/\",\"name\":\"Escuela de Ciencias, Artes y Tecnolog\u00eda UNINTER\",\"description\":\"ESCAT\",\"potentialAction\":[{\"@type\":\"SearchAction\",\"target\":{\"@type\":\"EntryPoint\",\"urlTemplate\":\"https:\/\/blogs.uninter.edu.mx\/ESCAT\/?s={search_term_string}\"},\"query-input\":{\"@type\":\"PropertyValueSpecification\",\"valueRequired\":true,\"valueName\":\"search_term_string\"}}],\"inLanguage\":\"es\"}]}<\/script>\r\n<!-- \/ Yoast SEO plugin. -->","yoast_head_json":{"title":"Dise\u00f1o - Escuela de Ciencias, Artes y Tecnolog\u00eda","robots":{"index":"index","follow":"follow","max-snippet":"max-snippet:-1","max-image-preview":"max-image-preview:large","max-video-preview":"max-video-preview:-1"},"canonical":"https:\/\/blogs.uninter.edu.mx\/ESCAT\/index.php\/diseno\/","og_locale":"es_MX","og_type":"article","og_title":"Dise\u00f1o - Escuela de Ciencias, Artes y Tecnolog\u00eda","og_description":"Conoce un poco m\u00e1s a los profesores que conforman la Academia de Dise\u00f1o:","og_url":"https:\/\/blogs.uninter.edu.mx\/ESCAT\/index.php\/diseno\/","og_site_name":"Escuela de Ciencias, Artes y Tecnolog\u00eda","article_publisher":"https:\/\/www.facebook.com\/EscatUninter\/","article_modified_time":"2025-10-20T19:22:01+00:00","og_image":[{"url":"https:\/\/blogs.uninter.edu.mx\/ESCAT\/wp-content\/uploads\/2025\/08\/2026-1-CV-Alejandra-Cruz.jpg","width":700,"height":511,"type":"image\/jpeg"}],"twitter_card":"summary_large_image","twitter_site":"@EscatUninter","twitter_misc":{"Tiempo de lectura":"4 minutos"},"schema":{"@context":"https:\/\/schema.org","@graph":[{"@type":"WebPage","@id":"https:\/\/blogs.uninter.edu.mx\/ESCAT\/index.php\/diseno\/","url":"https:\/\/blogs.uninter.edu.mx\/ESCAT\/index.php\/diseno\/","name":"Dise\u00f1o - Escuela de Ciencias, Artes y Tecnolog\u00eda","isPartOf":{"@id":"https:\/\/blogs.uninter.edu.mx\/ESCAT\/#website"},"primaryImageOfPage":{"@id":"https:\/\/blogs.uninter.edu.mx\/ESCAT\/index.php\/diseno\/#primaryimage"},"image":{"@id":"https:\/\/blogs.uninter.edu.mx\/ESCAT\/index.php\/diseno\/#primaryimage"},"thumbnailUrl":"https:\/\/blogs.uninter.edu.mx\/ESCAT\/wp-content\/uploads\/2025\/08\/2026-1-CV-Alejandra-Cruz.jpg","datePublished":"2020-11-05T22:21:37+00:00","dateModified":"2025-10-20T19:22:01+00:00","breadcrumb":{"@id":"https:\/\/blogs.uninter.edu.mx\/ESCAT\/index.php\/diseno\/#breadcrumb"},"inLanguage":"es","potentialAction":[{"@type":"ReadAction","target":["https:\/\/blogs.uninter.edu.mx\/ESCAT\/index.php\/diseno\/"]}]},{"@type":"ImageObject","inLanguage":"es","@id":"https:\/\/blogs.uninter.edu.mx\/ESCAT\/index.php\/diseno\/#primaryimage","url":"https:\/\/blogs.uninter.edu.mx\/ESCAT\/wp-content\/uploads\/2025\/08\/2026-1-CV-Alejandra-Cruz.jpg","contentUrl":"https:\/\/blogs.uninter.edu.mx\/ESCAT\/wp-content\/uploads\/2025\/08\/2026-1-CV-Alejandra-Cruz.jpg","width":4302,"height":3138},{"@type":"BreadcrumbList","@id":"https:\/\/blogs.uninter.edu.mx\/ESCAT\/index.php\/diseno\/#breadcrumb","itemListElement":[{"@type":"ListItem","position":1,"name":"Inicio","item":"https:\/\/blogs.uninter.edu.mx\/ESCAT\/"},{"@type":"ListItem","position":2,"name":"Dise\u00f1o"}]},{"@type":"WebSite","@id":"https:\/\/blogs.uninter.edu.mx\/ESCAT\/#website","url":"https:\/\/blogs.uninter.edu.mx\/ESCAT\/","name":"Escuela de Ciencias, Artes y Tecnolog\u00eda UNINTER","description":"ESCAT","potentialAction":[{"@type":"SearchAction","target":{"@type":"EntryPoint","urlTemplate":"https:\/\/blogs.uninter.edu.mx\/ESCAT\/?s={search_term_string}"},"query-input":{"@type":"PropertyValueSpecification","valueRequired":true,"valueName":"search_term_string"}}],"inLanguage":"es"}]}},"jetpack_sharing_enabled":true,"_links":{"self":[{"href":"https:\/\/blogs.uninter.edu.mx\/ESCAT\/index.php\/wp-json\/wp\/v2\/pages\/40840","targetHints":{"allow":["GET"]}}],"collection":[{"href":"https:\/\/blogs.uninter.edu.mx\/ESCAT\/index.php\/wp-json\/wp\/v2\/pages"}],"about":[{"href":"https:\/\/blogs.uninter.edu.mx\/ESCAT\/index.php\/wp-json\/wp\/v2\/types\/page"}],"author":[{"embeddable":true,"href":"https:\/\/blogs.uninter.edu.mx\/ESCAT\/index.php\/wp-json\/wp\/v2\/users\/22"}],"replies":[{"embeddable":true,"href":"https:\/\/blogs.uninter.edu.mx\/ESCAT\/index.php\/wp-json\/wp\/v2\/comments?post=40840"}],"version-history":[{"count":52,"href":"https:\/\/blogs.uninter.edu.mx\/ESCAT\/index.php\/wp-json\/wp\/v2\/pages\/40840\/revisions"}],"predecessor-version":[{"id":77586,"href":"https:\/\/blogs.uninter.edu.mx\/ESCAT\/index.php\/wp-json\/wp\/v2\/pages\/40840\/revisions\/77586"}],"wp:attachment":[{"href":"https:\/\/blogs.uninter.edu.mx\/ESCAT\/index.php\/wp-json\/wp\/v2\/media?parent=40840"}],"curies":[{"name":"wp","href":"https:\/\/api.w.org\/{rel}","templated":true}]}}