{"id":1561,"date":"2013-10-02T19:13:22","date_gmt":"2013-10-03T00:13:22","guid":{"rendered":"http:\/\/enfermeriauninter.wordpress.com\/?page_id=77"},"modified":"2013-10-02T19:13:22","modified_gmt":"2013-10-03T00:13:22","slug":"proceso-de-emergencia-para-para-pacientes-nacionales","status":"publish","type":"page","link":"https:\/\/blogs.uninter.edu.mx\/Enfermeria\/index.php\/proceso-de-emergencia-para-para-pacientes-nacionales\/","title":{"rendered":"Urgencias o Emergencias"},"content":{"rendered":"<p><img loading=\"lazy\" decoding=\"async\" src=\"https:\/\/enfermeriauninter.wordpress.com\/wp-content\/uploads\/2013\/10\/enfermeria-logo.png\" class=\"aligncenter wp-image-1157\" alt=\"ENFERMERIA LOGO\" width=\"77\" height=\"83\"><\/p>\n<p><strong>Urgencia<\/strong> \u2013 Es toda aquella situaci\u00f3n en que la vida no &nbsp;est\u00e1 en riesgo y requiere atenci\u00f3n inmediata.<\/p>\n<p><strong>Emergencia<\/strong> \u2013 Cuando la vida del paciente &nbsp;est\u00e1 en riesgo.<\/p>\n<p>&nbsp;<\/p>\n<p><strong>Si es Alumno extranjero<\/strong><\/p>\n<p>1.- Evaluar y en caso necesario brindar los primeros auxilios.<\/p>\n<p>2.- Dar aviso a la familia anfitriona con la que se hospeda. (Vanessa Arrieta Ext. 118 Cel. 777-367-4598)<\/p>\n<p>3.- Llevar al paciente a la Cruz Roja en donde ser\u00e1 atendido por un m\u00e9dico general y si es necesario por un especialista. El pago del m\u00e9dico y medicamentos ser\u00e1 por cuenta del alumno.<\/p>\n<p>&nbsp;<\/p>\n<p><strong>Si es alumno nacional de Licenciatura, BIU o SIU&nbsp; (Seguro contra accidentes)<\/strong><\/p>\n<p>1.-Evaluar y en caso necesario, brindar los primeros auxilios.<\/p>\n<p>2.-Llenar Constancia de Hechos.<\/p>\n<p>2.- Dar formato de aviso de accidentes firmado, sellado, con el n\u00famero de p\u00f3liza general as\u00ed como el n\u00famero de certificado del alumno, a la persona responsable y esta deber\u00e1 trasladarlo al Hospital Center Vista Hermosa o Henri Dunant.<\/p>\n<p>3.- Llegar directamente al \u00e1rea de Urgencias en donde lo atender\u00e1 un m\u00e9dico general y si es necesario por un especialista.<\/p>\n<p><strong>Si es Alumno nacional de Posgrados&nbsp; (No cuentan con seguro contra accidentes)<\/strong><\/p>\n<p>1.- Evaluar y en caso necesario, brindar los primeros auxilios.<\/p>\n<p>2.-Indicarle que se traslade al hospital de su preferencia.<\/p>\n<p><strong>Si es Personal Administrativo y Docente<\/strong><\/p>\n<p>1.- Evaluar y en caso necesario, brindar los primeros auxilios.<\/p>\n<p>2.- Dar aviso al departamento de Recursos Humanos. <strong>EXT: 201 o 245. <\/strong><\/p>\n<p>&nbsp;<\/p>\n<p><strong>&nbsp;&nbsp;&nbsp;&nbsp;&nbsp;&nbsp;&nbsp;&nbsp;&nbsp;&nbsp;&nbsp;&nbsp;&nbsp;&nbsp;&nbsp;&nbsp;&nbsp;&nbsp;&nbsp;&nbsp;&nbsp;&nbsp;&nbsp;&nbsp;&nbsp;&nbsp;&nbsp;&nbsp;&nbsp;&nbsp;&nbsp;&nbsp;&nbsp;&nbsp;&nbsp;&nbsp;&nbsp;&nbsp;&nbsp;&nbsp;&nbsp;&nbsp;&nbsp;&nbsp;&nbsp;&nbsp;&nbsp;&nbsp;&nbsp;&nbsp;&nbsp;&nbsp;&nbsp;&nbsp;&nbsp;&nbsp;&nbsp;&nbsp;&nbsp;&nbsp;&nbsp; <\/strong><\/p>\n","protected":false},"excerpt":{"rendered":"<p>Urgencia \u2013 Es toda aquella situaci\u00f3n en que la vida no &nbsp;est\u00e1 en riesgo y requiere atenci\u00f3n inmediata. Emergencia \u2013 Cuando la vida del paciente &nbsp;est\u00e1 en riesgo. &nbsp; Si es Alumno extranjero 1.- Evaluar y en caso necesario brindar los primeros auxilios. 2.- Dar aviso a la familia anfitriona con la que se hospeda.&hellip;<\/p>\n","protected":false},"author":5,"featured_media":0,"parent":0,"menu_order":0,"comment_status":"closed","ping_status":"closed","template":"","meta":{"footnotes":""},"class_list":["post-1561","page","type-page","status-publish","hentry"],"yoast_head":"<!-- This site is optimized with the Yoast SEO plugin v22.8 - https:\/\/yoast.com\/wordpress\/plugins\/seo\/ -->\r\n<title>Urgencias o Emergencias - Enfermeria Uninter<\/title>\r\n<meta name=\"robots\" content=\"noindex, follow, max-snippet:-1, max-image-preview:large, max-video-preview:-1\" \/>\r\n<meta property=\"og:locale\" content=\"es_MX\" \/>\r\n<meta property=\"og:type\" content=\"article\" \/>\r\n<meta property=\"og:title\" content=\"Urgencias o Emergencias - Enfermeria Uninter\" \/>\r\n<meta property=\"og:description\" content=\"Urgencia \u2013 Es toda aquella situaci\u00f3n en que la vida no &nbsp;est\u00e1 en riesgo y requiere atenci\u00f3n inmediata. Emergencia \u2013 Cuando la vida del paciente &nbsp;est\u00e1 en riesgo. &nbsp; Si es Alumno extranjero 1.- Evaluar y en caso necesario brindar los primeros auxilios. 2.- Dar aviso a la familia anfitriona con la que se hospeda.&hellip;\" \/>\r\n<meta property=\"og:url\" content=\"https:\/\/blogs.uninter.edu.mx\/Enfermeria\/index.php\/proceso-de-emergencia-para-para-pacientes-nacionales\/\" \/>\r\n<meta property=\"og:site_name\" content=\"Enfermeria Uninter\" \/>\r\n<meta property=\"og:image\" content=\"https:\/\/enfermeriauninter.wordpress.com\/wp-content\/uploads\/2013\/10\/enfermeria-logo.png\" \/>\r\n<meta name=\"twitter:card\" content=\"summary_large_image\" \/>\r\n<meta name=\"twitter:label1\" content=\"Tiempo de lectura\" \/>\n\t<meta name=\"twitter:data1\" content=\"2 minutos\" \/>\r\n<script type=\"application\/ld+json\" class=\"yoast-schema-graph\">{\"@context\":\"https:\/\/schema.org\",\"@graph\":[{\"@type\":\"WebPage\",\"@id\":\"https:\/\/blogs.uninter.edu.mx\/Enfermeria\/index.php\/proceso-de-emergencia-para-para-pacientes-nacionales\/\",\"url\":\"https:\/\/blogs.uninter.edu.mx\/Enfermeria\/index.php\/proceso-de-emergencia-para-para-pacientes-nacionales\/\",\"name\":\"Urgencias o Emergencias - Enfermeria Uninter\",\"isPartOf\":{\"@id\":\"https:\/\/blogs.uninter.edu.mx\/Enfermeria\/#website\"},\"primaryImageOfPage\":{\"@id\":\"https:\/\/blogs.uninter.edu.mx\/Enfermeria\/index.php\/proceso-de-emergencia-para-para-pacientes-nacionales\/#primaryimage\"},\"image\":{\"@id\":\"https:\/\/blogs.uninter.edu.mx\/Enfermeria\/index.php\/proceso-de-emergencia-para-para-pacientes-nacionales\/#primaryimage\"},\"thumbnailUrl\":\"https:\/\/enfermeriauninter.wordpress.com\/wp-content\/uploads\/2013\/10\/enfermeria-logo.png\",\"datePublished\":\"2013-10-03T00:13:22+00:00\",\"dateModified\":\"2013-10-03T00:13:22+00:00\",\"breadcrumb\":{\"@id\":\"https:\/\/blogs.uninter.edu.mx\/Enfermeria\/index.php\/proceso-de-emergencia-para-para-pacientes-nacionales\/#breadcrumb\"},\"inLanguage\":\"es-MX\",\"potentialAction\":[{\"@type\":\"ReadAction\",\"target\":[\"https:\/\/blogs.uninter.edu.mx\/Enfermeria\/index.php\/proceso-de-emergencia-para-para-pacientes-nacionales\/\"]}]},{\"@type\":\"ImageObject\",\"inLanguage\":\"es-MX\",\"@id\":\"https:\/\/blogs.uninter.edu.mx\/Enfermeria\/index.php\/proceso-de-emergencia-para-para-pacientes-nacionales\/#primaryimage\",\"url\":\"https:\/\/enfermeriauninter.wordpress.com\/wp-content\/uploads\/2013\/10\/enfermeria-logo.png\",\"contentUrl\":\"https:\/\/enfermeriauninter.wordpress.com\/wp-content\/uploads\/2013\/10\/enfermeria-logo.png\"},{\"@type\":\"BreadcrumbList\",\"@id\":\"https:\/\/blogs.uninter.edu.mx\/Enfermeria\/index.php\/proceso-de-emergencia-para-para-pacientes-nacionales\/#breadcrumb\",\"itemListElement\":[{\"@type\":\"ListItem\",\"position\":1,\"name\":\"Inicio\",\"item\":\"https:\/\/blogs.uninter.edu.mx\/Enfermeria\/\"},{\"@type\":\"ListItem\",\"position\":2,\"name\":\"Urgencias o Emergencias\"}]},{\"@type\":\"WebSite\",\"@id\":\"https:\/\/blogs.uninter.edu.mx\/Enfermeria\/#website\",\"url\":\"https:\/\/blogs.uninter.edu.mx\/Enfermeria\/\",\"name\":\"Enfermeria Uninter\",\"description\":\"\",\"potentialAction\":[{\"@type\":\"SearchAction\",\"target\":{\"@type\":\"EntryPoint\",\"urlTemplate\":\"https:\/\/blogs.uninter.edu.mx\/Enfermeria\/?s={search_term_string}\"},\"query-input\":\"required name=search_term_string\"}],\"inLanguage\":\"es-MX\"}]}<\/script>\r\n<!-- \/ Yoast SEO plugin. -->","yoast_head_json":{"title":"Urgencias o Emergencias - Enfermeria Uninter","robots":{"index":"noindex","follow":"follow","max-snippet":"max-snippet:-1","max-image-preview":"max-image-preview:large","max-video-preview":"max-video-preview:-1"},"og_locale":"es_MX","og_type":"article","og_title":"Urgencias o Emergencias - Enfermeria Uninter","og_description":"Urgencia \u2013 Es toda aquella situaci\u00f3n en que la vida no &nbsp;est\u00e1 en riesgo y requiere atenci\u00f3n inmediata. Emergencia \u2013 Cuando la vida del paciente &nbsp;est\u00e1 en riesgo. &nbsp; Si es Alumno extranjero 1.- Evaluar y en caso necesario brindar los primeros auxilios. 2.- Dar aviso a la familia anfitriona con la que se hospeda.&hellip;","og_url":"https:\/\/blogs.uninter.edu.mx\/Enfermeria\/index.php\/proceso-de-emergencia-para-para-pacientes-nacionales\/","og_site_name":"Enfermeria Uninter","og_image":[{"url":"https:\/\/enfermeriauninter.wordpress.com\/wp-content\/uploads\/2013\/10\/enfermeria-logo.png"}],"twitter_card":"summary_large_image","twitter_misc":{"Tiempo de lectura":"2 minutos"},"schema":{"@context":"https:\/\/schema.org","@graph":[{"@type":"WebPage","@id":"https:\/\/blogs.uninter.edu.mx\/Enfermeria\/index.php\/proceso-de-emergencia-para-para-pacientes-nacionales\/","url":"https:\/\/blogs.uninter.edu.mx\/Enfermeria\/index.php\/proceso-de-emergencia-para-para-pacientes-nacionales\/","name":"Urgencias o Emergencias - Enfermeria Uninter","isPartOf":{"@id":"https:\/\/blogs.uninter.edu.mx\/Enfermeria\/#website"},"primaryImageOfPage":{"@id":"https:\/\/blogs.uninter.edu.mx\/Enfermeria\/index.php\/proceso-de-emergencia-para-para-pacientes-nacionales\/#primaryimage"},"image":{"@id":"https:\/\/blogs.uninter.edu.mx\/Enfermeria\/index.php\/proceso-de-emergencia-para-para-pacientes-nacionales\/#primaryimage"},"thumbnailUrl":"https:\/\/enfermeriauninter.wordpress.com\/wp-content\/uploads\/2013\/10\/enfermeria-logo.png","datePublished":"2013-10-03T00:13:22+00:00","dateModified":"2013-10-03T00:13:22+00:00","breadcrumb":{"@id":"https:\/\/blogs.uninter.edu.mx\/Enfermeria\/index.php\/proceso-de-emergencia-para-para-pacientes-nacionales\/#breadcrumb"},"inLanguage":"es-MX","potentialAction":[{"@type":"ReadAction","target":["https:\/\/blogs.uninter.edu.mx\/Enfermeria\/index.php\/proceso-de-emergencia-para-para-pacientes-nacionales\/"]}]},{"@type":"ImageObject","inLanguage":"es-MX","@id":"https:\/\/blogs.uninter.edu.mx\/Enfermeria\/index.php\/proceso-de-emergencia-para-para-pacientes-nacionales\/#primaryimage","url":"https:\/\/enfermeriauninter.wordpress.com\/wp-content\/uploads\/2013\/10\/enfermeria-logo.png","contentUrl":"https:\/\/enfermeriauninter.wordpress.com\/wp-content\/uploads\/2013\/10\/enfermeria-logo.png"},{"@type":"BreadcrumbList","@id":"https:\/\/blogs.uninter.edu.mx\/Enfermeria\/index.php\/proceso-de-emergencia-para-para-pacientes-nacionales\/#breadcrumb","itemListElement":[{"@type":"ListItem","position":1,"name":"Inicio","item":"https:\/\/blogs.uninter.edu.mx\/Enfermeria\/"},{"@type":"ListItem","position":2,"name":"Urgencias o Emergencias"}]},{"@type":"WebSite","@id":"https:\/\/blogs.uninter.edu.mx\/Enfermeria\/#website","url":"https:\/\/blogs.uninter.edu.mx\/Enfermeria\/","name":"Enfermeria Uninter","description":"","potentialAction":[{"@type":"SearchAction","target":{"@type":"EntryPoint","urlTemplate":"https:\/\/blogs.uninter.edu.mx\/Enfermeria\/?s={search_term_string}"},"query-input":"required name=search_term_string"}],"inLanguage":"es-MX"}]}},"jetpack_sharing_enabled":true,"_links":{"self":[{"href":"https:\/\/blogs.uninter.edu.mx\/Enfermeria\/index.php\/wp-json\/wp\/v2\/pages\/1561","targetHints":{"allow":["GET"]}}],"collection":[{"href":"https:\/\/blogs.uninter.edu.mx\/Enfermeria\/index.php\/wp-json\/wp\/v2\/pages"}],"about":[{"href":"https:\/\/blogs.uninter.edu.mx\/Enfermeria\/index.php\/wp-json\/wp\/v2\/types\/page"}],"author":[{"embeddable":true,"href":"https:\/\/blogs.uninter.edu.mx\/Enfermeria\/index.php\/wp-json\/wp\/v2\/users\/5"}],"replies":[{"embeddable":true,"href":"https:\/\/blogs.uninter.edu.mx\/Enfermeria\/index.php\/wp-json\/wp\/v2\/comments?post=1561"}],"version-history":[{"count":0,"href":"https:\/\/blogs.uninter.edu.mx\/Enfermeria\/index.php\/wp-json\/wp\/v2\/pages\/1561\/revisions"}],"wp:attachment":[{"href":"https:\/\/blogs.uninter.edu.mx\/Enfermeria\/index.php\/wp-json\/wp\/v2\/media?parent=1561"}],"curies":[{"name":"wp","href":"https:\/\/api.w.org\/{rel}","templated":true}]}}