{"version":"1.0","provider_name":"Filarmonica UNINTER","provider_url":"https:\/\/blogs.uninter.edu.mx\/Filarmonica","author_name":"luzgalvez","author_url":"https:\/\/blogs.uninter.edu.mx\/Filarmonica\/index.php\/author\/luzgalvez\/","title":"-Datos del mes- Filarmonica UNINTER","type":"rich","width":600,"height":338,"html":"<blockquote class=\"wp-embedded-content\" data-secret=\"eHCLbbKqra\"><a href=\"https:\/\/blogs.uninter.edu.mx\/Filarmonica\/index.php\/2016\/07\/20\/datos-del-mes\/\">-Datos del mes-<\/a><\/blockquote><iframe sandbox=\"allow-scripts\" security=\"restricted\" src=\"https:\/\/blogs.uninter.edu.mx\/Filarmonica\/index.php\/2016\/07\/20\/datos-del-mes\/embed\/#?secret=eHCLbbKqra\" width=\"600\" height=\"338\" title=\"&#8220;-Datos del mes-&#8221; &#8212; Filarmonica UNINTER\" data-secret=\"eHCLbbKqra\" frameborder=\"0\" marginwidth=\"0\" marginheight=\"0\" scrolling=\"no\" class=\"wp-embedded-content\"><\/iframe><script type=\"text\/javascript\">\n\/* <![CDATA[ *\/\n\/*! This file is auto-generated *\/\n!function(d,l){\"use strict\";l.querySelector&&d.addEventListener&&\"undefined\"!=typeof URL&&(d.wp=d.wp||{},d.wp.receiveEmbedMessage||(d.wp.receiveEmbedMessage=function(e){var t=e.data;if((t||t.secret||t.message||t.value)&&!\/[^a-zA-Z0-9]\/.test(t.secret)){for(var s,r,n,a=l.querySelectorAll('iframe[data-secret=\"'+t.secret+'\"]'),o=l.querySelectorAll('blockquote[data-secret=\"'+t.secret+'\"]'),c=new RegExp(\"^https?:$\",\"i\"),i=0;i<o.length;i++)o[i].style.display=\"none\";for(i=0;i<a.length;i++)s=a[i],e.source===s.contentWindow&&(s.removeAttribute(\"style\"),\"height\"===t.message?(1e3<(r=parseInt(t.value,10))?r=1e3:~~r<200&&(r=200),s.height=r):\"link\"===t.message&&(r=new URL(s.getAttribute(\"src\")),n=new URL(t.value),c.test(n.protocol))&&n.host===r.host&&l.activeElement===s&&(d.top.location.href=t.value))}},d.addEventListener(\"message\",d.wp.receiveEmbedMessage,!1),l.addEventListener(\"DOMContentLoaded\",function(){for(var e,t,s=l.querySelectorAll(\"iframe.wp-embedded-content\"),r=0;r<s.length;r++)(t=(e=s[r]).getAttribute(\"data-secret\"))||(t=Math.random().toString(36).substring(2,12),e.src+=\"#?secret=\"+t,e.setAttribute(\"data-secret\",t)),e.contentWindow.postMessage({message:\"ready\",secret:t},\"*\")},!1)))}(window,document);\n\/* ]]> *\/\n<\/script>\n","thumbnail_url":null,"thumbnail_width":null,"thumbnail_height":null,"description":"D\u00eda\u00a0Internacional de el Director de Orquesta\u00a0 Se trata de un acontecimiento hist\u00f3rico para la cultura universal, que el pasado 13 de julio del a\u00f1o 2013 que el \u00a0Dr. Francisco Navarro Lara, oriundo de Bujalance (C\u00f3rdoba). A partir de la iniciativa de uno de sus alumnos, se moviliz\u00f3 la realizaci\u00f3n de institucionalizar una fecha festiva para&hellip;"}

Día Internacional de el Director de Orquesta  Se trata de un acontecimiento histórico para la cultura universal, que el pasado 13 de julio del año 2013 que el  Dr. Francisco Navarro Lara, oriundo de Bujalance (Córdoba). A partir de la iniciativa de uno de sus alumnos, se movilizó la realización de institucionalizar una fecha festiva para&hellip;
