{"id":4824,"date":"2020-11-23T18:13:34","date_gmt":"2020-11-23T18:13:34","guid":{"rendered":"https:\/\/blogs.uninter.edu.mx\/ehli\/?page_id=4824"},"modified":"2022-08-10T15:07:12","modified_gmt":"2022-08-10T15:07:12","slug":"arquitectura-e-ingenieria-civil","status":"publish","type":"page","link":"https:\/\/blogs.uninter.edu.mx\/ehli\/index.php\/arquitectura-e-ingenieria-civil\/","title":{"rendered":"Arquitectura e Ingenier\u00eda Civil"},"content":{"rendered":"\n<p style=\"font-size:18px\">Conoce un poco m\u00e1s a los profesores que conforman el Departamento de Arquitectura e Ingenier\u00eda Civil.<\/p>\n\n\n\n<figure class=\"wp-block-image size-large\"><img loading=\"lazy\" decoding=\"async\" width=\"1024\" height=\"768\" src=\"https:\/\/blogs.uninter.edu.mx\/ehli\/wp-content\/uploads\/2020\/12\/Arq-Giovanini-3.png\" alt=\"\" class=\"wp-image-4975\" srcset=\"https:\/\/blogs.uninter.edu.mx\/ehli\/wp-content\/uploads\/2020\/12\/Arq-Giovanini-3.png 1024w, https:\/\/blogs.uninter.edu.mx\/ehli\/wp-content\/uploads\/2020\/12\/Arq-Giovanini-3-300x225.png 300w, https:\/\/blogs.uninter.edu.mx\/ehli\/wp-content\/uploads\/2020\/12\/Arq-Giovanini-3-768x576.png 768w\" sizes=\"auto, (max-width: 1024px) 100vw, 1024px\" \/><\/figure>\n\n\n\n<figure class=\"wp-block-gallery has-nested-images columns-default is-cropped wp-block-gallery-1 is-layout-flex wp-block-gallery-is-layout-flex\">\n<figure class=\"wp-block-image size-large\"><img loading=\"lazy\" decoding=\"async\" width=\"1024\" height=\"768\" data-id=\"4977\" src=\"https:\/\/blogs.uninter.edu.mx\/ehli\/wp-content\/uploads\/2020\/12\/Sergio-Alejandro-Hernandez-Salgado-1.png\" alt=\"\" class=\"wp-image-4977\" srcset=\"https:\/\/blogs.uninter.edu.mx\/ehli\/wp-content\/uploads\/2020\/12\/Sergio-Alejandro-Hernandez-Salgado-1.png 1024w, https:\/\/blogs.uninter.edu.mx\/ehli\/wp-content\/uploads\/2020\/12\/Sergio-Alejandro-Hernandez-Salgado-1-300x225.png 300w, https:\/\/blogs.uninter.edu.mx\/ehli\/wp-content\/uploads\/2020\/12\/Sergio-Alejandro-Hernandez-Salgado-1-768x576.png 768w\" sizes=\"auto, (max-width: 1024px) 100vw, 1024px\" \/><\/figure>\n<\/figure>\n\n\n\n<figure class=\"wp-block-gallery has-nested-images columns-default is-cropped wp-block-gallery-2 is-layout-flex wp-block-gallery-is-layout-flex\">\n<figure class=\"wp-block-image size-large\"><img loading=\"lazy\" decoding=\"async\" width=\"1024\" height=\"768\" data-id=\"4978\" src=\"https:\/\/blogs.uninter.edu.mx\/ehli\/wp-content\/uploads\/2020\/12\/Monica-Thalia-Sanchez-Acosta.-1.png\" alt=\"\" class=\"wp-image-4978\" srcset=\"https:\/\/blogs.uninter.edu.mx\/ehli\/wp-content\/uploads\/2020\/12\/Monica-Thalia-Sanchez-Acosta.-1.png 1024w, https:\/\/blogs.uninter.edu.mx\/ehli\/wp-content\/uploads\/2020\/12\/Monica-Thalia-Sanchez-Acosta.-1-300x225.png 300w, https:\/\/blogs.uninter.edu.mx\/ehli\/wp-content\/uploads\/2020\/12\/Monica-Thalia-Sanchez-Acosta.-1-768x576.png 768w\" sizes=\"auto, (max-width: 1024px) 100vw, 1024px\" \/><\/figure>\n<\/figure>\n","protected":false},"excerpt":{"rendered":"<p>Conoce un poco m\u00e1s a los profesores que conforman el Departamento de Arquitectura e Ingenier\u00eda Civil.<\/p>\n","protected":false},"author":5,"featured_media":0,"parent":0,"menu_order":0,"comment_status":"closed","ping_status":"closed","template":"","meta":{"rop_custom_images_group":[],"rop_custom_messages_group":[],"rop_publish_now":"initial","rop_publish_now_accounts":[],"rop_publish_now_history":[],"rop_publish_now_status":"pending","footnotes":""},"class_list":["post-4824","page","type-page","status-publish","hentry"],"yoast_head":"<!-- This site is optimized with the Yoast SEO plugin v26.7 - https:\/\/yoast.com\/wordpress\/plugins\/seo\/ -->\r\n<title>Arquitectura e Ingenier\u00eda Civil - EHLI<\/title>\r\n<meta name=\"robots\" content=\"index, follow, max-snippet:-1, max-image-preview:large, max-video-preview:-1\" \/>\r\n<link rel=\"canonical\" href=\"https:\/\/blogs.uninter.edu.mx\/ehli\/index.php\/arquitectura-e-ingenieria-civil\/\" \/>\r\n<meta property=\"og:locale\" content=\"es_MX\" \/>\r\n<meta property=\"og:type\" content=\"article\" \/>\r\n<meta property=\"og:title\" content=\"Arquitectura e Ingenier\u00eda Civil - EHLI\" \/>\r\n<meta property=\"og:description\" content=\"Conoce un poco m\u00e1s a los profesores que conforman el Departamento de Arquitectura e Ingenier\u00eda Civil.\" \/>\r\n<meta property=\"og:url\" content=\"https:\/\/blogs.uninter.edu.mx\/ehli\/index.php\/arquitectura-e-ingenieria-civil\/\" \/>\r\n<meta property=\"og:site_name\" content=\"EHLI\" \/>\r\n<meta property=\"article:modified_time\" content=\"2022-08-10T15:07:12+00:00\" \/>\r\n<meta property=\"og:image\" content=\"https:\/\/blogs.uninter.edu.mx\/ehli\/wp-content\/uploads\/2020\/12\/Arq-Giovanini-3.png\" \/>\r\n<meta name=\"twitter:card\" content=\"summary_large_image\" \/>\r\n<meta name=\"twitter:label1\" content=\"Tiempo de lectura\" \/>\n\t<meta name=\"twitter:data1\" content=\"1 minuto\" \/>\r\n<script type=\"application\/ld+json\" class=\"yoast-schema-graph\">{\"@context\":\"https:\/\/schema.org\",\"@graph\":[{\"@type\":\"WebPage\",\"@id\":\"https:\/\/blogs.uninter.edu.mx\/ehli\/index.php\/arquitectura-e-ingenieria-civil\/\",\"url\":\"https:\/\/blogs.uninter.edu.mx\/ehli\/index.php\/arquitectura-e-ingenieria-civil\/\",\"name\":\"Arquitectura e Ingenier\u00eda Civil - EHLI\",\"isPartOf\":{\"@id\":\"https:\/\/blogs.uninter.edu.mx\/ehli\/#website\"},\"primaryImageOfPage\":{\"@id\":\"https:\/\/blogs.uninter.edu.mx\/ehli\/index.php\/arquitectura-e-ingenieria-civil\/#primaryimage\"},\"image\":{\"@id\":\"https:\/\/blogs.uninter.edu.mx\/ehli\/index.php\/arquitectura-e-ingenieria-civil\/#primaryimage\"},\"thumbnailUrl\":\"https:\/\/blogs.uninter.edu.mx\/ehli\/wp-content\/uploads\/2020\/12\/Arq-Giovanini-3.png\",\"datePublished\":\"2020-11-23T18:13:34+00:00\",\"dateModified\":\"2022-08-10T15:07:12+00:00\",\"breadcrumb\":{\"@id\":\"https:\/\/blogs.uninter.edu.mx\/ehli\/index.php\/arquitectura-e-ingenieria-civil\/#breadcrumb\"},\"inLanguage\":\"es\",\"potentialAction\":[{\"@type\":\"ReadAction\",\"target\":[\"https:\/\/blogs.uninter.edu.mx\/ehli\/index.php\/arquitectura-e-ingenieria-civil\/\"]}]},{\"@type\":\"ImageObject\",\"inLanguage\":\"es\",\"@id\":\"https:\/\/blogs.uninter.edu.mx\/ehli\/index.php\/arquitectura-e-ingenieria-civil\/#primaryimage\",\"url\":\"https:\/\/blogs.uninter.edu.mx\/ehli\/wp-content\/uploads\/2020\/12\/Arq-Giovanini-3.png\",\"contentUrl\":\"https:\/\/blogs.uninter.edu.mx\/ehli\/wp-content\/uploads\/2020\/12\/Arq-Giovanini-3.png\",\"width\":1024,\"height\":768},{\"@type\":\"BreadcrumbList\",\"@id\":\"https:\/\/blogs.uninter.edu.mx\/ehli\/index.php\/arquitectura-e-ingenieria-civil\/#breadcrumb\",\"itemListElement\":[{\"@type\":\"ListItem\",\"position\":1,\"name\":\"Inicio\",\"item\":\"https:\/\/blogs.uninter.edu.mx\/ehli\/\"},{\"@type\":\"ListItem\",\"position\":2,\"name\":\"Arquitectura e Ingenier\u00eda Civil\"}]},{\"@type\":\"WebSite\",\"@id\":\"https:\/\/blogs.uninter.edu.mx\/ehli\/#website\",\"url\":\"https:\/\/blogs.uninter.edu.mx\/ehli\/\",\"name\":\"EHLI\",\"description\":\"UNINTER\",\"potentialAction\":[{\"@type\":\"SearchAction\",\"target\":{\"@type\":\"EntryPoint\",\"urlTemplate\":\"https:\/\/blogs.uninter.edu.mx\/ehli\/?s={search_term_string}\"},\"query-input\":{\"@type\":\"PropertyValueSpecification\",\"valueRequired\":true,\"valueName\":\"search_term_string\"}}],\"inLanguage\":\"es\"}]}<\/script>\r\n<!-- \/ Yoast SEO plugin. -->","yoast_head_json":{"title":"Arquitectura e Ingenier\u00eda Civil - EHLI","robots":{"index":"index","follow":"follow","max-snippet":"max-snippet:-1","max-image-preview":"max-image-preview:large","max-video-preview":"max-video-preview:-1"},"canonical":"https:\/\/blogs.uninter.edu.mx\/ehli\/index.php\/arquitectura-e-ingenieria-civil\/","og_locale":"es_MX","og_type":"article","og_title":"Arquitectura e Ingenier\u00eda Civil - EHLI","og_description":"Conoce un poco m\u00e1s a los profesores que conforman el Departamento de Arquitectura e Ingenier\u00eda Civil.","og_url":"https:\/\/blogs.uninter.edu.mx\/ehli\/index.php\/arquitectura-e-ingenieria-civil\/","og_site_name":"EHLI","article_modified_time":"2022-08-10T15:07:12+00:00","og_image":[{"url":"https:\/\/blogs.uninter.edu.mx\/ehli\/wp-content\/uploads\/2020\/12\/Arq-Giovanini-3.png","type":"","width":"","height":""}],"twitter_card":"summary_large_image","twitter_misc":{"Tiempo de lectura":"1 minuto"},"schema":{"@context":"https:\/\/schema.org","@graph":[{"@type":"WebPage","@id":"https:\/\/blogs.uninter.edu.mx\/ehli\/index.php\/arquitectura-e-ingenieria-civil\/","url":"https:\/\/blogs.uninter.edu.mx\/ehli\/index.php\/arquitectura-e-ingenieria-civil\/","name":"Arquitectura e Ingenier\u00eda Civil - EHLI","isPartOf":{"@id":"https:\/\/blogs.uninter.edu.mx\/ehli\/#website"},"primaryImageOfPage":{"@id":"https:\/\/blogs.uninter.edu.mx\/ehli\/index.php\/arquitectura-e-ingenieria-civil\/#primaryimage"},"image":{"@id":"https:\/\/blogs.uninter.edu.mx\/ehli\/index.php\/arquitectura-e-ingenieria-civil\/#primaryimage"},"thumbnailUrl":"https:\/\/blogs.uninter.edu.mx\/ehli\/wp-content\/uploads\/2020\/12\/Arq-Giovanini-3.png","datePublished":"2020-11-23T18:13:34+00:00","dateModified":"2022-08-10T15:07:12+00:00","breadcrumb":{"@id":"https:\/\/blogs.uninter.edu.mx\/ehli\/index.php\/arquitectura-e-ingenieria-civil\/#breadcrumb"},"inLanguage":"es","potentialAction":[{"@type":"ReadAction","target":["https:\/\/blogs.uninter.edu.mx\/ehli\/index.php\/arquitectura-e-ingenieria-civil\/"]}]},{"@type":"ImageObject","inLanguage":"es","@id":"https:\/\/blogs.uninter.edu.mx\/ehli\/index.php\/arquitectura-e-ingenieria-civil\/#primaryimage","url":"https:\/\/blogs.uninter.edu.mx\/ehli\/wp-content\/uploads\/2020\/12\/Arq-Giovanini-3.png","contentUrl":"https:\/\/blogs.uninter.edu.mx\/ehli\/wp-content\/uploads\/2020\/12\/Arq-Giovanini-3.png","width":1024,"height":768},{"@type":"BreadcrumbList","@id":"https:\/\/blogs.uninter.edu.mx\/ehli\/index.php\/arquitectura-e-ingenieria-civil\/#breadcrumb","itemListElement":[{"@type":"ListItem","position":1,"name":"Inicio","item":"https:\/\/blogs.uninter.edu.mx\/ehli\/"},{"@type":"ListItem","position":2,"name":"Arquitectura e Ingenier\u00eda Civil"}]},{"@type":"WebSite","@id":"https:\/\/blogs.uninter.edu.mx\/ehli\/#website","url":"https:\/\/blogs.uninter.edu.mx\/ehli\/","name":"EHLI","description":"UNINTER","potentialAction":[{"@type":"SearchAction","target":{"@type":"EntryPoint","urlTemplate":"https:\/\/blogs.uninter.edu.mx\/ehli\/?s={search_term_string}"},"query-input":{"@type":"PropertyValueSpecification","valueRequired":true,"valueName":"search_term_string"}}],"inLanguage":"es"}]}},"jetpack_sharing_enabled":true,"_links":{"self":[{"href":"https:\/\/blogs.uninter.edu.mx\/ehli\/index.php\/wp-json\/wp\/v2\/pages\/4824","targetHints":{"allow":["GET"]}}],"collection":[{"href":"https:\/\/blogs.uninter.edu.mx\/ehli\/index.php\/wp-json\/wp\/v2\/pages"}],"about":[{"href":"https:\/\/blogs.uninter.edu.mx\/ehli\/index.php\/wp-json\/wp\/v2\/types\/page"}],"author":[{"embeddable":true,"href":"https:\/\/blogs.uninter.edu.mx\/ehli\/index.php\/wp-json\/wp\/v2\/users\/5"}],"replies":[{"embeddable":true,"href":"https:\/\/blogs.uninter.edu.mx\/ehli\/index.php\/wp-json\/wp\/v2\/comments?post=4824"}],"version-history":[{"count":3,"href":"https:\/\/blogs.uninter.edu.mx\/ehli\/index.php\/wp-json\/wp\/v2\/pages\/4824\/revisions"}],"predecessor-version":[{"id":6971,"href":"https:\/\/blogs.uninter.edu.mx\/ehli\/index.php\/wp-json\/wp\/v2\/pages\/4824\/revisions\/6971"}],"wp:attachment":[{"href":"https:\/\/blogs.uninter.edu.mx\/ehli\/index.php\/wp-json\/wp\/v2\/media?parent=4824"}],"curies":[{"name":"wp","href":"https:\/\/api.w.org\/{rel}","templated":true}]}}