{"id":11,"date":"2020-06-01T21:30:00","date_gmt":"2020-06-01T19:30:00","guid":{"rendered":"https:\/\/blogs.uninter.edu.mx\/internacionalizacion\/?page_id=11"},"modified":"2021-11-24T22:34:58","modified_gmt":"2021-11-24T21:34:58","slug":"presentacion","status":"publish","type":"page","link":"https:\/\/blogs.uninter.edu.mx\/internacionalizacion\/index.php\/presentacion\/","title":{"rendered":"Presentaci\u00f3n"},"content":{"rendered":"\n<p class=\"has-text-align-justify\"><span class=\"has-inline-color has-vivid-cyan-blue-color\"><strong>La Universidad Internacional est\u00e1 comprometida con la internacionalizaci\u00f3n, la cooperaci\u00f3n internacional, la movilidad estudiantil y la sensibilidad cultural. Damos la bienvenida a visitantes internacionales y nos esforzamos por colaborar con instituciones educativas, empresas, gobiernos, fundaciones, benefactores y ex alumnos de todo el mundo para enriquecer la ense\u00f1anza y garantizar programas sobresalientes a la comunidad estudiantil.<\/strong><\/span><\/p>\n\n\n\n<p class=\"has-text-align-justify\"><span class=\"has-inline-color has-vivid-cyan-blue-color\"><strong>Involucrarse en la vida del campus es un componente esencial de la experiencia universitaria. Te invitamos a participar en las diferentes actividades del alcance internacional.<\/strong><\/span><\/p>\n\n\n\n<pre id=\"tw-target-text\" class=\"wp-block-preformatted\"><\/pre>\n\n\n\n<figure class=\"wp-block-image size-full\"><img loading=\"lazy\" decoding=\"async\" width=\"1020\" height=\"349\" src=\"https:\/\/blogs.uninter.edu.mx\/internacionalizacion\/wp-content\/uploads\/2020\/06\/cropped-banner-worpres.jpg\" alt=\"\" class=\"wp-image-90\" srcset=\"https:\/\/blogs.uninter.edu.mx\/internacionalizacion\/wp-content\/uploads\/2020\/06\/cropped-banner-worpres.jpg 1020w, https:\/\/blogs.uninter.edu.mx\/internacionalizacion\/wp-content\/uploads\/2020\/06\/cropped-banner-worpres-300x103.jpg 300w, https:\/\/blogs.uninter.edu.mx\/internacionalizacion\/wp-content\/uploads\/2020\/06\/cropped-banner-worpres-768x263.jpg 768w\" sizes=\"auto, (max-width: 1020px) 100vw, 1020px\" \/><\/figure>\n","protected":false},"excerpt":{"rendered":"<p>La Universidad Internacional est\u00e1 comprometida con la internacionalizaci\u00f3n, la cooperaci\u00f3n internacional, la movilidad estudiantil y la sensibilidad cultural. Damos la bienvenida a visitantes internacionales y nos esforzamos por colaborar con instituciones educativas, empresas, gobiernos, fundaciones, benefactores y ex alumnos de todo el mundo para enriquecer la ense\u00f1anza y garantizar programas sobresalientes a la comunidad estudiantil.&hellip;<\/p>\n","protected":false},"author":4,"featured_media":0,"parent":0,"menu_order":0,"comment_status":"closed","ping_status":"closed","template":"","meta":{"footnotes":""},"class_list":["post-11","page","type-page","status-publish","hentry"],"yoast_head":"<!-- This site is optimized with the Yoast SEO plugin v26.6 - https:\/\/yoast.com\/wordpress\/plugins\/seo\/ -->\r\n<title>Presentaci\u00f3n - Internacionalizaci\u00f3n UNINTER<\/title>\r\n<meta name=\"robots\" content=\"index, follow, max-snippet:-1, max-image-preview:large, max-video-preview:-1\" \/>\r\n<link rel=\"canonical\" href=\"https:\/\/blogs.uninter.edu.mx\/internacionalizacion\/index.php\/presentacion\/\" \/>\r\n<meta property=\"og:locale\" content=\"es_ES\" \/>\r\n<meta property=\"og:type\" content=\"article\" \/>\r\n<meta property=\"og:title\" content=\"Presentaci\u00f3n - Internacionalizaci\u00f3n UNINTER\" \/>\r\n<meta property=\"og:description\" content=\"La Universidad Internacional est\u00e1 comprometida con la internacionalizaci\u00f3n, la cooperaci\u00f3n internacional, la movilidad estudiantil y la sensibilidad cultural. Damos la bienvenida a visitantes internacionales y nos esforzamos por colaborar con instituciones educativas, empresas, gobiernos, fundaciones, benefactores y ex alumnos de todo el mundo para enriquecer la ense\u00f1anza y garantizar programas sobresalientes a la comunidad estudiantil.&hellip;\" \/>\r\n<meta property=\"og:url\" content=\"https:\/\/blogs.uninter.edu.mx\/internacionalizacion\/index.php\/presentacion\/\" \/>\r\n<meta property=\"og:site_name\" content=\"Internacionalizaci\u00f3n UNINTER\" \/>\r\n<meta property=\"article:modified_time\" content=\"2021-11-24T21:34:58+00:00\" \/>\r\n<meta property=\"og:image\" content=\"https:\/\/blogs.uninter.edu.mx\/internacionalizacion\/wp-content\/uploads\/2020\/06\/cropped-banner-worpres.jpg\" \/>\r\n<meta name=\"twitter:card\" content=\"summary_large_image\" \/>\r\n<meta name=\"twitter:label1\" content=\"Tiempo de lectura\" \/>\n\t<meta name=\"twitter:data1\" content=\"1 minuto\" \/>\r\n<script type=\"application\/ld+json\" class=\"yoast-schema-graph\">{\"@context\":\"https:\/\/schema.org\",\"@graph\":[{\"@type\":\"WebPage\",\"@id\":\"https:\/\/blogs.uninter.edu.mx\/internacionalizacion\/index.php\/presentacion\/\",\"url\":\"https:\/\/blogs.uninter.edu.mx\/internacionalizacion\/index.php\/presentacion\/\",\"name\":\"Presentaci\u00f3n - Internacionalizaci\u00f3n UNINTER\",\"isPartOf\":{\"@id\":\"https:\/\/blogs.uninter.edu.mx\/internacionalizacion\/#website\"},\"primaryImageOfPage\":{\"@id\":\"https:\/\/blogs.uninter.edu.mx\/internacionalizacion\/index.php\/presentacion\/#primaryimage\"},\"image\":{\"@id\":\"https:\/\/blogs.uninter.edu.mx\/internacionalizacion\/index.php\/presentacion\/#primaryimage\"},\"thumbnailUrl\":\"https:\/\/blogs.uninter.edu.mx\/internacionalizacion\/wp-content\/uploads\/2020\/06\/cropped-banner-worpres.jpg\",\"datePublished\":\"2020-06-01T19:30:00+00:00\",\"dateModified\":\"2021-11-24T21:34:58+00:00\",\"breadcrumb\":{\"@id\":\"https:\/\/blogs.uninter.edu.mx\/internacionalizacion\/index.php\/presentacion\/#breadcrumb\"},\"inLanguage\":\"es\",\"potentialAction\":[{\"@type\":\"ReadAction\",\"target\":[\"https:\/\/blogs.uninter.edu.mx\/internacionalizacion\/index.php\/presentacion\/\"]}]},{\"@type\":\"ImageObject\",\"inLanguage\":\"es\",\"@id\":\"https:\/\/blogs.uninter.edu.mx\/internacionalizacion\/index.php\/presentacion\/#primaryimage\",\"url\":\"https:\/\/blogs.uninter.edu.mx\/internacionalizacion\/wp-content\/uploads\/2020\/06\/cropped-banner-worpres.jpg\",\"contentUrl\":\"https:\/\/blogs.uninter.edu.mx\/internacionalizacion\/wp-content\/uploads\/2020\/06\/cropped-banner-worpres.jpg\",\"width\":1020,\"height\":349},{\"@type\":\"BreadcrumbList\",\"@id\":\"https:\/\/blogs.uninter.edu.mx\/internacionalizacion\/index.php\/presentacion\/#breadcrumb\",\"itemListElement\":[{\"@type\":\"ListItem\",\"position\":1,\"name\":\"Portada\",\"item\":\"https:\/\/blogs.uninter.edu.mx\/internacionalizacion\/\"},{\"@type\":\"ListItem\",\"position\":2,\"name\":\"Presentaci\u00f3n\"}]},{\"@type\":\"WebSite\",\"@id\":\"https:\/\/blogs.uninter.edu.mx\/internacionalizacion\/#website\",\"url\":\"https:\/\/blogs.uninter.edu.mx\/internacionalizacion\/\",\"name\":\"Internacionalizaci\u00f3n UNINTER\",\"description\":\"\",\"potentialAction\":[{\"@type\":\"SearchAction\",\"target\":{\"@type\":\"EntryPoint\",\"urlTemplate\":\"https:\/\/blogs.uninter.edu.mx\/internacionalizacion\/?s={search_term_string}\"},\"query-input\":{\"@type\":\"PropertyValueSpecification\",\"valueRequired\":true,\"valueName\":\"search_term_string\"}}],\"inLanguage\":\"es\"}]}<\/script>\r\n<!-- \/ Yoast SEO plugin. -->","yoast_head_json":{"title":"Presentaci\u00f3n - Internacionalizaci\u00f3n UNINTER","robots":{"index":"index","follow":"follow","max-snippet":"max-snippet:-1","max-image-preview":"max-image-preview:large","max-video-preview":"max-video-preview:-1"},"canonical":"https:\/\/blogs.uninter.edu.mx\/internacionalizacion\/index.php\/presentacion\/","og_locale":"es_ES","og_type":"article","og_title":"Presentaci\u00f3n - Internacionalizaci\u00f3n UNINTER","og_description":"La Universidad Internacional est\u00e1 comprometida con la internacionalizaci\u00f3n, la cooperaci\u00f3n internacional, la movilidad estudiantil y la sensibilidad cultural. Damos la bienvenida a visitantes internacionales y nos esforzamos por colaborar con instituciones educativas, empresas, gobiernos, fundaciones, benefactores y ex alumnos de todo el mundo para enriquecer la ense\u00f1anza y garantizar programas sobresalientes a la comunidad estudiantil.&hellip;","og_url":"https:\/\/blogs.uninter.edu.mx\/internacionalizacion\/index.php\/presentacion\/","og_site_name":"Internacionalizaci\u00f3n UNINTER","article_modified_time":"2021-11-24T21:34:58+00:00","og_image":[{"url":"https:\/\/blogs.uninter.edu.mx\/internacionalizacion\/wp-content\/uploads\/2020\/06\/cropped-banner-worpres.jpg","type":"","width":"","height":""}],"twitter_card":"summary_large_image","twitter_misc":{"Tiempo de lectura":"1 minuto"},"schema":{"@context":"https:\/\/schema.org","@graph":[{"@type":"WebPage","@id":"https:\/\/blogs.uninter.edu.mx\/internacionalizacion\/index.php\/presentacion\/","url":"https:\/\/blogs.uninter.edu.mx\/internacionalizacion\/index.php\/presentacion\/","name":"Presentaci\u00f3n - Internacionalizaci\u00f3n UNINTER","isPartOf":{"@id":"https:\/\/blogs.uninter.edu.mx\/internacionalizacion\/#website"},"primaryImageOfPage":{"@id":"https:\/\/blogs.uninter.edu.mx\/internacionalizacion\/index.php\/presentacion\/#primaryimage"},"image":{"@id":"https:\/\/blogs.uninter.edu.mx\/internacionalizacion\/index.php\/presentacion\/#primaryimage"},"thumbnailUrl":"https:\/\/blogs.uninter.edu.mx\/internacionalizacion\/wp-content\/uploads\/2020\/06\/cropped-banner-worpres.jpg","datePublished":"2020-06-01T19:30:00+00:00","dateModified":"2021-11-24T21:34:58+00:00","breadcrumb":{"@id":"https:\/\/blogs.uninter.edu.mx\/internacionalizacion\/index.php\/presentacion\/#breadcrumb"},"inLanguage":"es","potentialAction":[{"@type":"ReadAction","target":["https:\/\/blogs.uninter.edu.mx\/internacionalizacion\/index.php\/presentacion\/"]}]},{"@type":"ImageObject","inLanguage":"es","@id":"https:\/\/blogs.uninter.edu.mx\/internacionalizacion\/index.php\/presentacion\/#primaryimage","url":"https:\/\/blogs.uninter.edu.mx\/internacionalizacion\/wp-content\/uploads\/2020\/06\/cropped-banner-worpres.jpg","contentUrl":"https:\/\/blogs.uninter.edu.mx\/internacionalizacion\/wp-content\/uploads\/2020\/06\/cropped-banner-worpres.jpg","width":1020,"height":349},{"@type":"BreadcrumbList","@id":"https:\/\/blogs.uninter.edu.mx\/internacionalizacion\/index.php\/presentacion\/#breadcrumb","itemListElement":[{"@type":"ListItem","position":1,"name":"Portada","item":"https:\/\/blogs.uninter.edu.mx\/internacionalizacion\/"},{"@type":"ListItem","position":2,"name":"Presentaci\u00f3n"}]},{"@type":"WebSite","@id":"https:\/\/blogs.uninter.edu.mx\/internacionalizacion\/#website","url":"https:\/\/blogs.uninter.edu.mx\/internacionalizacion\/","name":"Internacionalizaci\u00f3n UNINTER","description":"","potentialAction":[{"@type":"SearchAction","target":{"@type":"EntryPoint","urlTemplate":"https:\/\/blogs.uninter.edu.mx\/internacionalizacion\/?s={search_term_string}"},"query-input":{"@type":"PropertyValueSpecification","valueRequired":true,"valueName":"search_term_string"}}],"inLanguage":"es"}]}},"_links":{"self":[{"href":"https:\/\/blogs.uninter.edu.mx\/internacionalizacion\/index.php\/wp-json\/wp\/v2\/pages\/11","targetHints":{"allow":["GET"]}}],"collection":[{"href":"https:\/\/blogs.uninter.edu.mx\/internacionalizacion\/index.php\/wp-json\/wp\/v2\/pages"}],"about":[{"href":"https:\/\/blogs.uninter.edu.mx\/internacionalizacion\/index.php\/wp-json\/wp\/v2\/types\/page"}],"author":[{"embeddable":true,"href":"https:\/\/blogs.uninter.edu.mx\/internacionalizacion\/index.php\/wp-json\/wp\/v2\/users\/4"}],"replies":[{"embeddable":true,"href":"https:\/\/blogs.uninter.edu.mx\/internacionalizacion\/index.php\/wp-json\/wp\/v2\/comments?post=11"}],"version-history":[{"count":4,"href":"https:\/\/blogs.uninter.edu.mx\/internacionalizacion\/index.php\/wp-json\/wp\/v2\/pages\/11\/revisions"}],"predecessor-version":[{"id":763,"href":"https:\/\/blogs.uninter.edu.mx\/internacionalizacion\/index.php\/wp-json\/wp\/v2\/pages\/11\/revisions\/763"}],"wp:attachment":[{"href":"https:\/\/blogs.uninter.edu.mx\/internacionalizacion\/index.php\/wp-json\/wp\/v2\/media?parent=11"}],"curies":[{"name":"wp","href":"https:\/\/api.w.org\/{rel}","templated":true}]}}