{"id":72,"date":"2020-06-03T17:10:18","date_gmt":"2020-06-03T15:10:18","guid":{"rendered":"https:\/\/blogs.uninter.edu.mx\/internacionalizacion\/?page_id=72"},"modified":"2022-06-27T16:41:11","modified_gmt":"2022-06-27T14:41:11","slug":"contactanos","status":"publish","type":"page","link":"https:\/\/blogs.uninter.edu.mx\/internacionalizacion\/index.php\/contactanos\/","title":{"rendered":"Cont\u00e1ctanos"},"content":{"rendered":"\n<p class=\"has-medium-font-size\"><span class=\"has-inline-color has-vivid-cyan-blue-color\"><strong>Para informaci\u00f3n general, sugerencias y comentarios escr\u00edbenos o comun\u00edcate con nosotros:<\/strong><\/span><\/p>\n\n\n\n<p class=\"has-medium-font-size\"><span class=\"has-inline-color has-vivid-cyan-blue-color\"><strong>Correo electr\u00f3nico      <\/strong>                                                                                                                                                                       <\/span><\/p>\n\n\n\n<p><span class=\"has-inline-color has-vivid-cyan-blue-color\">internacionalizacion@uninter.edu.mx <\/span><\/p>\n\n\n\n<p class=\"has-medium-font-size\"><strong><span class=\"has-inline-color has-vivid-cyan-blue-color\">Tel\u00e9fono <\/span><\/strong><\/p>\n\n\n\n<p><span class=\"has-inline-color has-vivid-cyan-blue-color\">+52 777 317 1087 extensi\u00f3n 210<\/span><\/p>\n\n\n\n<p class=\"has-medium-font-size\"><strong><span class=\"has-inline-color has-vivid-cyan-blue-color\">Direcci\u00f3n<\/span><\/strong><\/p>\n\n\n\n<p><span class=\"has-inline-color has-vivid-cyan-blue-color\">San Jer\u00f3nimo No. 304, Col. San Jer\u00f3nimo<\/span><\/p>\n\n\n\n<p><span class=\"has-inline-color has-vivid-cyan-blue-color\">C.P. 62179<\/span><\/p>\n\n\n\n<p><span class=\"has-inline-color has-vivid-cyan-blue-color\">Cuernavaca, Morelos, M\u00e9xico.<\/span><\/p>\n\n\n\n<p><\/p>\n","protected":false},"excerpt":{"rendered":"<p>Para informaci\u00f3n general, sugerencias y comentarios escr\u00edbenos o comun\u00edcate con nosotros: Correo electr\u00f3nico internacionalizacion@uninter.edu.mx Tel\u00e9fono +52 777 317 1087 extensi\u00f3n 210 Direcci\u00f3n San Jer\u00f3nimo No. 304, Col. San Jer\u00f3nimo C.P. 62179 Cuernavaca, Morelos, M\u00e9xico.<\/p>\n","protected":false},"author":4,"featured_media":0,"parent":0,"menu_order":0,"comment_status":"closed","ping_status":"closed","template":"","meta":{"footnotes":""},"class_list":["post-72","page","type-page","status-publish","hentry"],"yoast_head":"<!-- This site is optimized with the Yoast SEO plugin v26.6 - https:\/\/yoast.com\/wordpress\/plugins\/seo\/ -->\r\n<title>Cont\u00e1ctanos - Internacionalizaci\u00f3n UNINTER<\/title>\r\n<meta name=\"robots\" content=\"index, follow, max-snippet:-1, max-image-preview:large, max-video-preview:-1\" \/>\r\n<link rel=\"canonical\" href=\"https:\/\/blogs.uninter.edu.mx\/internacionalizacion\/index.php\/contactanos\/\" \/>\r\n<meta property=\"og:locale\" content=\"es_ES\" \/>\r\n<meta property=\"og:type\" content=\"article\" \/>\r\n<meta property=\"og:title\" content=\"Cont\u00e1ctanos - Internacionalizaci\u00f3n UNINTER\" \/>\r\n<meta property=\"og:description\" content=\"Para informaci\u00f3n general, sugerencias y comentarios escr\u00edbenos o comun\u00edcate con nosotros: Correo electr\u00f3nico internacionalizacion@uninter.edu.mx Tel\u00e9fono +52 777 317 1087 extensi\u00f3n 210 Direcci\u00f3n San Jer\u00f3nimo No. 304, Col. San Jer\u00f3nimo C.P. 62179 Cuernavaca, Morelos, M\u00e9xico.\" \/>\r\n<meta property=\"og:url\" content=\"https:\/\/blogs.uninter.edu.mx\/internacionalizacion\/index.php\/contactanos\/\" \/>\r\n<meta property=\"og:site_name\" content=\"Internacionalizaci\u00f3n UNINTER\" \/>\r\n<meta property=\"article:modified_time\" content=\"2022-06-27T14:41:11+00:00\" \/>\r\n<meta name=\"twitter:card\" content=\"summary_large_image\" \/>\r\n<meta name=\"twitter:label1\" content=\"Tiempo de lectura\" \/>\n\t<meta name=\"twitter:data1\" content=\"1 minuto\" \/>\r\n<script type=\"application\/ld+json\" class=\"yoast-schema-graph\">{\"@context\":\"https:\/\/schema.org\",\"@graph\":[{\"@type\":\"WebPage\",\"@id\":\"https:\/\/blogs.uninter.edu.mx\/internacionalizacion\/index.php\/contactanos\/\",\"url\":\"https:\/\/blogs.uninter.edu.mx\/internacionalizacion\/index.php\/contactanos\/\",\"name\":\"Cont\u00e1ctanos - Internacionalizaci\u00f3n UNINTER\",\"isPartOf\":{\"@id\":\"https:\/\/blogs.uninter.edu.mx\/internacionalizacion\/#website\"},\"datePublished\":\"2020-06-03T15:10:18+00:00\",\"dateModified\":\"2022-06-27T14:41:11+00:00\",\"breadcrumb\":{\"@id\":\"https:\/\/blogs.uninter.edu.mx\/internacionalizacion\/index.php\/contactanos\/#breadcrumb\"},\"inLanguage\":\"es\",\"potentialAction\":[{\"@type\":\"ReadAction\",\"target\":[\"https:\/\/blogs.uninter.edu.mx\/internacionalizacion\/index.php\/contactanos\/\"]}]},{\"@type\":\"BreadcrumbList\",\"@id\":\"https:\/\/blogs.uninter.edu.mx\/internacionalizacion\/index.php\/contactanos\/#breadcrumb\",\"itemListElement\":[{\"@type\":\"ListItem\",\"position\":1,\"name\":\"Portada\",\"item\":\"https:\/\/blogs.uninter.edu.mx\/internacionalizacion\/\"},{\"@type\":\"ListItem\",\"position\":2,\"name\":\"Cont\u00e1ctanos\"}]},{\"@type\":\"WebSite\",\"@id\":\"https:\/\/blogs.uninter.edu.mx\/internacionalizacion\/#website\",\"url\":\"https:\/\/blogs.uninter.edu.mx\/internacionalizacion\/\",\"name\":\"Internacionalizaci\u00f3n UNINTER\",\"description\":\"\",\"potentialAction\":[{\"@type\":\"SearchAction\",\"target\":{\"@type\":\"EntryPoint\",\"urlTemplate\":\"https:\/\/blogs.uninter.edu.mx\/internacionalizacion\/?s={search_term_string}\"},\"query-input\":{\"@type\":\"PropertyValueSpecification\",\"valueRequired\":true,\"valueName\":\"search_term_string\"}}],\"inLanguage\":\"es\"}]}<\/script>\r\n<!-- \/ Yoast SEO plugin. -->","yoast_head_json":{"title":"Cont\u00e1ctanos - Internacionalizaci\u00f3n UNINTER","robots":{"index":"index","follow":"follow","max-snippet":"max-snippet:-1","max-image-preview":"max-image-preview:large","max-video-preview":"max-video-preview:-1"},"canonical":"https:\/\/blogs.uninter.edu.mx\/internacionalizacion\/index.php\/contactanos\/","og_locale":"es_ES","og_type":"article","og_title":"Cont\u00e1ctanos - Internacionalizaci\u00f3n UNINTER","og_description":"Para informaci\u00f3n general, sugerencias y comentarios escr\u00edbenos o comun\u00edcate con nosotros: Correo electr\u00f3nico internacionalizacion@uninter.edu.mx Tel\u00e9fono +52 777 317 1087 extensi\u00f3n 210 Direcci\u00f3n San Jer\u00f3nimo No. 304, Col. San Jer\u00f3nimo C.P. 62179 Cuernavaca, Morelos, M\u00e9xico.","og_url":"https:\/\/blogs.uninter.edu.mx\/internacionalizacion\/index.php\/contactanos\/","og_site_name":"Internacionalizaci\u00f3n UNINTER","article_modified_time":"2022-06-27T14:41:11+00:00","twitter_card":"summary_large_image","twitter_misc":{"Tiempo de lectura":"1 minuto"},"schema":{"@context":"https:\/\/schema.org","@graph":[{"@type":"WebPage","@id":"https:\/\/blogs.uninter.edu.mx\/internacionalizacion\/index.php\/contactanos\/","url":"https:\/\/blogs.uninter.edu.mx\/internacionalizacion\/index.php\/contactanos\/","name":"Cont\u00e1ctanos - Internacionalizaci\u00f3n UNINTER","isPartOf":{"@id":"https:\/\/blogs.uninter.edu.mx\/internacionalizacion\/#website"},"datePublished":"2020-06-03T15:10:18+00:00","dateModified":"2022-06-27T14:41:11+00:00","breadcrumb":{"@id":"https:\/\/blogs.uninter.edu.mx\/internacionalizacion\/index.php\/contactanos\/#breadcrumb"},"inLanguage":"es","potentialAction":[{"@type":"ReadAction","target":["https:\/\/blogs.uninter.edu.mx\/internacionalizacion\/index.php\/contactanos\/"]}]},{"@type":"BreadcrumbList","@id":"https:\/\/blogs.uninter.edu.mx\/internacionalizacion\/index.php\/contactanos\/#breadcrumb","itemListElement":[{"@type":"ListItem","position":1,"name":"Portada","item":"https:\/\/blogs.uninter.edu.mx\/internacionalizacion\/"},{"@type":"ListItem","position":2,"name":"Cont\u00e1ctanos"}]},{"@type":"WebSite","@id":"https:\/\/blogs.uninter.edu.mx\/internacionalizacion\/#website","url":"https:\/\/blogs.uninter.edu.mx\/internacionalizacion\/","name":"Internacionalizaci\u00f3n UNINTER","description":"","potentialAction":[{"@type":"SearchAction","target":{"@type":"EntryPoint","urlTemplate":"https:\/\/blogs.uninter.edu.mx\/internacionalizacion\/?s={search_term_string}"},"query-input":{"@type":"PropertyValueSpecification","valueRequired":true,"valueName":"search_term_string"}}],"inLanguage":"es"}]}},"_links":{"self":[{"href":"https:\/\/blogs.uninter.edu.mx\/internacionalizacion\/index.php\/wp-json\/wp\/v2\/pages\/72","targetHints":{"allow":["GET"]}}],"collection":[{"href":"https:\/\/blogs.uninter.edu.mx\/internacionalizacion\/index.php\/wp-json\/wp\/v2\/pages"}],"about":[{"href":"https:\/\/blogs.uninter.edu.mx\/internacionalizacion\/index.php\/wp-json\/wp\/v2\/types\/page"}],"author":[{"embeddable":true,"href":"https:\/\/blogs.uninter.edu.mx\/internacionalizacion\/index.php\/wp-json\/wp\/v2\/users\/4"}],"replies":[{"embeddable":true,"href":"https:\/\/blogs.uninter.edu.mx\/internacionalizacion\/index.php\/wp-json\/wp\/v2\/comments?post=72"}],"version-history":[{"count":5,"href":"https:\/\/blogs.uninter.edu.mx\/internacionalizacion\/index.php\/wp-json\/wp\/v2\/pages\/72\/revisions"}],"predecessor-version":[{"id":1403,"href":"https:\/\/blogs.uninter.edu.mx\/internacionalizacion\/index.php\/wp-json\/wp\/v2\/pages\/72\/revisions\/1403"}],"wp:attachment":[{"href":"https:\/\/blogs.uninter.edu.mx\/internacionalizacion\/index.php\/wp-json\/wp\/v2\/media?parent=72"}],"curies":[{"name":"wp","href":"https:\/\/api.w.org\/{rel}","templated":true}]}}