{"id":985,"date":"2022-04-27T16:30:33","date_gmt":"2022-04-27T14:30:33","guid":{"rendered":"https:\/\/blogs.uninter.edu.mx\/internacionalizacion\/?page_id=985"},"modified":"2022-09-19T17:10:56","modified_gmt":"2022-09-19T15:10:56","slug":"intercambios-academicos","status":"publish","type":"page","link":"https:\/\/blogs.uninter.edu.mx\/internacionalizacion\/index.php\/intercambios-academicos\/","title":{"rendered":"Intercambios Acad\u00e9micos"},"content":{"rendered":"\n<h2 class=\"wp-block-heading\">\u00bfQu\u00e9 son los Intercambios Acad\u00e9micos?<\/h2>\n\n\n\n<p>Los Intercambios Acad\u00e9micos en la <a href=\"https:\/\/uninter.edu.mx\/\" target=\"_blank\" rel=\"noreferrer noopener\">Universidad Internacional UNINTER<\/a> son programas de movilidad que permiten a los estudiantes cursar desde un semestre hasta un a\u00f1o acad\u00e9mico con alguna de nuestras universidades socias en M\u00e9xico o alrededor del mundo.Es por esto que nuestros estudiantes pueden acceder a estas universidades y cursar asignaturas para revalidar con las de su programa acad\u00e9mico en UNINTER.<\/p>\n\n\n\n<p>Adem\u00e1s, los convenios con nuestros socios excentan de pago de matriculaci\u00f3n a nuestros estudiantes en cualquiera de estas instituciones. Durante sus intercambios acad\u00e9micos, nuestros estudiantes cubren su matriculaci\u00f3n en UNINTER conservando su porcentaje de beca. En otras palabras, es como si UNINTER tuviera sucursuales en distintas partes del mundo.<\/p>\n\n\n\n<p>La Universidad Internacional UNINTER ofrece a trav\u00e9s de su Departamento de Internacionalizaci\u00f3n distintos programas de Intercambios Acad\u00e9micos con m\u00e1s de 100 universidades en M\u00e9xico y alrededor del mundo.<\/p>\n\n\n\n<p><strong><span style=\"text-decoration: underline;\">Conoce los destinos de intercambio internacional que tenenos para ti <\/span><\/strong>aqui.<\/p>\n\n\n\n<pre class=\"wp-block-code\"><code><\/code><\/pre>\n\n\n\n<iframe loading=\"lazy\" src=\"https:\/\/uninter.edu.mx\/intercambios\/\" style=\"border:0px #ffffff none;\" name=\"intercambios\" scrolling=\"yes\" frameborder=\"1\" marginheight=\"0px\" marginwidth=\"0px\" height=\"400px\" width=\"100%\" allowfullscreen><\/iframe>\n\n\n\n<p><strong><span style=\"text-decoration: underline;\">Si est\u00e1s interesado en venir a estudiar a UNINTER como estudiante visitante o de intercambio da click <a href=\"https:\/\/blogs.uninter.edu.mx\/internacionalizacion\/index.php\/ven-a-estudiar-en-uninter\/\">aqui<\/a><\/span><\/strong><\/p>\n\n\n\n<p><\/p>\n\n\n\n<h2 class=\"wp-block-heading\">Intercambios Acad\u00e9micos Internacionales<\/h2>\n\n\n\n<p>Actualmente, UNINTER cuenta con m\u00e1s de 90 universidades socias en m\u00e1s de 30 pa\u00edses extranjeros a las cuales nuestros estudiantes pueden solicitar su intercambio por periodos desde un semestre hasta un a\u00f1o acad\u00e9mico. Al cursar asignaturas en alguna de estas universidades, nuestros estudiantes reciben cr\u00e9ditos acad\u00e9micos y la opci\u00f3n de revalidarlas con su plan de estudios en UNINTER.<\/p>\n\n\n\n<div class=\"wp-block-group\"><div class=\"wp-block-group__inner-container is-layout-flow wp-block-group-is-layout-flow\">\n<div class=\"wp-block-jetpack-slideshow aligncenter\" data-effect=\"slide\"><div class=\"wp-block-jetpack-slideshow_container swiper-container\"><ul class=\"wp-block-jetpack-slideshow_swiper-wrapper swiper-wrapper\"><li class=\"wp-block-jetpack-slideshow_slide swiper-slide\"><figure><img loading=\"lazy\" decoding=\"async\" width=\"511\" height=\"512\" alt=\"Aliados en Am\u00e9rica\" class=\"wp-block-jetpack-slideshow_image wp-image-1024\" data-id=\"1024\" src=\"https:\/\/blogs.uninter.edu.mx\/internacionalizacion\/wp-content\/uploads\/2022\/05\/Mov.-INTL-1.jpg\"\/><figcaption class=\"wp-block-jetpack-slideshow_caption gallery-caption\">Aliados en \u00c1merica<\/figcaption><\/figure><\/li><li class=\"wp-block-jetpack-slideshow_slide swiper-slide\"><figure><img loading=\"lazy\" decoding=\"async\" width=\"481\" height=\"512\" alt=\"Aliados en \u00c1frica, \u00c1sia y Europa\" class=\"wp-block-jetpack-slideshow_image wp-image-1025\" data-id=\"1025\" src=\"https:\/\/blogs.uninter.edu.mx\/internacionalizacion\/wp-content\/uploads\/2022\/05\/Mov.-INTL-2.png\"\/><figcaption class=\"wp-block-jetpack-slideshow_caption gallery-caption\">Aliados en \u00c1frica, As\u00eda y Europa<\/figcaption><\/figure><\/li><\/ul><a class=\"wp-block-jetpack-slideshow_button-prev swiper-button-prev swiper-button-white\" role=\"button\"><\/a><a class=\"wp-block-jetpack-slideshow_button-next swiper-button-next swiper-button-white\" role=\"button\"><\/a><a aria-label=\"Pause Slideshow\" class=\"wp-block-jetpack-slideshow_button-pause\" role=\"button\"><\/a><div class=\"wp-block-jetpack-slideshow_pagination swiper-pagination swiper-pagination-white\"><\/div><\/div><\/div>\n<\/div><\/div>\n\n\n\n<figure class=\"wp-block-embed is-type-video is-provider-youtube wp-block-embed-youtube wp-embed-aspect-16-9 wp-has-aspect-ratio\"><div class=\"wp-block-embed__wrapper\">\n<iframe loading=\"lazy\" title=\"Mi experiencia en Canad\u00e1 - Okanagan College, Mariana Villa\" width=\"700\" height=\"394\" src=\"https:\/\/www.youtube.com\/embed\/cMCPai5H2rQ?feature=oembed\" frameborder=\"0\" allow=\"accelerometer; autoplay; clipboard-write; encrypted-media; gyroscope; picture-in-picture\" allowfullscreen><\/iframe>\n<\/div><\/figure>\n\n\n\n<h2 class=\"wp-block-heading\">Intercambios Acad\u00e9micos SUMA<\/h2>\n\n\n\n<h2 class=\"wp-block-heading\"> \u00bfQu\u00e9 es SUMA? <\/h2>\n\n\n\n<p class=\"has-text-align-left\">El <a href=\"https:\/\/sites.google.com\/uvaq.edu.mx\/sumafimpes\/inicio\">Sistema Universitario para la Movilidad Acad\u00e9mica (SUMA)<\/a> es un programa de la Presidencia de la <a href=\"https:\/\/www.fimpes.org.mx\/\" target=\"_blank\" rel=\"noreferrer noopener\">Federaci\u00f3n de Instituciones&nbsp;Mexicanas Particulares de Educaci\u00f3n Superior (FIMPES)<\/a>&nbsp;conformado por un grupo de Instituciones&nbsp;de Educaci\u00f3n Superior (IES) particulares con acreditaci\u00f3n de la FIMPES que unen sus esfuerzos en materia de movilidad acad\u00e9mica. As\u00ed, SUMA permite el tr\u00e1nsito de estudiantes, entre sus IES afiliadas, con un prop\u00f3sito acad\u00e9mico y cultural.<\/p>\n\n\n\n<div class=\"wp-block-jetpack-slideshow aligncenter\" data-effect=\"slide\"><div class=\"wp-block-jetpack-slideshow_container swiper-container\"><ul class=\"wp-block-jetpack-slideshow_swiper-wrapper swiper-wrapper\"><li class=\"wp-block-jetpack-slideshow_slide swiper-slide\"><figure><img loading=\"lazy\" decoding=\"async\" width=\"2348\" height=\"1231\" alt=\"Intercambios Acad\u00e9micos SUMA en M\u00e9xico\" class=\"wp-block-jetpack-slideshow_image wp-image-1023\" data-id=\"1023\" src=\"https:\/\/blogs.uninter.edu.mx\/internacionalizacion\/wp-content\/uploads\/2022\/05\/MAPA-SUMA.jpg\"\/><figcaption class=\"wp-block-jetpack-slideshow_caption gallery-caption\">Intercambios Acad\u00e9micos SUMA<\/figcaption><\/figure><\/li><li class=\"wp-block-jetpack-slideshow_slide swiper-slide\"><figure><img loading=\"lazy\" decoding=\"async\" width=\"800\" height=\"800\" alt=\"Universidades Aliadas SUMA\" class=\"wp-block-jetpack-slideshow_image wp-image-1022\" data-id=\"1022\" src=\"https:\/\/blogs.uninter.edu.mx\/internacionalizacion\/wp-content\/uploads\/2022\/05\/SUMA.png\"\/><figcaption class=\"wp-block-jetpack-slideshow_caption gallery-caption\">Universidades Aliadas SUMA<\/figcaption><\/figure><\/li><\/ul><a class=\"wp-block-jetpack-slideshow_button-prev swiper-button-prev swiper-button-white\" role=\"button\"><\/a><a class=\"wp-block-jetpack-slideshow_button-next swiper-button-next swiper-button-white\" role=\"button\"><\/a><a aria-label=\"Pause Slideshow\" class=\"wp-block-jetpack-slideshow_button-pause\" role=\"button\"><\/a><div class=\"wp-block-jetpack-slideshow_pagination swiper-pagination swiper-pagination-white\"><\/div><\/div><\/div>\n\n\n\n<figure class=\"wp-block-embed is-type-video is-provider-youtube wp-block-embed-youtube wp-embed-aspect-16-9 wp-has-aspect-ratio\"><div class=\"wp-block-embed__wrapper\">\n<iframe loading=\"lazy\" title=\"VIDEO FINAL INTERCAMBIO\" width=\"700\" height=\"394\" src=\"https:\/\/www.youtube.com\/embed\/psiN1ceM87s?feature=oembed\" frameborder=\"0\" allow=\"accelerometer; autoplay; clipboard-write; encrypted-media; gyroscope; picture-in-picture\" allowfullscreen><\/iframe>\n<\/div><\/figure>\n\n\n\n<h2 class=\"wp-block-heading\">Destinos<\/h2>\n\n\n\n<p> <strong><span style=\"text-decoration: underline;\">Si deseas conocer los destinos de intercambio nacional SUMA que tenenos para ti da click <a href=\"https:\/\/blogs.uninter.edu.mx\/internacionalizacion\/index.php\/quiero-irme-de-intercambio-academico\/\">aqui<\/a>.<\/span><\/strong><\/p>\n\n\n\n<p><strong><span style=\"text-decoration: underline;\">Si est\u00e1s interesado en venir a estudiar a UNINTER como estudiante de intercambio nacional SUMA da click <a href=\"https:\/\/blogs.uninter.edu.mx\/internacionalizacion\/index.php\/ven-a-estudiar-en-uninter\/\">aqui<\/a><\/span><\/strong>. <\/p>\n","protected":false},"excerpt":{"rendered":"<p>\u00bfQu\u00e9 son los Intercambios Acad\u00e9micos? Los Intercambios Acad\u00e9micos en la Universidad Internacional UNINTER son programas de movilidad que permiten a los estudiantes cursar desde un semestre hasta un a\u00f1o acad\u00e9mico con alguna de nuestras universidades socias en M\u00e9xico o alrededor del mundo.Es por esto que nuestros estudiantes pueden acceder a estas universidades y cursar asignaturas&hellip;<\/p>\n","protected":false},"author":4,"featured_media":0,"parent":0,"menu_order":0,"comment_status":"closed","ping_status":"closed","template":"","meta":{"footnotes":""},"class_list":["post-985","page","type-page","status-publish","hentry"],"yoast_head":"<!-- This site is optimized with the Yoast SEO plugin v26.6 - https:\/\/yoast.com\/wordpress\/plugins\/seo\/ -->\r\n<title>Intercambios Acad\u00e9micos - Internacionalizaci\u00f3n UNINTER<\/title>\r\n<meta name=\"description\" content=\"Conoce nuestros programas de Intercambios Acad\u00e9micos UNINTER y vive una experiencia \u00fanica viajando a alguna de nuestras universidades aliadas\" \/>\r\n<meta name=\"robots\" content=\"index, follow, max-snippet:-1, max-image-preview:large, max-video-preview:-1\" \/>\r\n<link rel=\"canonical\" href=\"https:\/\/blogs.uninter.edu.mx\/internacionalizacion\/index.php\/intercambios-academicos\/\" \/>\r\n<meta property=\"og:locale\" content=\"es_ES\" \/>\r\n<meta property=\"og:type\" content=\"article\" \/>\r\n<meta property=\"og:title\" content=\"Intercambios Acad\u00e9micos - Internacionalizaci\u00f3n UNINTER\" \/>\r\n<meta property=\"og:description\" content=\"Conoce nuestros programas de Intercambios Acad\u00e9micos UNINTER y vive una experiencia \u00fanica viajando a alguna de nuestras universidades aliadas\" \/>\r\n<meta property=\"og:url\" content=\"https:\/\/blogs.uninter.edu.mx\/internacionalizacion\/index.php\/intercambios-academicos\/\" \/>\r\n<meta property=\"og:site_name\" content=\"Internacionalizaci\u00f3n UNINTER\" \/>\r\n<meta property=\"article:modified_time\" content=\"2022-09-19T15:10:56+00:00\" \/>\r\n<meta property=\"og:image\" content=\"https:\/\/blogs.uninter.edu.mx\/internacionalizacion\/wp-content\/uploads\/2022\/05\/Mov.-INTL-1.jpg\" \/>\r\n<meta name=\"twitter:card\" content=\"summary_large_image\" \/>\r\n<meta name=\"twitter:label1\" content=\"Tiempo de lectura\" \/>\n\t<meta name=\"twitter:data1\" content=\"3 minutos\" \/>\r\n<script type=\"application\/ld+json\" class=\"yoast-schema-graph\">{\"@context\":\"https:\/\/schema.org\",\"@graph\":[{\"@type\":\"WebPage\",\"@id\":\"https:\/\/blogs.uninter.edu.mx\/internacionalizacion\/index.php\/intercambios-academicos\/\",\"url\":\"https:\/\/blogs.uninter.edu.mx\/internacionalizacion\/index.php\/intercambios-academicos\/\",\"name\":\"Intercambios Acad\u00e9micos - Internacionalizaci\u00f3n UNINTER\",\"isPartOf\":{\"@id\":\"https:\/\/blogs.uninter.edu.mx\/internacionalizacion\/#website\"},\"primaryImageOfPage\":{\"@id\":\"https:\/\/blogs.uninter.edu.mx\/internacionalizacion\/index.php\/intercambios-academicos\/#primaryimage\"},\"image\":{\"@id\":\"https:\/\/blogs.uninter.edu.mx\/internacionalizacion\/index.php\/intercambios-academicos\/#primaryimage\"},\"thumbnailUrl\":\"https:\/\/blogs.uninter.edu.mx\/internacionalizacion\/wp-content\/uploads\/2022\/05\/Mov.-INTL-1.jpg\",\"datePublished\":\"2022-04-27T14:30:33+00:00\",\"dateModified\":\"2022-09-19T15:10:56+00:00\",\"description\":\"Conoce nuestros programas de Intercambios Acad\u00e9micos UNINTER y vive una experiencia \u00fanica viajando a alguna de nuestras universidades aliadas\",\"breadcrumb\":{\"@id\":\"https:\/\/blogs.uninter.edu.mx\/internacionalizacion\/index.php\/intercambios-academicos\/#breadcrumb\"},\"inLanguage\":\"es\",\"potentialAction\":[{\"@type\":\"ReadAction\",\"target\":[\"https:\/\/blogs.uninter.edu.mx\/internacionalizacion\/index.php\/intercambios-academicos\/\"]}]},{\"@type\":\"ImageObject\",\"inLanguage\":\"es\",\"@id\":\"https:\/\/blogs.uninter.edu.mx\/internacionalizacion\/index.php\/intercambios-academicos\/#primaryimage\",\"url\":\"https:\/\/blogs.uninter.edu.mx\/internacionalizacion\/wp-content\/uploads\/2022\/05\/Mov.-INTL-1.jpg\",\"contentUrl\":\"https:\/\/blogs.uninter.edu.mx\/internacionalizacion\/wp-content\/uploads\/2022\/05\/Mov.-INTL-1.jpg\",\"width\":511,\"height\":512,\"caption\":\"Aliados en Am\u00e9rica\"},{\"@type\":\"BreadcrumbList\",\"@id\":\"https:\/\/blogs.uninter.edu.mx\/internacionalizacion\/index.php\/intercambios-academicos\/#breadcrumb\",\"itemListElement\":[{\"@type\":\"ListItem\",\"position\":1,\"name\":\"Portada\",\"item\":\"https:\/\/blogs.uninter.edu.mx\/internacionalizacion\/\"},{\"@type\":\"ListItem\",\"position\":2,\"name\":\"Intercambios Acad\u00e9micos\"}]},{\"@type\":\"WebSite\",\"@id\":\"https:\/\/blogs.uninter.edu.mx\/internacionalizacion\/#website\",\"url\":\"https:\/\/blogs.uninter.edu.mx\/internacionalizacion\/\",\"name\":\"Internacionalizaci\u00f3n UNINTER\",\"description\":\"\",\"potentialAction\":[{\"@type\":\"SearchAction\",\"target\":{\"@type\":\"EntryPoint\",\"urlTemplate\":\"https:\/\/blogs.uninter.edu.mx\/internacionalizacion\/?s={search_term_string}\"},\"query-input\":{\"@type\":\"PropertyValueSpecification\",\"valueRequired\":true,\"valueName\":\"search_term_string\"}}],\"inLanguage\":\"es\"}]}<\/script>\r\n<!-- \/ Yoast SEO plugin. -->","yoast_head_json":{"title":"Intercambios Acad\u00e9micos - Internacionalizaci\u00f3n UNINTER","description":"Conoce nuestros programas de Intercambios Acad\u00e9micos UNINTER y vive una experiencia \u00fanica viajando a alguna de nuestras universidades aliadas","robots":{"index":"index","follow":"follow","max-snippet":"max-snippet:-1","max-image-preview":"max-image-preview:large","max-video-preview":"max-video-preview:-1"},"canonical":"https:\/\/blogs.uninter.edu.mx\/internacionalizacion\/index.php\/intercambios-academicos\/","og_locale":"es_ES","og_type":"article","og_title":"Intercambios Acad\u00e9micos - Internacionalizaci\u00f3n UNINTER","og_description":"Conoce nuestros programas de Intercambios Acad\u00e9micos UNINTER y vive una experiencia \u00fanica viajando a alguna de nuestras universidades aliadas","og_url":"https:\/\/blogs.uninter.edu.mx\/internacionalizacion\/index.php\/intercambios-academicos\/","og_site_name":"Internacionalizaci\u00f3n UNINTER","article_modified_time":"2022-09-19T15:10:56+00:00","og_image":[{"url":"https:\/\/blogs.uninter.edu.mx\/internacionalizacion\/wp-content\/uploads\/2022\/05\/Mov.-INTL-1.jpg","type":"","width":"","height":""}],"twitter_card":"summary_large_image","twitter_misc":{"Tiempo de lectura":"3 minutos"},"schema":{"@context":"https:\/\/schema.org","@graph":[{"@type":"WebPage","@id":"https:\/\/blogs.uninter.edu.mx\/internacionalizacion\/index.php\/intercambios-academicos\/","url":"https:\/\/blogs.uninter.edu.mx\/internacionalizacion\/index.php\/intercambios-academicos\/","name":"Intercambios Acad\u00e9micos - Internacionalizaci\u00f3n UNINTER","isPartOf":{"@id":"https:\/\/blogs.uninter.edu.mx\/internacionalizacion\/#website"},"primaryImageOfPage":{"@id":"https:\/\/blogs.uninter.edu.mx\/internacionalizacion\/index.php\/intercambios-academicos\/#primaryimage"},"image":{"@id":"https:\/\/blogs.uninter.edu.mx\/internacionalizacion\/index.php\/intercambios-academicos\/#primaryimage"},"thumbnailUrl":"https:\/\/blogs.uninter.edu.mx\/internacionalizacion\/wp-content\/uploads\/2022\/05\/Mov.-INTL-1.jpg","datePublished":"2022-04-27T14:30:33+00:00","dateModified":"2022-09-19T15:10:56+00:00","description":"Conoce nuestros programas de Intercambios Acad\u00e9micos UNINTER y vive una experiencia \u00fanica viajando a alguna de nuestras universidades aliadas","breadcrumb":{"@id":"https:\/\/blogs.uninter.edu.mx\/internacionalizacion\/index.php\/intercambios-academicos\/#breadcrumb"},"inLanguage":"es","potentialAction":[{"@type":"ReadAction","target":["https:\/\/blogs.uninter.edu.mx\/internacionalizacion\/index.php\/intercambios-academicos\/"]}]},{"@type":"ImageObject","inLanguage":"es","@id":"https:\/\/blogs.uninter.edu.mx\/internacionalizacion\/index.php\/intercambios-academicos\/#primaryimage","url":"https:\/\/blogs.uninter.edu.mx\/internacionalizacion\/wp-content\/uploads\/2022\/05\/Mov.-INTL-1.jpg","contentUrl":"https:\/\/blogs.uninter.edu.mx\/internacionalizacion\/wp-content\/uploads\/2022\/05\/Mov.-INTL-1.jpg","width":511,"height":512,"caption":"Aliados en Am\u00e9rica"},{"@type":"BreadcrumbList","@id":"https:\/\/blogs.uninter.edu.mx\/internacionalizacion\/index.php\/intercambios-academicos\/#breadcrumb","itemListElement":[{"@type":"ListItem","position":1,"name":"Portada","item":"https:\/\/blogs.uninter.edu.mx\/internacionalizacion\/"},{"@type":"ListItem","position":2,"name":"Intercambios Acad\u00e9micos"}]},{"@type":"WebSite","@id":"https:\/\/blogs.uninter.edu.mx\/internacionalizacion\/#website","url":"https:\/\/blogs.uninter.edu.mx\/internacionalizacion\/","name":"Internacionalizaci\u00f3n UNINTER","description":"","potentialAction":[{"@type":"SearchAction","target":{"@type":"EntryPoint","urlTemplate":"https:\/\/blogs.uninter.edu.mx\/internacionalizacion\/?s={search_term_string}"},"query-input":{"@type":"PropertyValueSpecification","valueRequired":true,"valueName":"search_term_string"}}],"inLanguage":"es"}]}},"_links":{"self":[{"href":"https:\/\/blogs.uninter.edu.mx\/internacionalizacion\/index.php\/wp-json\/wp\/v2\/pages\/985","targetHints":{"allow":["GET"]}}],"collection":[{"href":"https:\/\/blogs.uninter.edu.mx\/internacionalizacion\/index.php\/wp-json\/wp\/v2\/pages"}],"about":[{"href":"https:\/\/blogs.uninter.edu.mx\/internacionalizacion\/index.php\/wp-json\/wp\/v2\/types\/page"}],"author":[{"embeddable":true,"href":"https:\/\/blogs.uninter.edu.mx\/internacionalizacion\/index.php\/wp-json\/wp\/v2\/users\/4"}],"replies":[{"embeddable":true,"href":"https:\/\/blogs.uninter.edu.mx\/internacionalizacion\/index.php\/wp-json\/wp\/v2\/comments?post=985"}],"version-history":[{"count":15,"href":"https:\/\/blogs.uninter.edu.mx\/internacionalizacion\/index.php\/wp-json\/wp\/v2\/pages\/985\/revisions"}],"predecessor-version":[{"id":1418,"href":"https:\/\/blogs.uninter.edu.mx\/internacionalizacion\/index.php\/wp-json\/wp\/v2\/pages\/985\/revisions\/1418"}],"wp:attachment":[{"href":"https:\/\/blogs.uninter.edu.mx\/internacionalizacion\/index.php\/wp-json\/wp\/v2\/media?parent=985"}],"curies":[{"name":"wp","href":"https:\/\/api.w.org\/{rel}","templated":true}]}}